{"id":5095,"date":"2025-11-03T08:10:31","date_gmt":"2025-11-03T08:10:31","guid":{"rendered":"https:\/\/www.mopskrasnystaw.pl\/?page_id=5095"},"modified":"2025-11-03T08:10:31","modified_gmt":"2025-11-03T08:10:31","slug":"informacja-dla-osob-zainteresowanych-opieka-dlugoterminowa","status":"publish","type":"page","link":"https:\/\/www.mopskrasnystaw.pl\/?page_id=5095","title":{"rendered":"Informacja dla os\u00f3b zainteresowanych opiek\u0105 d\u0142ugoterminow\u0105!"},"content":{"rendered":"\n<p>Decyzj\u0105 Dyrektora Miejskiego O\u015brodka Pomocy Spo\u0142ecznej w Krasnymstawie, zostaje wyd\u0142u\u017cony termin rekrutacji os\u00f3b zainteresowanych opiek\u0105 d\u0142ugoterminow\u0105 w ramach projektu: \u201e<strong>Pomocna D\u0142o\u0144 &#8211; us\u0142ugi zdrowotne dla os\u00f3b potrzebuj\u0105cych wsparcia z Miasta Krasnystaw<\/strong>\u201d <em>wsp\u00f3\u0142finansowanego ze \u015brodk\u00f3w Europejskiego Funduszu Spo\u0142ecznego Plus (EFS+) w ramach Programu Fundusze Europejskie dla Lubelskiego 2021-2027, w ramach Priorytetu VIII Zwi\u0119kszanie sp\u00f3jno\u015bci spo\u0142ecznej programu Fundusze Europejskie dla Lubelskiego, Dzia\u0142ania FELU.08.06 <\/em>Us\u0142ugi zdrowotne (typ projektu 2f).<\/p>\n\n\n\n<!--more-->\n\n\n\n<p><strong>Dokumenty zg\u0142oszeniowe do pobrania: <\/strong><a href=\"https:\/\/www.mopskrasnystaw.pl\/?page_id=5023\">https:\/\/www.mopskrasnystaw.pl\/?page_id=5023<\/a><\/p>\n\n\n\n<p>#FunduszeEuropejskie #FunduszeUE<\/p>\n\n\n\n<figure class=\"wp-block-image size-full\"><img loading=\"lazy\" width=\"844\" height=\"563\" src=\"https:\/\/www.mopskrasnystaw.pl\/wp-content\/uploads\/2025\/11\/obraz.png\" alt=\"\" class=\"wp-image-5096\" srcset=\"https:\/\/www.mopskrasnystaw.pl\/wp-content\/uploads\/2025\/11\/obraz.png 844w, https:\/\/www.mopskrasnystaw.pl\/wp-content\/uploads\/2025\/11\/obraz-300x200.png 300w, https:\/\/www.mopskrasnystaw.pl\/wp-content\/uploads\/2025\/11\/obraz-768x512.png 768w\" sizes=\"(max-width: 844px) 100vw, 844px\" \/><\/figure>\n","protected":false},"excerpt":{"rendered":"<p>Decyzj\u0105 Dyrektora Miejskiego O\u015brodka Pomocy Spo\u0142ecznej w Krasnymstawie, zostaje wyd\u0142u\u017cony termin rekrutacji os\u00f3b zainteresowanych opiek\u0105 d\u0142ugoterminow\u0105 w ramach projektu: \u201ePomocna D\u0142o\u0144 &#8211; us\u0142ugi zdrowotne dla os\u00f3b potrzebuj\u0105cych wsparcia z Miasta Krasnystaw\u201d wsp\u00f3\u0142finansowanego ze \u015brodk\u00f3w Europejskiego Funduszu Spo\u0142ecznego Plus (EFS+) w ramach Programu Fundusze Europejskie dla Lubelskiego 2021-2027, w ramach Priorytetu VIII Zwi\u0119kszanie sp\u00f3jno\u015bci spo\u0142ecznej programu [&hellip;]<\/p>\n","protected":false},"author":3,"featured_media":0,"parent":0,"menu_order":0,"comment_status":"closed","ping_status":"closed","template":"","meta":[],"yoast_head":"<!-- This site is optimized with the Yoast SEO plugin v19.0 - https:\/\/yoast.com\/wordpress\/plugins\/seo\/ -->\n<title>Informacja dla os\u00f3b zainteresowanych opiek\u0105 d\u0142ugoterminow\u0105! - MOPS Krasnystaw<\/title>\n<meta name=\"robots\" content=\"index, follow, max-snippet:-1, max-image-preview:large, max-video-preview:-1\" \/>\n<link rel=\"canonical\" href=\"https:\/\/www.mopskrasnystaw.pl\/?page_id=5095\" \/>\n<meta property=\"og:locale\" content=\"pl_PL\" \/>\n<meta property=\"og:type\" content=\"article\" \/>\n<meta property=\"og:title\" content=\"Informacja dla os\u00f3b zainteresowanych opiek\u0105 d\u0142ugoterminow\u0105! - MOPS Krasnystaw\" \/>\n<meta property=\"og:description\" content=\"Decyzj\u0105 Dyrektora Miejskiego O\u015brodka Pomocy Spo\u0142ecznej w Krasnymstawie, zostaje wyd\u0142u\u017cony termin rekrutacji os\u00f3b zainteresowanych opiek\u0105 d\u0142ugoterminow\u0105 w ramach projektu: \u201ePomocna D\u0142o\u0144 &#8211; us\u0142ugi zdrowotne dla os\u00f3b potrzebuj\u0105cych wsparcia z Miasta Krasnystaw\u201d wsp\u00f3\u0142finansowanego ze \u015brodk\u00f3w Europejskiego Funduszu Spo\u0142ecznego Plus (EFS+) w ramach Programu Fundusze Europejskie dla Lubelskiego 2021-2027, w ramach Priorytetu VIII Zwi\u0119kszanie sp\u00f3jno\u015bci spo\u0142ecznej programu [&hellip;]\" \/>\n<meta property=\"og:url\" content=\"https:\/\/www.mopskrasnystaw.pl\/?page_id=5095\" \/>\n<meta property=\"og:site_name\" content=\"MOPS Krasnystaw\" \/>\n<meta property=\"og:image\" content=\"https:\/\/www.mopskrasnystaw.pl\/wp-content\/uploads\/2025\/11\/obraz.png\" \/>\n<meta name=\"twitter:card\" content=\"summary_large_image\" \/>\n<meta name=\"twitter:label1\" content=\"Szacowany czas czytania\" \/>\n\t<meta name=\"twitter:data1\" content=\"1 minuta\" \/>\n<script type=\"application\/ld+json\" class=\"yoast-schema-graph\">{\"@context\":\"https:\/\/schema.org\",\"@graph\":[{\"@type\":\"WebSite\",\"@id\":\"https:\/\/www.mopskrasnystaw.pl\/#website\",\"url\":\"https:\/\/www.mopskrasnystaw.pl\/\",\"name\":\"MOPS Krasnystaw\",\"description\":\"\",\"potentialAction\":[{\"@type\":\"SearchAction\",\"target\":{\"@type\":\"EntryPoint\",\"urlTemplate\":\"https:\/\/www.mopskrasnystaw.pl\/?s={search_term_string}\"},\"query-input\":\"required name=search_term_string\"}],\"inLanguage\":\"pl-PL\"},{\"@type\":\"ImageObject\",\"inLanguage\":\"pl-PL\",\"@id\":\"https:\/\/www.mopskrasnystaw.pl\/?page_id=5095#primaryimage\",\"url\":\"https:\/\/www.mopskrasnystaw.pl\/wp-content\/uploads\/2025\/11\/obraz.png\",\"contentUrl\":\"https:\/\/www.mopskrasnystaw.pl\/wp-content\/uploads\/2025\/11\/obraz.png\",\"width\":844,\"height\":563},{\"@type\":\"WebPage\",\"@id\":\"https:\/\/www.mopskrasnystaw.pl\/?page_id=5095#webpage\",\"url\":\"https:\/\/www.mopskrasnystaw.pl\/?page_id=5095\",\"name\":\"Informacja dla os\u00f3b zainteresowanych opiek\u0105 d\u0142ugoterminow\u0105! - MOPS Krasnystaw\",\"isPartOf\":{\"@id\":\"https:\/\/www.mopskrasnystaw.pl\/#website\"},\"primaryImageOfPage\":{\"@id\":\"https:\/\/www.mopskrasnystaw.pl\/?page_id=5095#primaryimage\"},\"datePublished\":\"2025-11-03T08:10:31+00:00\",\"dateModified\":\"2025-11-03T08:10:31+00:00\",\"breadcrumb\":{\"@id\":\"https:\/\/www.mopskrasnystaw.pl\/?page_id=5095#breadcrumb\"},\"inLanguage\":\"pl-PL\",\"potentialAction\":[{\"@type\":\"ReadAction\",\"target\":[\"https:\/\/www.mopskrasnystaw.pl\/?page_id=5095\"]}]},{\"@type\":\"BreadcrumbList\",\"@id\":\"https:\/\/www.mopskrasnystaw.pl\/?page_id=5095#breadcrumb\",\"itemListElement\":[{\"@type\":\"ListItem\",\"position\":1,\"name\":\"Strona g\u0142\u00f3wna\",\"item\":\"https:\/\/www.mopskrasnystaw.pl\/\"},{\"@type\":\"ListItem\",\"position\":2,\"name\":\"Informacja dla os\u00f3b zainteresowanych opiek\u0105 d\u0142ugoterminow\u0105!\"}]}]}<\/script>\n<!-- \/ Yoast SEO plugin. -->","yoast_head_json":{"title":"Informacja dla os\u00f3b zainteresowanych opiek\u0105 d\u0142ugoterminow\u0105! - MOPS Krasnystaw","robots":{"index":"index","follow":"follow","max-snippet":"max-snippet:-1","max-image-preview":"max-image-preview:large","max-video-preview":"max-video-preview:-1"},"canonical":"https:\/\/www.mopskrasnystaw.pl\/?page_id=5095","og_locale":"pl_PL","og_type":"article","og_title":"Informacja dla os\u00f3b zainteresowanych opiek\u0105 d\u0142ugoterminow\u0105! - MOPS Krasnystaw","og_description":"Decyzj\u0105 Dyrektora Miejskiego O\u015brodka Pomocy Spo\u0142ecznej w Krasnymstawie, zostaje wyd\u0142u\u017cony termin rekrutacji os\u00f3b zainteresowanych opiek\u0105 d\u0142ugoterminow\u0105 w ramach projektu: \u201ePomocna D\u0142o\u0144 &#8211; us\u0142ugi zdrowotne dla os\u00f3b potrzebuj\u0105cych wsparcia z Miasta Krasnystaw\u201d wsp\u00f3\u0142finansowanego ze \u015brodk\u00f3w Europejskiego Funduszu Spo\u0142ecznego Plus (EFS+) w ramach Programu Fundusze Europejskie dla Lubelskiego 2021-2027, w ramach Priorytetu VIII Zwi\u0119kszanie sp\u00f3jno\u015bci spo\u0142ecznej programu [&hellip;]","og_url":"https:\/\/www.mopskrasnystaw.pl\/?page_id=5095","og_site_name":"MOPS Krasnystaw","og_image":[{"url":"https:\/\/www.mopskrasnystaw.pl\/wp-content\/uploads\/2025\/11\/obraz.png"}],"twitter_card":"summary_large_image","twitter_misc":{"Szacowany czas czytania":"1 minuta"},"schema":{"@context":"https:\/\/schema.org","@graph":[{"@type":"WebSite","@id":"https:\/\/www.mopskrasnystaw.pl\/#website","url":"https:\/\/www.mopskrasnystaw.pl\/","name":"MOPS Krasnystaw","description":"","potentialAction":[{"@type":"SearchAction","target":{"@type":"EntryPoint","urlTemplate":"https:\/\/www.mopskrasnystaw.pl\/?s={search_term_string}"},"query-input":"required name=search_term_string"}],"inLanguage":"pl-PL"},{"@type":"ImageObject","inLanguage":"pl-PL","@id":"https:\/\/www.mopskrasnystaw.pl\/?page_id=5095#primaryimage","url":"https:\/\/www.mopskrasnystaw.pl\/wp-content\/uploads\/2025\/11\/obraz.png","contentUrl":"https:\/\/www.mopskrasnystaw.pl\/wp-content\/uploads\/2025\/11\/obraz.png","width":844,"height":563},{"@type":"WebPage","@id":"https:\/\/www.mopskrasnystaw.pl\/?page_id=5095#webpage","url":"https:\/\/www.mopskrasnystaw.pl\/?page_id=5095","name":"Informacja dla os\u00f3b zainteresowanych opiek\u0105 d\u0142ugoterminow\u0105! - MOPS Krasnystaw","isPartOf":{"@id":"https:\/\/www.mopskrasnystaw.pl\/#website"},"primaryImageOfPage":{"@id":"https:\/\/www.mopskrasnystaw.pl\/?page_id=5095#primaryimage"},"datePublished":"2025-11-03T08:10:31+00:00","dateModified":"2025-11-03T08:10:31+00:00","breadcrumb":{"@id":"https:\/\/www.mopskrasnystaw.pl\/?page_id=5095#breadcrumb"},"inLanguage":"pl-PL","potentialAction":[{"@type":"ReadAction","target":["https:\/\/www.mopskrasnystaw.pl\/?page_id=5095"]}]},{"@type":"BreadcrumbList","@id":"https:\/\/www.mopskrasnystaw.pl\/?page_id=5095#breadcrumb","itemListElement":[{"@type":"ListItem","position":1,"name":"Strona g\u0142\u00f3wna","item":"https:\/\/www.mopskrasnystaw.pl\/"},{"@type":"ListItem","position":2,"name":"Informacja dla os\u00f3b zainteresowanych opiek\u0105 d\u0142ugoterminow\u0105!"}]}]}},"_links":{"self":[{"href":"https:\/\/www.mopskrasnystaw.pl\/index.php?rest_route=\/wp\/v2\/pages\/5095"}],"collection":[{"href":"https:\/\/www.mopskrasnystaw.pl\/index.php?rest_route=\/wp\/v2\/pages"}],"about":[{"href":"https:\/\/www.mopskrasnystaw.pl\/index.php?rest_route=\/wp\/v2\/types\/page"}],"author":[{"embeddable":true,"href":"https:\/\/www.mopskrasnystaw.pl\/index.php?rest_route=\/wp\/v2\/users\/3"}],"replies":[{"embeddable":true,"href":"https:\/\/www.mopskrasnystaw.pl\/index.php?rest_route=%2Fwp%2Fv2%2Fcomments&post=5095"}],"version-history":[{"count":1,"href":"https:\/\/www.mopskrasnystaw.pl\/index.php?rest_route=\/wp\/v2\/pages\/5095\/revisions"}],"predecessor-version":[{"id":5097,"href":"https:\/\/www.mopskrasnystaw.pl\/index.php?rest_route=\/wp\/v2\/pages\/5095\/revisions\/5097"}],"wp:attachment":[{"href":"https:\/\/www.mopskrasnystaw.pl\/index.php?rest_route=%2Fwp%2Fv2%2Fmedia&parent=5095"}],"curies":[{"name":"wp","href":"https:\/\/api.w.org\/{rel}","templated":true}]}}

Informacja dla osób zainteresowanych opieką długoterminową!

<p>Decyzją Dyrektora Miejskiego Ośrodka Pomocy Społecznej w Krasnymstawie, zostaje wydłużony termin rekrutacji osób zainteresowanych opieką długoterminową w ramach projektu: „<strong>Pomocna Dłoń &#8211; usługi zdrowotne dla osób potrzebujących wsparcia z Miasta Krasnystaw</strong>” <em>współfinansowanego ze środków Europejskiego Funduszu Społecznego Plus (EFS+) w ramach Programu Fundusze Europejskie dla Lubelskiego 2021-2027, w ramach Priorytetu VIII Zwiększanie spójności społecznej programu Fundusze Europejskie dla Lubelskiego, Działania FELU.08.06 </em>Usługi zdrowotne (typ projektu 2f).</p>



<!--more-->



<p><strong>Dokumenty zgłoszeniowe do pobrania: </strong><a href="https://www.mopskrasnystaw.pl/?page_id=5023">https://www.mopskrasnystaw.pl/?page_id=5023</a></p>



<p>#FunduszeEuropejskie #FunduszeUE</p>



<figure class="wp-block-image size-full"><img loading="lazy" width="844" height="563" src="https://www.mopskrasnystaw.pl/wp-content/uploads/2025/11/obraz.png" alt="" class="wp-image-5096" srcset="https://www.mopskrasnystaw.pl/wp-content/uploads/2025/11/obraz.png 844w, https://www.mopskrasnystaw.pl/wp-content/uploads/2025/11/obraz-300x200.png 300w, https://www.mopskrasnystaw.pl/wp-content/uploads/2025/11/obraz-768x512.png 768w" sizes="(max-width: 844px) 100vw, 844px" /></figure>

<p>Decyzją Dyrektora Miejskiego Ośrodka Pomocy Społecznej w Krasnymstawie, zostaje wydłużony termin rekrutacji osób zainteresowanych opieką długoterminową w ramach projektu: „Pomocna Dłoń &#8211; usługi zdrowotne dla osób potrzebujących wsparcia z Miasta Krasnystaw” współfinansowanego ze środków Europejskiego Funduszu Społecznego Plus (EFS+) w ramach Programu Fundusze Europejskie dla Lubelskiego 2021-2027, w ramach Priorytetu VIII Zwiększanie spójności społecznej programu [&hellip;]</p>

<!-- This site is optimized with the Yoast SEO plugin v19.0 - https://yoast.com/wordpress/plugins/seo/ -->
<title>Informacja dla osób zainteresowanych opieką długoterminową! - MOPS Krasnystaw</title>
<meta name="robots" content="index, follow, max-snippet:-1, max-image-preview:large, max-video-preview:-1" />
<link rel="canonical" href="https://www.mopskrasnystaw.pl/?page_id=5095" />
<meta property="og:locale" content="pl_PL" />
<meta property="og:type" content="article" />
<meta property="og:title" content="Informacja dla osób zainteresowanych opieką długoterminową! - MOPS Krasnystaw" />
<meta property="og:description" content="Decyzją Dyrektora Miejskiego Ośrodka Pomocy Społecznej w Krasnymstawie, zostaje wydłużony termin rekrutacji osób zainteresowanych opieką długoterminową w ramach projektu: „Pomocna Dłoń &#8211; usługi zdrowotne dla osób potrzebujących wsparcia z Miasta Krasnystaw” współfinansowanego ze środków Europejskiego Funduszu Społecznego Plus (EFS+) w ramach Programu Fundusze Europejskie dla Lubelskiego 2021-2027, w ramach Priorytetu VIII Zwiększanie spójności społecznej programu [&hellip;]" />
<meta property="og:url" content="https://www.mopskrasnystaw.pl/?page_id=5095" />
<meta property="og:site_name" content="MOPS Krasnystaw" />
<meta property="og:image" content="https://www.mopskrasnystaw.pl/wp-content/uploads/2025/11/obraz.png" />
<meta name="twitter:card" content="summary_large_image" />
<meta name="twitter:label1" content="Szacowany czas czytania" />
	<meta name="twitter:data1" content="1 minuta" />
<script type="application/ld+json" class="yoast-schema-graph">{"@context":"https://schema.org","@graph":[{"@type":"WebSite","@id":"https://www.mopskrasnystaw.pl/#website","url":"https://www.mopskrasnystaw.pl/","name":"MOPS Krasnystaw","description":"","potentialAction":[{"@type":"SearchAction","target":{"@type":"EntryPoint","urlTemplate":"https://www.mopskrasnystaw.pl/?s={search_term_string}"},"query-input":"required name=search_term_string"}],"inLanguage":"pl-PL"},{"@type":"ImageObject","inLanguage":"pl-PL","@id":"https://www.mopskrasnystaw.pl/?page_id=5095#primaryimage","url":"https://www.mopskrasnystaw.pl/wp-content/uploads/2025/11/obraz.png","contentUrl":"https://www.mopskrasnystaw.pl/wp-content/uploads/2025/11/obraz.png","width":844,"height":563},{"@type":"WebPage","@id":"https://www.mopskrasnystaw.pl/?page_id=5095#webpage","url":"https://www.mopskrasnystaw.pl/?page_id=5095","name":"Informacja dla osób zainteresowanych opieką długoterminową! - MOPS Krasnystaw","isPartOf":{"@id":"https://www.mopskrasnystaw.pl/#website"},"primaryImageOfPage":{"@id":"https://www.mopskrasnystaw.pl/?page_id=5095#primaryimage"},"datePublished":"2025-11-03T08:10:31+00:00","dateModified":"2025-11-03T08:10:31+00:00","breadcrumb":{"@id":"https://www.mopskrasnystaw.pl/?page_id=5095#breadcrumb"},"inLanguage":"pl-PL","potentialAction":[{"@type":"ReadAction","target":["https://www.mopskrasnystaw.pl/?page_id=5095"]}]},{"@type":"BreadcrumbList","@id":"https://www.mopskrasnystaw.pl/?page_id=5095#breadcrumb","itemListElement":[{"@type":"ListItem","position":1,"name":"Strona główna","item":"https://www.mopskrasnystaw.pl/"},{"@type":"ListItem","position":2,"name":"Informacja dla osób zainteresowanych opieką długoterminową!"}]}]}</script>
<!-- / Yoast SEO plugin. -->

Informacja dla osób zainteresowanych opieką długoterminową! - MOPS Krasnystaw

Decyzją Dyrektora Miejskiego Ośrodka Pomocy Społecznej w Krasnymstawie, zostaje wydłużony termin rekrutacji osób zainteresowanych opieką długoterminową w ramach projektu: „Pomocna Dłoń &#8211; usługi zdrowotne dla osób potrzebujących wsparcia z Miasta Krasnystaw” współfinansowanego ze środków Europejskiego Funduszu Społecznego Plus (EFS+) w ramach Programu Fundusze Europejskie dla Lubelskiego 2021-2027, w ramach Priorytetu VIII Zwiększanie spójności społecznej programu [&hellip;]

Strona główna
