{"id":4877,"date":"2024-12-30T11:33:14","date_gmt":"2024-12-30T11:33:14","guid":{"rendered":"https:\/\/www.mopskrasnystaw.pl\/?page_id=4877"},"modified":"2024-12-30T11:33:15","modified_gmt":"2024-12-30T11:33:15","slug":"asystent-osobisty-osoby-niepelnosprawnej-2025","status":"publish","type":"page","link":"https:\/\/www.mopskrasnystaw.pl\/?page_id=4877","title":{"rendered":"Asystent osobisty osoby niepe\u0142nosprawnej 2025"},"content":{"rendered":"\n<p><strong>\u201eAsystent Osobisty Osoby z Niepe\u0142nosprawno\u015bci\u0105\u201d dla Jednostek Samorz\u0105du Terytorialnego \u2013 edycja 2025<\/strong><\/p>\n\n\n\n<p>Miasto Krasnystaw informuje, \u017ce otrzyma\u0142o \u015brodki na realizacj\u0119 Programu Ministra Rodziny, Pracy i Polityki Spo\u0142ecznej <strong>\u201eAsystent osobisty osoby z niepe\u0142nosprawno\u015bci\u0105\u201d<\/strong><br>dla Jednostek Samorz\u0105du Terytorialnego \u2013 edycja 2025&nbsp; finansowanego z Funduszu Solidarno\u015bciowego \u2013 pa\u0144stwowego funduszu celowego w wysoko\u015bci:<\/p>\n\n\n\n<p>Kwota dofinansowania:&nbsp; <strong>1&nbsp;613 181,00 z\u0142.<\/strong><\/p>\n\n\n\n<p>Ca\u0142kowita warto\u015b\u0107:&nbsp; <strong>1&nbsp;613 181,00 z\u0142.<\/strong><\/p>\n\n\n\n<p>Program trwa <strong>od 01.01.2025 r. do 31.12.2025 r<\/strong>.<\/p>\n\n\n\n<p>G\u0142\u00f3wnym celem Programu jest wprowadzenie us\u0142ug asystencji osobistej<br>jako formy og\u00f3lnodost\u0119pnego wsparcia w wykonywaniu codziennych czynno\u015bci oraz funkcjonowaniu w \u017cyciu spo\u0142ecznym dla uczestnik\u00f3w Programu:<\/p>\n\n\n\n<ol type=\"1\"><li>dzieci od uko\u0144czenia 2. roku \u017cycia do&nbsp;uko\u0144czenia 16.&nbsp;roku \u017cycia posiadaj\u0105ce orzeczenie o niepe\u0142nosprawno\u015bci \u0142\u0105cznie ze wskazaniami w pkt 7 i 8 orzeczenia<br>o niepe\u0142nosprawno\u015bci \u2013 konieczno\u015bci sta\u0142ej lub d\u0142ugotrwa\u0142ej opieki lub pomocy innej osoby w zwi\u0105zku ze znacznie ograniczon\u0105 mo\u017cliwo\u015bci\u0105 samodzielnej egzystencji oraz konieczno\u015bci sta\u0142ego wsp\u00f3\u0142udzia\u0142u na co dzie\u0144 opiekuna dziecka w procesie jego leczenia, rehabilitacji i edukacji oraz<\/li><li>osoby z niepe\u0142nosprawno\u015bciami posiadaj\u0105ce orzeczenie:<br>a) o znacznym stopniu niepe\u0142nosprawno\u015bci albo<br>b) o umiarkowanym stopniu niepe\u0142nosprawno\u015bci albo<br>c) traktowane na r\u00f3wni z orzeczeniami wymienionymi w lit. a i b zgodnie z art. 5 i art. 62 ustawy z dnia 27 sierpnia 1997 r. o rehabilitacji zawodowej i spo\u0142ecznej oraz zatrudnianiu os\u00f3b niepe\u0142nosprawnych.<\/li><\/ol>\n\n\n\n<p><strong>Us\u0142ugi asystencji osobistej polegaj\u0105 w szczeg\u00f3lno\u015bci na wspieraniu przez asystenta osoby<br>z niepe\u0142nosprawno\u015bci\u0105 w r\u00f3\u017cnych sferach \u017cycia, w tym:<\/strong><\/p>\n\n\n\n<ol type=\"1\"><li>wsparciu uczestnika w czynno\u015bciach samoobs\u0142ugowych, w tym utrzymaniu higieny osobistej;<\/li><li>wsparcie uczestnika w prowadzeniu gospodarstwa domowego i wype\u0142nianiu r\u00f3l<br>w rodzinie;<\/li><li>wsparciu uczestnika w przemieszczaniu si\u0119 poza miejscem zamieszkania;<\/li><li>wsparciu uczestnika w podejmowaniu aktywno\u015bci \u017cyciowej i komunikowaniu<br>si\u0119 z otoczeniem.<\/li><\/ol>\n\n\n\n<p>Za us\u0142ugi asystencji osobistej Uczestnik Programu nie ponosi odp\u0142atno\u015bci.<\/p>\n\n\n\n<p>Wi\u0119cej informacji:<br><a href=\"https:\/\/niepelnosprawni.gov.pl\/a,1533,nabor-wnioskow-w-ramach-resortowego-programu-ministra-rodziny-pracy-i-polityki-spolecznej-asystent-osobisty-osoby-z-niepelnosprawnoscia-dla-jednostek-samorzadu-terytorialnego-edycja-2025\">https:\/\/niepelnosprawni.gov.pl\/a,1533,nabor-wnioskow-w-ramach-resortowego-programu-ministra-rodziny-pracy-i-polityki-spolecznej-asystent-osobisty-osoby-z-niepelnosprawnoscia-dla-jednostek-samorzadu-terytorialnego-edycja-2025<\/a><\/p>\n","protected":false},"excerpt":{"rendered":"<p>\u201eAsystent Osobisty Osoby z Niepe\u0142nosprawno\u015bci\u0105\u201d dla Jednostek Samorz\u0105du Terytorialnego \u2013 edycja 2025 Miasto Krasnystaw informuje, \u017ce otrzyma\u0142o \u015brodki na realizacj\u0119 Programu Ministra Rodziny, Pracy i Polityki Spo\u0142ecznej \u201eAsystent osobisty osoby z niepe\u0142nosprawno\u015bci\u0105\u201ddla Jednostek Samorz\u0105du Terytorialnego \u2013 edycja 2025&nbsp; finansowanego z Funduszu Solidarno\u015bciowego \u2013 pa\u0144stwowego funduszu celowego w wysoko\u015bci: Kwota dofinansowania:&nbsp; 1&nbsp;613 181,00 z\u0142. Ca\u0142kowita warto\u015b\u0107:&nbsp; [&hellip;]<\/p>\n","protected":false},"author":3,"featured_media":0,"parent":0,"menu_order":0,"comment_status":"closed","ping_status":"closed","template":"","meta":[],"yoast_head":"<!-- This site is optimized with the Yoast SEO plugin v19.0 - https:\/\/yoast.com\/wordpress\/plugins\/seo\/ -->\n<title>Asystent osobisty osoby niepe\u0142nosprawnej 2025 - MOPS Krasnystaw<\/title>\n<meta name=\"robots\" content=\"index, follow, max-snippet:-1, max-image-preview:large, max-video-preview:-1\" \/>\n<link rel=\"canonical\" href=\"https:\/\/www.mopskrasnystaw.pl\/?page_id=4877\" \/>\n<meta property=\"og:locale\" content=\"pl_PL\" \/>\n<meta property=\"og:type\" content=\"article\" \/>\n<meta property=\"og:title\" content=\"Asystent osobisty osoby niepe\u0142nosprawnej 2025 - MOPS Krasnystaw\" \/>\n<meta property=\"og:description\" content=\"\u201eAsystent Osobisty Osoby z Niepe\u0142nosprawno\u015bci\u0105\u201d dla Jednostek Samorz\u0105du Terytorialnego \u2013 edycja 2025 Miasto Krasnystaw informuje, \u017ce otrzyma\u0142o \u015brodki na realizacj\u0119 Programu Ministra Rodziny, Pracy i Polityki Spo\u0142ecznej \u201eAsystent osobisty osoby z niepe\u0142nosprawno\u015bci\u0105\u201ddla Jednostek Samorz\u0105du Terytorialnego \u2013 edycja 2025&nbsp; finansowanego z Funduszu Solidarno\u015bciowego \u2013 pa\u0144stwowego funduszu celowego w wysoko\u015bci: Kwota dofinansowania:&nbsp; 1&nbsp;613 181,00 z\u0142. Ca\u0142kowita warto\u015b\u0107:&nbsp; [&hellip;]\" \/>\n<meta property=\"og:url\" content=\"https:\/\/www.mopskrasnystaw.pl\/?page_id=4877\" \/>\n<meta property=\"og:site_name\" content=\"MOPS Krasnystaw\" \/>\n<meta property=\"article:modified_time\" content=\"2024-12-30T11:33:15+00:00\" \/>\n<meta name=\"twitter:card\" content=\"summary_large_image\" \/>\n<meta name=\"twitter:label1\" content=\"Szacowany czas czytania\" \/>\n\t<meta name=\"twitter:data1\" content=\"2 minuty\" \/>\n<script type=\"application\/ld+json\" class=\"yoast-schema-graph\">{\"@context\":\"https:\/\/schema.org\",\"@graph\":[{\"@type\":\"WebSite\",\"@id\":\"https:\/\/www.mopskrasnystaw.pl\/#website\",\"url\":\"https:\/\/www.mopskrasnystaw.pl\/\",\"name\":\"MOPS Krasnystaw\",\"description\":\"\",\"potentialAction\":[{\"@type\":\"SearchAction\",\"target\":{\"@type\":\"EntryPoint\",\"urlTemplate\":\"https:\/\/www.mopskrasnystaw.pl\/?s={search_term_string}\"},\"query-input\":\"required name=search_term_string\"}],\"inLanguage\":\"pl-PL\"},{\"@type\":\"WebPage\",\"@id\":\"https:\/\/www.mopskrasnystaw.pl\/?page_id=4877#webpage\",\"url\":\"https:\/\/www.mopskrasnystaw.pl\/?page_id=4877\",\"name\":\"Asystent osobisty osoby niepe\u0142nosprawnej 2025 - MOPS Krasnystaw\",\"isPartOf\":{\"@id\":\"https:\/\/www.mopskrasnystaw.pl\/#website\"},\"datePublished\":\"2024-12-30T11:33:14+00:00\",\"dateModified\":\"2024-12-30T11:33:15+00:00\",\"breadcrumb\":{\"@id\":\"https:\/\/www.mopskrasnystaw.pl\/?page_id=4877#breadcrumb\"},\"inLanguage\":\"pl-PL\",\"potentialAction\":[{\"@type\":\"ReadAction\",\"target\":[\"https:\/\/www.mopskrasnystaw.pl\/?page_id=4877\"]}]},{\"@type\":\"BreadcrumbList\",\"@id\":\"https:\/\/www.mopskrasnystaw.pl\/?page_id=4877#breadcrumb\",\"itemListElement\":[{\"@type\":\"ListItem\",\"position\":1,\"name\":\"Strona g\u0142\u00f3wna\",\"item\":\"https:\/\/www.mopskrasnystaw.pl\/\"},{\"@type\":\"ListItem\",\"position\":2,\"name\":\"Asystent osobisty osoby niepe\u0142nosprawnej 2025\"}]}]}<\/script>\n<!-- \/ Yoast SEO plugin. -->","yoast_head_json":{"title":"Asystent osobisty osoby niepe\u0142nosprawnej 2025 - MOPS Krasnystaw","robots":{"index":"index","follow":"follow","max-snippet":"max-snippet:-1","max-image-preview":"max-image-preview:large","max-video-preview":"max-video-preview:-1"},"canonical":"https:\/\/www.mopskrasnystaw.pl\/?page_id=4877","og_locale":"pl_PL","og_type":"article","og_title":"Asystent osobisty osoby niepe\u0142nosprawnej 2025 - MOPS Krasnystaw","og_description":"\u201eAsystent Osobisty Osoby z Niepe\u0142nosprawno\u015bci\u0105\u201d dla Jednostek Samorz\u0105du Terytorialnego \u2013 edycja 2025 Miasto Krasnystaw informuje, \u017ce otrzyma\u0142o \u015brodki na realizacj\u0119 Programu Ministra Rodziny, Pracy i Polityki Spo\u0142ecznej \u201eAsystent osobisty osoby z niepe\u0142nosprawno\u015bci\u0105\u201ddla Jednostek Samorz\u0105du Terytorialnego \u2013 edycja 2025&nbsp; finansowanego z Funduszu Solidarno\u015bciowego \u2013 pa\u0144stwowego funduszu celowego w wysoko\u015bci: Kwota dofinansowania:&nbsp; 1&nbsp;613 181,00 z\u0142. Ca\u0142kowita warto\u015b\u0107:&nbsp; [&hellip;]","og_url":"https:\/\/www.mopskrasnystaw.pl\/?page_id=4877","og_site_name":"MOPS Krasnystaw","article_modified_time":"2024-12-30T11:33:15+00:00","twitter_card":"summary_large_image","twitter_misc":{"Szacowany czas czytania":"2 minuty"},"schema":{"@context":"https:\/\/schema.org","@graph":[{"@type":"WebSite","@id":"https:\/\/www.mopskrasnystaw.pl\/#website","url":"https:\/\/www.mopskrasnystaw.pl\/","name":"MOPS Krasnystaw","description":"","potentialAction":[{"@type":"SearchAction","target":{"@type":"EntryPoint","urlTemplate":"https:\/\/www.mopskrasnystaw.pl\/?s={search_term_string}"},"query-input":"required name=search_term_string"}],"inLanguage":"pl-PL"},{"@type":"WebPage","@id":"https:\/\/www.mopskrasnystaw.pl\/?page_id=4877#webpage","url":"https:\/\/www.mopskrasnystaw.pl\/?page_id=4877","name":"Asystent osobisty osoby niepe\u0142nosprawnej 2025 - MOPS Krasnystaw","isPartOf":{"@id":"https:\/\/www.mopskrasnystaw.pl\/#website"},"datePublished":"2024-12-30T11:33:14+00:00","dateModified":"2024-12-30T11:33:15+00:00","breadcrumb":{"@id":"https:\/\/www.mopskrasnystaw.pl\/?page_id=4877#breadcrumb"},"inLanguage":"pl-PL","potentialAction":[{"@type":"ReadAction","target":["https:\/\/www.mopskrasnystaw.pl\/?page_id=4877"]}]},{"@type":"BreadcrumbList","@id":"https:\/\/www.mopskrasnystaw.pl\/?page_id=4877#breadcrumb","itemListElement":[{"@type":"ListItem","position":1,"name":"Strona g\u0142\u00f3wna","item":"https:\/\/www.mopskrasnystaw.pl\/"},{"@type":"ListItem","position":2,"name":"Asystent osobisty osoby niepe\u0142nosprawnej 2025"}]}]}},"_links":{"self":[{"href":"https:\/\/www.mopskrasnystaw.pl\/index.php?rest_route=\/wp\/v2\/pages\/4877"}],"collection":[{"href":"https:\/\/www.mopskrasnystaw.pl\/index.php?rest_route=\/wp\/v2\/pages"}],"about":[{"href":"https:\/\/www.mopskrasnystaw.pl\/index.php?rest_route=\/wp\/v2\/types\/page"}],"author":[{"embeddable":true,"href":"https:\/\/www.mopskrasnystaw.pl\/index.php?rest_route=\/wp\/v2\/users\/3"}],"replies":[{"embeddable":true,"href":"https:\/\/www.mopskrasnystaw.pl\/index.php?rest_route=%2Fwp%2Fv2%2Fcomments&post=4877"}],"version-history":[{"count":1,"href":"https:\/\/www.mopskrasnystaw.pl\/index.php?rest_route=\/wp\/v2\/pages\/4877\/revisions"}],"predecessor-version":[{"id":4878,"href":"https:\/\/www.mopskrasnystaw.pl\/index.php?rest_route=\/wp\/v2\/pages\/4877\/revisions\/4878"}],"wp:attachment":[{"href":"https:\/\/www.mopskrasnystaw.pl\/index.php?rest_route=%2Fwp%2Fv2%2Fmedia&parent=4877"}],"curies":[{"name":"wp","href":"https:\/\/api.w.org\/{rel}","templated":true}]}}

Asystent osobisty osoby niepełnosprawnej 2025

<p><strong>„Asystent Osobisty Osoby z Niepełnosprawnością” dla Jednostek Samorządu Terytorialnego – edycja 2025</strong></p>



<p>Miasto Krasnystaw informuje, że otrzymało środki na realizację Programu Ministra Rodziny, Pracy i Polityki Społecznej <strong>„Asystent osobisty osoby z niepełnosprawnością”</strong><br>dla Jednostek Samorządu Terytorialnego – edycja 2025&nbsp; finansowanego z Funduszu Solidarnościowego – państwowego funduszu celowego w wysokości:</p>



<p>Kwota dofinansowania:&nbsp; <strong>1&nbsp;613 181,00 zł.</strong></p>



<p>Całkowita wartość:&nbsp; <strong>1&nbsp;613 181,00 zł.</strong></p>



<p>Program trwa <strong>od 01.01.2025 r. do 31.12.2025 r</strong>.</p>



<p>Głównym celem Programu jest wprowadzenie usług asystencji osobistej<br>jako formy ogólnodostępnego wsparcia w wykonywaniu codziennych czynności oraz funkcjonowaniu w życiu społecznym dla uczestników Programu:</p>



<ol type="1"><li>dzieci od ukończenia 2. roku życia do&nbsp;ukończenia 16.&nbsp;roku życia posiadające orzeczenie o niepełnosprawności łącznie ze wskazaniami w pkt 7 i 8 orzeczenia<br>o niepełnosprawności – konieczności stałej lub długotrwałej opieki lub pomocy innej osoby w związku ze znacznie ograniczoną możliwością samodzielnej egzystencji oraz konieczności stałego współudziału na co dzień opiekuna dziecka w procesie jego leczenia, rehabilitacji i edukacji oraz</li><li>osoby z niepełnosprawnościami posiadające orzeczenie:<br>a) o znacznym stopniu niepełnosprawności albo<br>b) o umiarkowanym stopniu niepełnosprawności albo<br>c) traktowane na równi z orzeczeniami wymienionymi w lit. a i b zgodnie z art. 5 i art. 62 ustawy z dnia 27 sierpnia 1997 r. o rehabilitacji zawodowej i społecznej oraz zatrudnianiu osób niepełnosprawnych.</li></ol>



<p><strong>Usługi asystencji osobistej polegają w szczególności na wspieraniu przez asystenta osoby<br>z niepełnosprawnością w różnych sferach życia, w tym:</strong></p>



<ol type="1"><li>wsparciu uczestnika w czynnościach samoobsługowych, w tym utrzymaniu higieny osobistej;</li><li>wsparcie uczestnika w prowadzeniu gospodarstwa domowego i wypełnianiu ról<br>w rodzinie;</li><li>wsparciu uczestnika w przemieszczaniu się poza miejscem zamieszkania;</li><li>wsparciu uczestnika w podejmowaniu aktywności życiowej i komunikowaniu<br>się z otoczeniem.</li></ol>



<p>Za usługi asystencji osobistej Uczestnik Programu nie ponosi odpłatności.</p>



<p>Więcej informacji:<br><a href="https://niepelnosprawni.gov.pl/a,1533,nabor-wnioskow-w-ramach-resortowego-programu-ministra-rodziny-pracy-i-polityki-spolecznej-asystent-osobisty-osoby-z-niepelnosprawnoscia-dla-jednostek-samorzadu-terytorialnego-edycja-2025">https://niepelnosprawni.gov.pl/a,1533,nabor-wnioskow-w-ramach-resortowego-programu-ministra-rodziny-pracy-i-polityki-spolecznej-asystent-osobisty-osoby-z-niepelnosprawnoscia-dla-jednostek-samorzadu-terytorialnego-edycja-2025</a></p>

<p>„Asystent Osobisty Osoby z Niepełnosprawnością” dla Jednostek Samorządu Terytorialnego – edycja 2025 Miasto Krasnystaw informuje, że otrzymało środki na realizację Programu Ministra Rodziny, Pracy i Polityki Społecznej „Asystent osobisty osoby z niepełnosprawnością”dla Jednostek Samorządu Terytorialnego – edycja 2025&nbsp; finansowanego z Funduszu Solidarnościowego – państwowego funduszu celowego w wysokości: Kwota dofinansowania:&nbsp; 1&nbsp;613 181,00 zł. Całkowita wartość:&nbsp; [&hellip;]</p>

<!-- This site is optimized with the Yoast SEO plugin v19.0 - https://yoast.com/wordpress/plugins/seo/ -->
<title>Asystent osobisty osoby niepełnosprawnej 2025 - MOPS Krasnystaw</title>
<meta name="robots" content="index, follow, max-snippet:-1, max-image-preview:large, max-video-preview:-1" />
<link rel="canonical" href="https://www.mopskrasnystaw.pl/?page_id=4877" />
<meta property="og:locale" content="pl_PL" />
<meta property="og:type" content="article" />
<meta property="og:title" content="Asystent osobisty osoby niepełnosprawnej 2025 - MOPS Krasnystaw" />
<meta property="og:description" content="„Asystent Osobisty Osoby z Niepełnosprawnością” dla Jednostek Samorządu Terytorialnego – edycja 2025 Miasto Krasnystaw informuje, że otrzymało środki na realizację Programu Ministra Rodziny, Pracy i Polityki Społecznej „Asystent osobisty osoby z niepełnosprawnością”dla Jednostek Samorządu Terytorialnego – edycja 2025&nbsp; finansowanego z Funduszu Solidarnościowego – państwowego funduszu celowego w wysokości: Kwota dofinansowania:&nbsp; 1&nbsp;613 181,00 zł. Całkowita wartość:&nbsp; [&hellip;]" />
<meta property="og:url" content="https://www.mopskrasnystaw.pl/?page_id=4877" />
<meta property="og:site_name" content="MOPS Krasnystaw" />
<meta property="article:modified_time" content="2024-12-30T11:33:15+00:00" />
<meta name="twitter:card" content="summary_large_image" />
<meta name="twitter:label1" content="Szacowany czas czytania" />
	<meta name="twitter:data1" content="2 minuty" />
<script type="application/ld+json" class="yoast-schema-graph">{"@context":"https://schema.org","@graph":[{"@type":"WebSite","@id":"https://www.mopskrasnystaw.pl/#website","url":"https://www.mopskrasnystaw.pl/","name":"MOPS Krasnystaw","description":"","potentialAction":[{"@type":"SearchAction","target":{"@type":"EntryPoint","urlTemplate":"https://www.mopskrasnystaw.pl/?s={search_term_string}"},"query-input":"required name=search_term_string"}],"inLanguage":"pl-PL"},{"@type":"WebPage","@id":"https://www.mopskrasnystaw.pl/?page_id=4877#webpage","url":"https://www.mopskrasnystaw.pl/?page_id=4877","name":"Asystent osobisty osoby niepełnosprawnej 2025 - MOPS Krasnystaw","isPartOf":{"@id":"https://www.mopskrasnystaw.pl/#website"},"datePublished":"2024-12-30T11:33:14+00:00","dateModified":"2024-12-30T11:33:15+00:00","breadcrumb":{"@id":"https://www.mopskrasnystaw.pl/?page_id=4877#breadcrumb"},"inLanguage":"pl-PL","potentialAction":[{"@type":"ReadAction","target":["https://www.mopskrasnystaw.pl/?page_id=4877"]}]},{"@type":"BreadcrumbList","@id":"https://www.mopskrasnystaw.pl/?page_id=4877#breadcrumb","itemListElement":[{"@type":"ListItem","position":1,"name":"Strona główna","item":"https://www.mopskrasnystaw.pl/"},{"@type":"ListItem","position":2,"name":"Asystent osobisty osoby niepełnosprawnej 2025"}]}]}</script>
<!-- / Yoast SEO plugin. -->

Asystent osobisty osoby niepełnosprawnej 2025 - MOPS Krasnystaw

„Asystent Osobisty Osoby z Niepełnosprawnością” dla Jednostek Samorządu Terytorialnego – edycja 2025 Miasto Krasnystaw informuje, że otrzymało środki na realizację Programu Ministra Rodziny, Pracy i Polityki Społecznej „Asystent osobisty osoby z niepełnosprawnością”dla Jednostek Samorządu Terytorialnego – edycja 2025&nbsp; finansowanego z Funduszu Solidarnościowego – państwowego funduszu celowego w wysokości: Kwota dofinansowania:&nbsp; 1&nbsp;613 181,00 zł. Całkowita wartość:&nbsp; [&hellip;]

Strona główna
