{"id":4669,"date":"2024-02-06T11:29:50","date_gmt":"2024-02-06T11:29:50","guid":{"rendered":"https:\/\/www.mopskrasnystaw.pl\/?page_id=4669"},"modified":"2024-07-03T07:26:31","modified_gmt":"2024-07-03T07:26:31","slug":"opieka-wytchnieniowa-edycja-2024","status":"publish","type":"page","link":"https:\/\/www.mopskrasnystaw.pl\/?page_id=4669","title":{"rendered":"Opieka wytchnieniowa \u2013 edycja 2024"},"content":{"rendered":"\n<figure class=\"wp-block-image size-full\"><img loading=\"lazy\" width=\"989\" height=\"188\" src=\"https:\/\/www.mopskrasnystaw.pl\/wp-content\/uploads\/2023\/11\/flaga.png\" alt=\"\" class=\"wp-image-4552\" srcset=\"https:\/\/www.mopskrasnystaw.pl\/wp-content\/uploads\/2023\/11\/flaga.png 989w, https:\/\/www.mopskrasnystaw.pl\/wp-content\/uploads\/2023\/11\/flaga-300x57.png 300w, https:\/\/www.mopskrasnystaw.pl\/wp-content\/uploads\/2023\/11\/flaga-768x146.png 768w\" sizes=\"(max-width: 989px) 100vw, 989px\" \/><\/figure>\n\n\n\n<p><strong>Program Ministerstwa Rodziny i Polityki Spo\u0142ecznej dofinansowany ze \u015brodk\u00f3w Funduszu Solidarno\u015bciowego \u201eOpieka wytchnieniowa\u201d dla Jednostek Samorz\u0105du Terytorialnego<br>\u2013 edycja 2024<\/strong><\/p>\n\n\n\n<p><strong>Ca\u0142kowita warto\u015b\u0107 dofinansowania dla Miasta Krasnystaw w roku 2024 wynosi 171&nbsp;360,00 z\u0142.<\/strong><\/p>\n\n\n\n<p><strong>W zwi\u0105zku z informacj\u0105 Wojewody Lubelskiego o przyznaniu \u015brodk\u00f3w z Funduszu Solidarno\u015bciowego na realizacj\u0119 Programu, Miejski O\u015brodek Pomocy Spo\u0142ecznej<br>w Krasnymstawie rozpoczyna przyjmowanie zg\u0142osze\u0144.<\/strong><\/p>\n\n\n\n<p>Kart\u0119 zg\u0142oszenia do Programu mo\u017cna sk\u0142ada\u0107 w Miejskim O\u015brodku Pomocy Spo\u0142ecznej<br>w Krasnymstawie,&nbsp; ul. Pi\u0142sudskiego 9 pok. 106.<\/p>\n\n\n\n<p>Zg\u0142oszenia przyjmowane b\u0119d\u0105 w terminie do <strong>29 lutego 2024 r<\/strong>.<\/p>\n\n\n\n<p>Po wyczerpaniu limitu dost\u0119pnych miejsc w Programie, osoby zg\u0142aszaj\u0105ce ch\u0119\u0107 udzia\u0142u zostan\u0105 wpisane na list\u0119 rezerwow\u0105. W przypadku rezygnacji osoby obj\u0119tej opiek\u0105 wytchnieniow\u0105,<br>do programu b\u0119dzie zapraszana kolejna osoba z listy rezerwowej.<\/p>\n\n\n\n<p>Bli\u017csze informacje mo\u017cna uzyska\u0107 pod numerem telefonu: 82&nbsp;576 23 24 wew.107.<\/p>\n\n\n\n<p><strong>Rekrutacja:<\/strong><\/p>\n\n\n\n<p>O\u015brodek kwalifikuje do przyznania opieki wytchnieniowej na podstawie \u201eKarty zg\u0142oszenia<br>do Programu \u201eOpieka wytchnieniowa\u201d dla Jednostek Samorz\u0105du terytorialnego &nbsp;\u2013 edycja 2024, stanowi\u0105cej za\u0142\u0105cznik nr 7 do Programu.<\/p>\n\n\n\n<p>Je\u017celi uczestnik wskazuje swojego wykonawc\u0119 us\u0142ugi opieki wytchnieniowej, nale\u017cy wpisa\u0107 jego imi\u0119 i nazwisko w karcie zg\u0142oszenia.<\/p>\n\n\n\n<h2>&nbsp;ZA\u0141\u0104CZNIKI:<\/h2>\n\n\n\n<div class=\"wp-block-file\"><a id=\"wp-block-file--media-2dc0ccb8-9e74-4ade-925a-02f36f09a541\" href=\"https:\/\/www.mopskrasnystaw.pl\/wp-content\/uploads\/2024\/02\/Karta_zgloszenia.docx\">Karta_zg\u0142oszenia<\/a><\/div>\n\n\n\n<div class=\"wp-block-file\"><a id=\"wp-block-file--media-efcf215e-d8ec-4833-8f5b-170cbfeb4e88\" href=\"https:\/\/www.mopskrasnystaw.pl\/wp-content\/uploads\/2024\/02\/RODO.docx\">Klauzula informacyjna RODO<\/a><\/div>\n\n\n\n<div class=\"wp-block-file\"><a id=\"wp-block-file--media-804b50c3-535a-4b64-afd2-a6387c17aac7\" href=\"https:\/\/www.mopskrasnystaw.pl\/wp-content\/uploads\/2024\/02\/oswiadczenie-uczestnika-o-wyborze-osoby-swiadczacej-opieke-wytchnieniowa.docx\">o\u015bwiadczenie<\/a><\/div>\n\n\n\n<div class=\"wp-block-file\"><a id=\"wp-block-file--media-92c438a2-51c9-424d-b6f4-2c3e9eb2c541\" href=\"https:\/\/www.mopskrasnystaw.pl\/wp-content\/uploads\/2024\/02\/Klauzula-informacyjna-o-przetwarzaniu-danych-osobowych-przez-Miejski-Osrodek-Pomocy-Spolecznej.docx\">Klauzula informacyjna o przetwarzaniu danych osobowych<\/a><\/div>\n\n\n\n<p><strong>Do Karty zg\u0142oszenia nale\u017cy do\u0142\u0105czy\u0107:<\/strong><\/p>\n\n\n\n<p><strong>\u2013 kopi\u0119 orzeczenia o niepe\u0142nosprawno\u015bci<\/strong> <\/p>\n\n\n\n<p>Wi\u0119cej informacji:<br><a href=\"https:\/\/niepelnosprawni.gov.pl\/a,1488,nabor-wnioskow-w-ramach-programu-resortowego-ministra-rodziny-i-polityki-spolecznej-opieka-wytchnieniowa-dla-jednostek-samorzadu-terytorialnego-edycja-2024\">https:\/\/niepelnosprawni.gov.pl\/a,1488,nabor-wnioskow-w-ramach-programu-resortowego-ministra-rodziny-i-polityki-spolecznej-opieka-wytchnieniowa-dla-jednostek-samorzadu-terytorialnego-edycja-2024<\/a><\/p>\n\n\n\n<p><\/p>\n\n\n\n<p>Rozpocz\u0105\u0142 si\u0119 nab\u00f3r wniosk\u00f3w w ramach programu resortowego Ministra Rodziny<br>i Polityki Spo\u0142ecznej pn. \u201eOpieka wytchnieniowa\u201d dla jednostek Samorz\u0105du Terytorialnego<br>\u2013 edycja 2024<br>G\u0142\u00f3wnym celem Programu jest wsparcie cz\u0142onk\u00f3w rodzin lub opiekun\u00f3w sprawuj\u0105cych bezpo\u015bredni\u0105 opiek\u0119 nad:<\/p>\n\n\n\n<ol><li>Dzie\u0107mi do uko\u0144czenia 16 roku \u017cycia posiadaj\u0105cymi orzeczenie<br>o niepe\u0142nosprawno\u015bci,<\/li><li>Osobami posiadaj\u0105cymi orzeczenie o znacznym stopniu niepe\u0142nosprawno\u015bci ( zgodnie z ustaw\u0105 z dnia 27 sierpnia 1997 r. o rehabilitacji zawodowej i spo\u0142ecznej oraz zatrudnianiu os\u00f3b niepe\u0142nosprawnych ( Dz.U. z 2023 r. poz.100, z p\u00f3\u017an.zm))<\/li><\/ol>\n\n\n\n<ul><li>poprzez mo\u017cliwo\u015b\u0107 uzyskania dora\u017anej, czasowej pomocy w formie us\u0142ugi opieki wytchnieniowej.<br>Program adresowany jest do cz\u0142onk\u00f3w lub opiekun\u00f3w sprawuj\u0105cych opiek\u0119 nad dzie\u0107mi z orzeczeniem o niepe\u0142nosprawno\u015bci oraz osobami posiadaj\u0105cymi orzeczenie o znacznym stopniu niepe\u0142nosprawno\u015bci albo orzeczenie traktowane na r\u00f3wni z orzeczeniem o znacznym stopniu niepe\u0142nosprawno\u015bci, kt\u00f3rzy wymagaj\u0105 us\u0142ug opieki wytchnieniowej, zwanych dalej \u201euczestnikami Programu\u201d.<br>Us\u0142ugi opieki wytchnieniowej przys\u0142uguj\u0105 w przypadku zamieszkiwania cz\u0142onka rodziny lub opiekuna, o kt\u00f3rych mowa w ust.1, we wsp\u00f3lnym gospodarstwie domowym z osob\u0105 niepe\u0142nosprawn\u0105 i sprawowania ca\u0142odobowej opieki nad t\u0105 osoba niepe\u0142nosprawn\u0105.<br>Uczestnik Programu, kt\u00f3remu przyznano pomoc w postaci us\u0142ugi opieki wytchnieniowej nie ponosi odp\u0142atno\u015bci.<br>Niniejsza informacja ma pos\u0142u\u017cy\u0107 diagnozie potrzeb os\u00f3b zainteresowanych t\u0105 form\u0105 pomocy oraz kalkulacji \u015brodk\u00f3w na realizacj\u0119 zadania na rok 2024.<br>Osoby zainteresowane prosimy o kontakt: pod numerem telefonu 82 576 23 24<br>lub w Miejskim O\u015brodku Pomocy Spo\u0142ecznej w Krasnymstawie ul. Pi\u0142sudskiego 9,<br>w godzinach pracy O\u015brodka do dnia 13 listopada 2023 r.<\/li><\/ul>\n\n\n\n<p>Program \u201eOpieka wytchnieniowa\u201d jest finansowany przez Ministerstwo Rodziny i Polityki Spo\u0142ecznej ze \u015brodk\u00f3w Funduszu Solidarno\u015bciowego.<\/p>\n\n\n\n<p>Szczeg\u00f3\u0142owe informacje o Programie dost\u0119pne s\u0105 na stronie:<\/p>\n\n\n\n<ol><li>Ministerstwa Rodziny i Polityki Spo\u0142ecznej na stronie: <a href=\"https:\/\/www.gov.pl\/web\/rodzina\/nabor-wnioskow-w-ramach-programu-resortowego-ministra-rodziny-i-polityki-spolecznej-opieka-wytchnieniowa-dla-jednostek-samorzadu-terytorialnego--edycja-2024\">https:\/\/www.gov.pl\/web\/rodzina\/nabor-wnioskow-w-ramach-programu-resortowego-ministra-rodziny-i-polityki-spolecznej-opieka-wytchnieniowa-dla-jednostek-samorzadu-terytorialnego&#8211;edycja-2024<\/a><\/li><li>Biura Pe\u0142nomocnika Rz\u0105du ds. Os\u00f3b Niepe\u0142nosprawnych na stronie: <a href=\"https:\/\/niepelnosprawni.gov.pl\/a,1488,nabor-wnioskow-w-ramach-programu-resortowego-ministra-rodziny-i-polityki-spolecznej-opieka-wytchnieniowa-dla-jednostek-samorzadu-terytorialnego-edycja-2024\">https:\/\/niepelnosprawni.gov.pl\/a,1488,nabor-wnioskow-w-ramach-programu-resortowego-ministra-rodziny-i-polityki-spolecznej-<\/a><\/li><\/ol>\n\n\n<div class=\"wp-block-image\">\n<figure class=\"aligncenter size-full\"><img loading=\"lazy\" width=\"644\" height=\"839\" src=\"https:\/\/www.mopskrasnystaw.pl\/wp-content\/uploads\/2024\/07\/002_03072024_092551.jpg\" alt=\"\" class=\"wp-image-4744\" srcset=\"https:\/\/www.mopskrasnystaw.pl\/wp-content\/uploads\/2024\/07\/002_03072024_092551.jpg 644w, https:\/\/www.mopskrasnystaw.pl\/wp-content\/uploads\/2024\/07\/002_03072024_092551-230x300.jpg 230w\" sizes=\"(max-width: 644px) 100vw, 644px\" \/><\/figure><\/div>","protected":false},"excerpt":{"rendered":"<p>Program Ministerstwa Rodziny i Polityki Spo\u0142ecznej dofinansowany ze \u015brodk\u00f3w Funduszu Solidarno\u015bciowego \u201eOpieka wytchnieniowa\u201d dla Jednostek Samorz\u0105du Terytorialnego\u2013 edycja 2024 Ca\u0142kowita warto\u015b\u0107 dofinansowania dla Miasta Krasnystaw w roku 2024 wynosi 171&nbsp;360,00 z\u0142. W zwi\u0105zku z informacj\u0105 Wojewody Lubelskiego o przyznaniu \u015brodk\u00f3w z Funduszu Solidarno\u015bciowego na realizacj\u0119 Programu, Miejski O\u015brodek Pomocy Spo\u0142ecznejw Krasnymstawie rozpoczyna przyjmowanie zg\u0142osze\u0144. Kart\u0119 [&hellip;]<\/p>\n","protected":false},"author":3,"featured_media":0,"parent":0,"menu_order":0,"comment_status":"closed","ping_status":"closed","template":"","meta":[],"yoast_head":"<!-- This site is optimized with the Yoast SEO plugin v19.0 - https:\/\/yoast.com\/wordpress\/plugins\/seo\/ -->\n<title>Opieka wytchnieniowa \u2013 edycja 2024 - MOPS Krasnystaw<\/title>\n<meta name=\"robots\" content=\"index, follow, max-snippet:-1, max-image-preview:large, max-video-preview:-1\" \/>\n<link rel=\"canonical\" href=\"https:\/\/www.mopskrasnystaw.pl\/?page_id=4669\" \/>\n<meta property=\"og:locale\" content=\"pl_PL\" \/>\n<meta property=\"og:type\" content=\"article\" \/>\n<meta property=\"og:title\" content=\"Opieka wytchnieniowa \u2013 edycja 2024 - MOPS Krasnystaw\" \/>\n<meta property=\"og:description\" content=\"Program Ministerstwa Rodziny i Polityki Spo\u0142ecznej dofinansowany ze \u015brodk\u00f3w Funduszu Solidarno\u015bciowego \u201eOpieka wytchnieniowa\u201d dla Jednostek Samorz\u0105du Terytorialnego\u2013 edycja 2024 Ca\u0142kowita warto\u015b\u0107 dofinansowania dla Miasta Krasnystaw w roku 2024 wynosi 171&nbsp;360,00 z\u0142. W zwi\u0105zku z informacj\u0105 Wojewody Lubelskiego o przyznaniu \u015brodk\u00f3w z Funduszu Solidarno\u015bciowego na realizacj\u0119 Programu, Miejski O\u015brodek Pomocy Spo\u0142ecznejw Krasnymstawie rozpoczyna przyjmowanie zg\u0142osze\u0144. Kart\u0119 [&hellip;]\" \/>\n<meta property=\"og:url\" content=\"https:\/\/www.mopskrasnystaw.pl\/?page_id=4669\" \/>\n<meta property=\"og:site_name\" content=\"MOPS Krasnystaw\" \/>\n<meta property=\"article:modified_time\" content=\"2024-07-03T07:26:31+00:00\" \/>\n<meta property=\"og:image\" content=\"https:\/\/www.mopskrasnystaw.pl\/wp-content\/uploads\/2023\/11\/flaga.png\" \/>\n<meta name=\"twitter:card\" content=\"summary_large_image\" \/>\n<meta name=\"twitter:label1\" content=\"Szacowany czas czytania\" \/>\n\t<meta name=\"twitter:data1\" content=\"4 minuty\" \/>\n<script type=\"application\/ld+json\" class=\"yoast-schema-graph\">{\"@context\":\"https:\/\/schema.org\",\"@graph\":[{\"@type\":\"WebSite\",\"@id\":\"https:\/\/www.mopskrasnystaw.pl\/#website\",\"url\":\"https:\/\/www.mopskrasnystaw.pl\/\",\"name\":\"MOPS Krasnystaw\",\"description\":\"\",\"potentialAction\":[{\"@type\":\"SearchAction\",\"target\":{\"@type\":\"EntryPoint\",\"urlTemplate\":\"https:\/\/www.mopskrasnystaw.pl\/?s={search_term_string}\"},\"query-input\":\"required name=search_term_string\"}],\"inLanguage\":\"pl-PL\"},{\"@type\":\"ImageObject\",\"inLanguage\":\"pl-PL\",\"@id\":\"https:\/\/www.mopskrasnystaw.pl\/?page_id=4669#primaryimage\",\"url\":\"https:\/\/www.mopskrasnystaw.pl\/wp-content\/uploads\/2023\/11\/flaga.png\",\"contentUrl\":\"https:\/\/www.mopskrasnystaw.pl\/wp-content\/uploads\/2023\/11\/flaga.png\",\"width\":989,\"height\":188},{\"@type\":\"WebPage\",\"@id\":\"https:\/\/www.mopskrasnystaw.pl\/?page_id=4669#webpage\",\"url\":\"https:\/\/www.mopskrasnystaw.pl\/?page_id=4669\",\"name\":\"Opieka wytchnieniowa \u2013 edycja 2024 - MOPS Krasnystaw\",\"isPartOf\":{\"@id\":\"https:\/\/www.mopskrasnystaw.pl\/#website\"},\"primaryImageOfPage\":{\"@id\":\"https:\/\/www.mopskrasnystaw.pl\/?page_id=4669#primaryimage\"},\"datePublished\":\"2024-02-06T11:29:50+00:00\",\"dateModified\":\"2024-07-03T07:26:31+00:00\",\"breadcrumb\":{\"@id\":\"https:\/\/www.mopskrasnystaw.pl\/?page_id=4669#breadcrumb\"},\"inLanguage\":\"pl-PL\",\"potentialAction\":[{\"@type\":\"ReadAction\",\"target\":[\"https:\/\/www.mopskrasnystaw.pl\/?page_id=4669\"]}]},{\"@type\":\"BreadcrumbList\",\"@id\":\"https:\/\/www.mopskrasnystaw.pl\/?page_id=4669#breadcrumb\",\"itemListElement\":[{\"@type\":\"ListItem\",\"position\":1,\"name\":\"Strona g\u0142\u00f3wna\",\"item\":\"https:\/\/www.mopskrasnystaw.pl\/\"},{\"@type\":\"ListItem\",\"position\":2,\"name\":\"Opieka wytchnieniowa \u2013 edycja 2024\"}]}]}<\/script>\n<!-- \/ Yoast SEO plugin. -->","yoast_head_json":{"title":"Opieka wytchnieniowa \u2013 edycja 2024 - MOPS Krasnystaw","robots":{"index":"index","follow":"follow","max-snippet":"max-snippet:-1","max-image-preview":"max-image-preview:large","max-video-preview":"max-video-preview:-1"},"canonical":"https:\/\/www.mopskrasnystaw.pl\/?page_id=4669","og_locale":"pl_PL","og_type":"article","og_title":"Opieka wytchnieniowa \u2013 edycja 2024 - MOPS Krasnystaw","og_description":"Program Ministerstwa Rodziny i Polityki Spo\u0142ecznej dofinansowany ze \u015brodk\u00f3w Funduszu Solidarno\u015bciowego \u201eOpieka wytchnieniowa\u201d dla Jednostek Samorz\u0105du Terytorialnego\u2013 edycja 2024 Ca\u0142kowita warto\u015b\u0107 dofinansowania dla Miasta Krasnystaw w roku 2024 wynosi 171&nbsp;360,00 z\u0142. W zwi\u0105zku z informacj\u0105 Wojewody Lubelskiego o przyznaniu \u015brodk\u00f3w z Funduszu Solidarno\u015bciowego na realizacj\u0119 Programu, Miejski O\u015brodek Pomocy Spo\u0142ecznejw Krasnymstawie rozpoczyna przyjmowanie zg\u0142osze\u0144. Kart\u0119 [&hellip;]","og_url":"https:\/\/www.mopskrasnystaw.pl\/?page_id=4669","og_site_name":"MOPS Krasnystaw","article_modified_time":"2024-07-03T07:26:31+00:00","og_image":[{"url":"https:\/\/www.mopskrasnystaw.pl\/wp-content\/uploads\/2023\/11\/flaga.png"}],"twitter_card":"summary_large_image","twitter_misc":{"Szacowany czas czytania":"4 minuty"},"schema":{"@context":"https:\/\/schema.org","@graph":[{"@type":"WebSite","@id":"https:\/\/www.mopskrasnystaw.pl\/#website","url":"https:\/\/www.mopskrasnystaw.pl\/","name":"MOPS Krasnystaw","description":"","potentialAction":[{"@type":"SearchAction","target":{"@type":"EntryPoint","urlTemplate":"https:\/\/www.mopskrasnystaw.pl\/?s={search_term_string}"},"query-input":"required name=search_term_string"}],"inLanguage":"pl-PL"},{"@type":"ImageObject","inLanguage":"pl-PL","@id":"https:\/\/www.mopskrasnystaw.pl\/?page_id=4669#primaryimage","url":"https:\/\/www.mopskrasnystaw.pl\/wp-content\/uploads\/2023\/11\/flaga.png","contentUrl":"https:\/\/www.mopskrasnystaw.pl\/wp-content\/uploads\/2023\/11\/flaga.png","width":989,"height":188},{"@type":"WebPage","@id":"https:\/\/www.mopskrasnystaw.pl\/?page_id=4669#webpage","url":"https:\/\/www.mopskrasnystaw.pl\/?page_id=4669","name":"Opieka wytchnieniowa \u2013 edycja 2024 - MOPS Krasnystaw","isPartOf":{"@id":"https:\/\/www.mopskrasnystaw.pl\/#website"},"primaryImageOfPage":{"@id":"https:\/\/www.mopskrasnystaw.pl\/?page_id=4669#primaryimage"},"datePublished":"2024-02-06T11:29:50+00:00","dateModified":"2024-07-03T07:26:31+00:00","breadcrumb":{"@id":"https:\/\/www.mopskrasnystaw.pl\/?page_id=4669#breadcrumb"},"inLanguage":"pl-PL","potentialAction":[{"@type":"ReadAction","target":["https:\/\/www.mopskrasnystaw.pl\/?page_id=4669"]}]},{"@type":"BreadcrumbList","@id":"https:\/\/www.mopskrasnystaw.pl\/?page_id=4669#breadcrumb","itemListElement":[{"@type":"ListItem","position":1,"name":"Strona g\u0142\u00f3wna","item":"https:\/\/www.mopskrasnystaw.pl\/"},{"@type":"ListItem","position":2,"name":"Opieka wytchnieniowa \u2013 edycja 2024"}]}]}},"_links":{"self":[{"href":"https:\/\/www.mopskrasnystaw.pl\/index.php?rest_route=\/wp\/v2\/pages\/4669"}],"collection":[{"href":"https:\/\/www.mopskrasnystaw.pl\/index.php?rest_route=\/wp\/v2\/pages"}],"about":[{"href":"https:\/\/www.mopskrasnystaw.pl\/index.php?rest_route=\/wp\/v2\/types\/page"}],"author":[{"embeddable":true,"href":"https:\/\/www.mopskrasnystaw.pl\/index.php?rest_route=\/wp\/v2\/users\/3"}],"replies":[{"embeddable":true,"href":"https:\/\/www.mopskrasnystaw.pl\/index.php?rest_route=%2Fwp%2Fv2%2Fcomments&post=4669"}],"version-history":[{"count":2,"href":"https:\/\/www.mopskrasnystaw.pl\/index.php?rest_route=\/wp\/v2\/pages\/4669\/revisions"}],"predecessor-version":[{"id":4745,"href":"https:\/\/www.mopskrasnystaw.pl\/index.php?rest_route=\/wp\/v2\/pages\/4669\/revisions\/4745"}],"wp:attachment":[{"href":"https:\/\/www.mopskrasnystaw.pl\/index.php?rest_route=%2Fwp%2Fv2%2Fmedia&parent=4669"}],"curies":[{"name":"wp","href":"https:\/\/api.w.org\/{rel}","templated":true}]}}