{"id":4418,"date":"2023-06-09T09:45:34","date_gmt":"2023-06-09T09:45:34","guid":{"rendered":"https:\/\/www.mopskrasnystaw.pl\/?page_id=4418"},"modified":"2023-06-09T09:56:19","modified_gmt":"2023-06-09T09:56:19","slug":"rekrutacja-zamknieta-do-uczestnictwa-w-module-ii-teleopieka-programu-oslonowego-korpus-wsparcia-seniorow-na-rok-2023","status":"publish","type":"page","link":"https:\/\/www.mopskrasnystaw.pl\/?page_id=4418","title":{"rendered":"REKRUTACJA ZAMKNI\u0118TA DO UCZESTNICTWA W MODULE II \u2013 TELEOPIEKA programu os\u0142onowego KORPUS WSPARCIA SENIOR\u00d3W na rok 2023"},"content":{"rendered":"\n<p>Miejski O\u015brodek Pomocy Spo\u0142ecznej w Krasnymstawie informuje,&nbsp; \u017ce od dnia 01.01.2023 do dnia 9 stycznia 2023r.&nbsp; prowadzi rekrutacj\u0119 zamkni\u0119t\u0105 do&nbsp; uczestnictwa w Module II Programu Korpus Wsparcia Senior\u00f3w na rok 2023.<\/p>\n\n\n\n<div class=\"wp-block-media-text alignwide is-stacked-on-mobile\" style=\"grid-template-columns:35% auto\"><figure class=\"wp-block-media-text__media\"><img loading=\"lazy\" width=\"500\" height=\"500\" src=\"https:\/\/www.mopskrasnystaw.pl\/wp-content\/uploads\/2023\/06\/teleopieka-opaska.png\" alt=\"\" class=\"wp-image-4419 size-full\" srcset=\"https:\/\/www.mopskrasnystaw.pl\/wp-content\/uploads\/2023\/06\/teleopieka-opaska.png 500w, https:\/\/www.mopskrasnystaw.pl\/wp-content\/uploads\/2023\/06\/teleopieka-opaska-300x300.png 300w, https:\/\/www.mopskrasnystaw.pl\/wp-content\/uploads\/2023\/06\/teleopieka-opaska-150x150.png 150w\" sizes=\"(max-width: 500px) 100vw, 500px\" \/><\/figure><div class=\"wp-block-media-text__content\">\n<p class=\"has-text-align-left has-medium-font-size\"><strong>Dokumenty do pobrania:<\/strong><\/p>\n\n\n\n<div class=\"wp-block-file alignleft\"><a id=\"wp-block-file--media-20b0535c-fa35-4489-9d5d-cf8571235f66\" href=\"https:\/\/www.mopskrasnystaw.pl\/wp-content\/uploads\/2023\/06\/Regulamin-Teleopieki-KWS-\u2014-Formularz.pdf\"><strong>Formularz zg\u0142oszeniowy.pdf<\/strong><\/a><\/div>\n\n\n\n<div class=\"wp-block-file\"><a id=\"wp-block-file--media-356c8ae7-108a-406d-8014-60be205eb382\" href=\"https:\/\/www.mopskrasnystaw.pl\/wp-content\/uploads\/2023\/06\/Regulamin-Teleopieki-KWS.pdf\"><strong>Regulamin Teleopieki.pdf<\/strong><\/a><\/div>\n<\/div><\/div>\n\n\n\n<p><\/p>\n\n\n\n<p><strong>Celem programu jest zapewnienie us\u0142ug wsparcia krasnostawskim seniorom w wieku 65 lat oraz poprawa ich poczucia bezpiecze\u0144stwa i mo\u017cliwo\u015bci samodzielnego funkcjonowania w miejscu zamieszkania.<\/strong><\/p>\n\n\n\n<p><strong>Program jest realizowany w terminie&nbsp; do dnia 31 grudnia 2023 r.<\/strong> i adresowany jest do mieszka\u0144c\u00f3w Krasnegostawu w wieku 65 lat i wi\u0119cej, kt\u00f3rzy maj\u0105 problemy z samodzielnym funkcjonowaniem ze wzgl\u0119du na stan zdrowia, w szczeg\u00f3lno\u015bci:<\/p>\n\n\n\n<ul><li>do os\u00f3b prowadz\u0105cych samodzielne gospodarstwa domowe,<\/li><li>do os\u00f3b zamieszkuj\u0105cych z osobami bliskimi, kt\u00f3re nie s\u0105 w stanie zapewni\u0107 im wystarczaj\u0105cego wsparcia<\/li><\/ul>\n\n\n\n<p><strong><u>W ramach Modu\u0142u II Programu&nbsp; uczestnicy \u2013 odbiorcy wsparcia wyposa\u017ceni zostan\u0105 w urz\u0105dzenia telemedyczne tzw. opaski Teleopieki<\/u><\/strong> maj\u0105ce na celu popraw\u0119 bezpiecze\u0144stwa oraz mo\u017cliwo\u015bci samodzielnego funkcjonowania w miejscu zamieszkania os\u00f3b starszych.<\/p>\n\n\n\n<p>&nbsp;Mieszka\u0144cy Krasnegostawu maj\u0105 mo\u017cliwo\u015b\u0107 <strong>skorzystania nieodp\u0142atnie z us\u0142ugi TELEOPIEKI, koszty finansowane s\u0105 \u015brodk\u00f3w Bud\u017cetu Pa\u0144stwa oraz miasta Krasnystaw.<\/strong><\/p>\n\n\n\n<p><strong>Rekrutacja MA CHARAKTER ZAMKNI\u0118TY i jest skierowana do mieszka\u0144c\u00f3w Krasnegostawu obj\u0119tych wsparciem opieki na odleg\u0142o\u015b\u0107 \u2013 TELEOPIEKI&nbsp;&nbsp;&nbsp;&nbsp;&nbsp;&nbsp;&nbsp;&nbsp;&nbsp;&nbsp;&nbsp;&nbsp; &nbsp;w roku 2022.<\/strong><strong><u><\/u><\/strong><\/p>\n\n\n\n<p>&nbsp; Osoby zainteresowane kontynuacj\u0105 wsparcia prosimy &nbsp;o zapoznanie si\u0119 z Regulaminem rekrutacji i udzia\u0142u w Programie oraz o przed\u0142o\u017cenie Formularza Zg\u0142oszeniowego <strong>osobi\u015bcie w:<\/strong><\/p>\n\n\n\n<ul><li><strong>siedzibie MOPS w Krasnymstawie przy ul. Marsza\u0142ka Pi\u0142sudskiego 9&nbsp; (I pi\u0119tro)&nbsp; w godz. 7.30 \u2013 15.30<\/strong>,<\/li><li><strong>Punkcie Wsparcia Seniora ul. Okrzei 10 (I pi\u0119tro Krasnostawskiego Domu Kultury) wtorek \u2013 pi\u0105tek&nbsp;&nbsp; w godz. 9.00 \u2013 16.00<\/strong><\/li><\/ul>\n\n\n\n<p><strong>&nbsp;W sytuacji nie wyczerpania limitu dost\u0119pnych urz\u0105dze\u0144 (6 opasek telemedycznych) zostanie przeprowadzona rekrutacja otwarta skierowana do wszystkich mieszka\u0144c\u00f3w Krasnegostawu spe\u0142niaj\u0105cych kryteria kwalifikuj\u0105ce.<\/strong><\/p>\n\n\n\n<p class=\"has-text-align-center\">Wi\u0119cej informacji na temat program\u00f3w<\/p>\n\n\n\n<div class=\"wp-container-3 wp-block-columns\">\n<div class=\"wp-container-1 wp-block-column\">\n<div class=\"wp-block-file alignleft\"><a id=\"wp-block-file--media-ab20fb50-d905-4dd9-9535-80a72a6eebfe\" href=\"https:\/\/www.mopskrasnystaw.pl\/wp-content\/uploads\/2023\/06\/Program-oslonowy-Korpus-Wsparcia-Seniorow-2023.pdf\">Program os\u0142onowy Korpus Wsparcia Senior\u00f3w 2023<\/a><\/div>\n<\/div>\n\n\n\n<div class=\"wp-container-2 wp-block-column\">\n<div class=\"wp-block-file\"><a id=\"wp-block-file--media-065cad75-ecb9-4453-9a96-c772a7afeec6\" href=\"https:\/\/www.mopskrasnystaw.pl\/wp-content\/uploads\/2023\/06\/Rzadowy-Program-Korpus-Wsparcia-Seniorow-na-rok-2023.pdf\">Rz\u0105dowy Program Korpus Wsparcia Senior\u00f3w     na rok 2023<\/a><\/div>\n<\/div>\n<\/div>\n","protected":false},"excerpt":{"rendered":"<p>Miejski O\u015brodek Pomocy Spo\u0142ecznej w Krasnymstawie informuje,&nbsp; \u017ce od dnia 01.01.2023 do dnia 9 stycznia 2023r.&nbsp; prowadzi rekrutacj\u0119 zamkni\u0119t\u0105 do&nbsp; uczestnictwa w Module II Programu Korpus Wsparcia Senior\u00f3w na rok 2023. Celem programu jest zapewnienie us\u0142ug wsparcia krasnostawskim seniorom w wieku 65 lat oraz poprawa ich poczucia bezpiecze\u0144stwa i mo\u017cliwo\u015bci samodzielnego funkcjonowania w miejscu zamieszkania. [&hellip;]<\/p>\n","protected":false},"author":3,"featured_media":0,"parent":0,"menu_order":0,"comment_status":"closed","ping_status":"closed","template":"","meta":[],"yoast_head":"<!-- This site is optimized with the Yoast SEO plugin v19.0 - https:\/\/yoast.com\/wordpress\/plugins\/seo\/ -->\n<title>REKRUTACJA ZAMKNI\u0118TA DO UCZESTNICTWA W MODULE II \u2013 TELEOPIEKA programu os\u0142onowego KORPUS WSPARCIA SENIOR\u00d3W na rok 2023 - MOPS Krasnystaw<\/title>\n<meta name=\"robots\" content=\"index, follow, max-snippet:-1, max-image-preview:large, max-video-preview:-1\" \/>\n<link rel=\"canonical\" href=\"https:\/\/www.mopskrasnystaw.pl\/?page_id=4418\" \/>\n<meta property=\"og:locale\" content=\"pl_PL\" \/>\n<meta property=\"og:type\" content=\"article\" \/>\n<meta property=\"og:title\" content=\"REKRUTACJA ZAMKNI\u0118TA DO UCZESTNICTWA W MODULE II \u2013 TELEOPIEKA programu os\u0142onowego KORPUS WSPARCIA SENIOR\u00d3W na rok 2023 - MOPS Krasnystaw\" \/>\n<meta property=\"og:description\" content=\"Miejski O\u015brodek Pomocy Spo\u0142ecznej w Krasnymstawie informuje,&nbsp; \u017ce od dnia 01.01.2023 do dnia 9 stycznia 2023r.&nbsp; prowadzi rekrutacj\u0119 zamkni\u0119t\u0105 do&nbsp; uczestnictwa w Module II Programu Korpus Wsparcia Senior\u00f3w na rok 2023. Celem programu jest zapewnienie us\u0142ug wsparcia krasnostawskim seniorom w wieku 65 lat oraz poprawa ich poczucia bezpiecze\u0144stwa i mo\u017cliwo\u015bci samodzielnego funkcjonowania w miejscu zamieszkania. [&hellip;]\" \/>\n<meta property=\"og:url\" content=\"https:\/\/www.mopskrasnystaw.pl\/?page_id=4418\" \/>\n<meta property=\"og:site_name\" content=\"MOPS Krasnystaw\" \/>\n<meta property=\"article:modified_time\" content=\"2023-06-09T09:56:19+00:00\" \/>\n<meta property=\"og:image\" content=\"https:\/\/www.mopskrasnystaw.pl\/wp-content\/uploads\/2023\/06\/teleopieka-opaska.png\" \/>\n<meta name=\"twitter:card\" content=\"summary_large_image\" \/>\n<meta name=\"twitter:label1\" content=\"Szacowany czas czytania\" \/>\n\t<meta name=\"twitter:data1\" content=\"2 minuty\" \/>\n<script type=\"application\/ld+json\" class=\"yoast-schema-graph\">{\"@context\":\"https:\/\/schema.org\",\"@graph\":[{\"@type\":\"WebSite\",\"@id\":\"https:\/\/www.mopskrasnystaw.pl\/#website\",\"url\":\"https:\/\/www.mopskrasnystaw.pl\/\",\"name\":\"MOPS Krasnystaw\",\"description\":\"\",\"potentialAction\":[{\"@type\":\"SearchAction\",\"target\":{\"@type\":\"EntryPoint\",\"urlTemplate\":\"https:\/\/www.mopskrasnystaw.pl\/?s={search_term_string}\"},\"query-input\":\"required name=search_term_string\"}],\"inLanguage\":\"pl-PL\"},{\"@type\":\"ImageObject\",\"inLanguage\":\"pl-PL\",\"@id\":\"https:\/\/www.mopskrasnystaw.pl\/?page_id=4418#primaryimage\",\"url\":\"https:\/\/www.mopskrasnystaw.pl\/wp-content\/uploads\/2023\/06\/teleopieka-opaska.png\",\"contentUrl\":\"https:\/\/www.mopskrasnystaw.pl\/wp-content\/uploads\/2023\/06\/teleopieka-opaska.png\",\"width\":500,\"height\":500},{\"@type\":\"WebPage\",\"@id\":\"https:\/\/www.mopskrasnystaw.pl\/?page_id=4418#webpage\",\"url\":\"https:\/\/www.mopskrasnystaw.pl\/?page_id=4418\",\"name\":\"REKRUTACJA ZAMKNI\u0118TA DO UCZESTNICTWA W MODULE II \u2013 TELEOPIEKA programu os\u0142onowego KORPUS WSPARCIA SENIOR\u00d3W na rok 2023 - MOPS Krasnystaw\",\"isPartOf\":{\"@id\":\"https:\/\/www.mopskrasnystaw.pl\/#website\"},\"primaryImageOfPage\":{\"@id\":\"https:\/\/www.mopskrasnystaw.pl\/?page_id=4418#primaryimage\"},\"datePublished\":\"2023-06-09T09:45:34+00:00\",\"dateModified\":\"2023-06-09T09:56:19+00:00\",\"breadcrumb\":{\"@id\":\"https:\/\/www.mopskrasnystaw.pl\/?page_id=4418#breadcrumb\"},\"inLanguage\":\"pl-PL\",\"potentialAction\":[{\"@type\":\"ReadAction\",\"target\":[\"https:\/\/www.mopskrasnystaw.pl\/?page_id=4418\"]}]},{\"@type\":\"BreadcrumbList\",\"@id\":\"https:\/\/www.mopskrasnystaw.pl\/?page_id=4418#breadcrumb\",\"itemListElement\":[{\"@type\":\"ListItem\",\"position\":1,\"name\":\"Strona g\u0142\u00f3wna\",\"item\":\"https:\/\/www.mopskrasnystaw.pl\/\"},{\"@type\":\"ListItem\",\"position\":2,\"name\":\"REKRUTACJA ZAMKNI\u0118TA DO UCZESTNICTWA W MODULE II \u2013 TELEOPIEKA programu os\u0142onowego KORPUS WSPARCIA SENIOR\u00d3W na rok 2023\"}]}]}<\/script>\n<!-- \/ Yoast SEO plugin. -->","yoast_head_json":{"title":"REKRUTACJA ZAMKNI\u0118TA DO UCZESTNICTWA W MODULE II \u2013 TELEOPIEKA programu os\u0142onowego KORPUS WSPARCIA SENIOR\u00d3W na rok 2023 - MOPS Krasnystaw","robots":{"index":"index","follow":"follow","max-snippet":"max-snippet:-1","max-image-preview":"max-image-preview:large","max-video-preview":"max-video-preview:-1"},"canonical":"https:\/\/www.mopskrasnystaw.pl\/?page_id=4418","og_locale":"pl_PL","og_type":"article","og_title":"REKRUTACJA ZAMKNI\u0118TA DO UCZESTNICTWA W MODULE II \u2013 TELEOPIEKA programu os\u0142onowego KORPUS WSPARCIA SENIOR\u00d3W na rok 2023 - MOPS Krasnystaw","og_description":"Miejski O\u015brodek Pomocy Spo\u0142ecznej w Krasnymstawie informuje,&nbsp; \u017ce od dnia 01.01.2023 do dnia 9 stycznia 2023r.&nbsp; prowadzi rekrutacj\u0119 zamkni\u0119t\u0105 do&nbsp; uczestnictwa w Module II Programu Korpus Wsparcia Senior\u00f3w na rok 2023. Celem programu jest zapewnienie us\u0142ug wsparcia krasnostawskim seniorom w wieku 65 lat oraz poprawa ich poczucia bezpiecze\u0144stwa i mo\u017cliwo\u015bci samodzielnego funkcjonowania w miejscu zamieszkania. [&hellip;]","og_url":"https:\/\/www.mopskrasnystaw.pl\/?page_id=4418","og_site_name":"MOPS Krasnystaw","article_modified_time":"2023-06-09T09:56:19+00:00","og_image":[{"url":"https:\/\/www.mopskrasnystaw.pl\/wp-content\/uploads\/2023\/06\/teleopieka-opaska.png"}],"twitter_card":"summary_large_image","twitter_misc":{"Szacowany czas czytania":"2 minuty"},"schema":{"@context":"https:\/\/schema.org","@graph":[{"@type":"WebSite","@id":"https:\/\/www.mopskrasnystaw.pl\/#website","url":"https:\/\/www.mopskrasnystaw.pl\/","name":"MOPS Krasnystaw","description":"","potentialAction":[{"@type":"SearchAction","target":{"@type":"EntryPoint","urlTemplate":"https:\/\/www.mopskrasnystaw.pl\/?s={search_term_string}"},"query-input":"required name=search_term_string"}],"inLanguage":"pl-PL"},{"@type":"ImageObject","inLanguage":"pl-PL","@id":"https:\/\/www.mopskrasnystaw.pl\/?page_id=4418#primaryimage","url":"https:\/\/www.mopskrasnystaw.pl\/wp-content\/uploads\/2023\/06\/teleopieka-opaska.png","contentUrl":"https:\/\/www.mopskrasnystaw.pl\/wp-content\/uploads\/2023\/06\/teleopieka-opaska.png","width":500,"height":500},{"@type":"WebPage","@id":"https:\/\/www.mopskrasnystaw.pl\/?page_id=4418#webpage","url":"https:\/\/www.mopskrasnystaw.pl\/?page_id=4418","name":"REKRUTACJA ZAMKNI\u0118TA DO UCZESTNICTWA W MODULE II \u2013 TELEOPIEKA programu os\u0142onowego KORPUS WSPARCIA SENIOR\u00d3W na rok 2023 - MOPS Krasnystaw","isPartOf":{"@id":"https:\/\/www.mopskrasnystaw.pl\/#website"},"primaryImageOfPage":{"@id":"https:\/\/www.mopskrasnystaw.pl\/?page_id=4418#primaryimage"},"datePublished":"2023-06-09T09:45:34+00:00","dateModified":"2023-06-09T09:56:19+00:00","breadcrumb":{"@id":"https:\/\/www.mopskrasnystaw.pl\/?page_id=4418#breadcrumb"},"inLanguage":"pl-PL","potentialAction":[{"@type":"ReadAction","target":["https:\/\/www.mopskrasnystaw.pl\/?page_id=4418"]}]},{"@type":"BreadcrumbList","@id":"https:\/\/www.mopskrasnystaw.pl\/?page_id=4418#breadcrumb","itemListElement":[{"@type":"ListItem","position":1,"name":"Strona g\u0142\u00f3wna","item":"https:\/\/www.mopskrasnystaw.pl\/"},{"@type":"ListItem","position":2,"name":"REKRUTACJA ZAMKNI\u0118TA DO UCZESTNICTWA W MODULE II \u2013 TELEOPIEKA programu os\u0142onowego KORPUS WSPARCIA SENIOR\u00d3W na rok 2023"}]}]}},"_links":{"self":[{"href":"https:\/\/www.mopskrasnystaw.pl\/index.php?rest_route=\/wp\/v2\/pages\/4418"}],"collection":[{"href":"https:\/\/www.mopskrasnystaw.pl\/index.php?rest_route=\/wp\/v2\/pages"}],"about":[{"href":"https:\/\/www.mopskrasnystaw.pl\/index.php?rest_route=\/wp\/v2\/types\/page"}],"author":[{"embeddable":true,"href":"https:\/\/www.mopskrasnystaw.pl\/index.php?rest_route=\/wp\/v2\/users\/3"}],"replies":[{"embeddable":true,"href":"https:\/\/www.mopskrasnystaw.pl\/index.php?rest_route=%2Fwp%2Fv2%2Fcomments&post=4418"}],"version-history":[{"count":4,"href":"https:\/\/www.mopskrasnystaw.pl\/index.php?rest_route=\/wp\/v2\/pages\/4418\/revisions"}],"predecessor-version":[{"id":4429,"href":"https:\/\/www.mopskrasnystaw.pl\/index.php?rest_route=\/wp\/v2\/pages\/4418\/revisions\/4429"}],"wp:attachment":[{"href":"https:\/\/www.mopskrasnystaw.pl\/index.php?rest_route=%2Fwp%2Fv2%2Fmedia&parent=4418"}],"curies":[{"name":"wp","href":"https:\/\/api.w.org\/{rel}","templated":true}]}}