{"id":3297,"date":"2022-02-03T07:49:05","date_gmt":"2022-02-03T07:49:05","guid":{"rendered":"https:\/\/www.mopskrasnystaw.pl\/?page_id=3297"},"modified":"2022-07-05T09:29:05","modified_gmt":"2022-07-05T09:29:05","slug":"sernior","status":"publish","type":"page","link":"https:\/\/www.mopskrasnystaw.pl\/?page_id=3297","title":{"rendered":"Senior+"},"content":{"rendered":"\n<p><\/p>\n\n\n\n<div class=\"wp-block-media-text alignwide is-stacked-on-mobile\" style=\"grid-template-columns:33% auto\"><figure class=\"wp-block-media-text__media\"><img loading=\"lazy\" width=\"1024\" height=\"512\" src=\"https:\/\/www.mopskrasnystaw.pl\/wp-content\/uploads\/2022\/02\/157381453_486632929002982_4367410383518398335_n-1024x512.jpg\" alt=\"\" class=\"wp-image-3305 size-full\" srcset=\"https:\/\/www.mopskrasnystaw.pl\/wp-content\/uploads\/2022\/02\/157381453_486632929002982_4367410383518398335_n-1024x512.jpg 1024w, https:\/\/www.mopskrasnystaw.pl\/wp-content\/uploads\/2022\/02\/157381453_486632929002982_4367410383518398335_n-300x150.jpg 300w, https:\/\/www.mopskrasnystaw.pl\/wp-content\/uploads\/2022\/02\/157381453_486632929002982_4367410383518398335_n-768x384.jpg 768w, https:\/\/www.mopskrasnystaw.pl\/wp-content\/uploads\/2022\/02\/157381453_486632929002982_4367410383518398335_n-1536x768.jpg 1536w, https:\/\/www.mopskrasnystaw.pl\/wp-content\/uploads\/2022\/02\/157381453_486632929002982_4367410383518398335_n.jpg 1984w\" sizes=\"(max-width: 1024px) 100vw, 1024px\" \/><\/figure><div class=\"wp-block-media-text__content\">\n<p><strong>Klub Senior +<\/strong> jest o\u015brodkiem wsparcia dla senior\u00f3w w rozumieniu przepisu art. 51 ust. 4 ustawy z dnia 12 marca 2004 r. o pomocy spo\u0142ecznej.<\/p>\n\n\n\n<p><strong>Celem o\u015brodka<\/strong> jest zapewnienia wsparcia seniorom poprzez umo\u017cliwienie&nbsp;korzystania z oferty opieku\u0144czej, aktywizuj\u0105cej, edukacyjnej, kulturalnej, rekreacyjnej&nbsp;oraz prozdrowotnej.<\/p>\n<\/div><\/div>\n\n\n\n<p>Klub Senior + <strong>funkcjonuje codziennie<\/strong> (dni robocze) w godzinach <strong>od 9.00 do 13.30<\/strong>&nbsp;w pomieszczeniach znajduj\u0105cych si\u0119 na parterze siedziby Miejskiego O\u015brodka Pomocy spo\u0142ecznej w Krasnymstawie.<\/p>\n\n\n\n<p><strong>Celem o\u015brodka<\/strong> jest zapewnienia wsparcia seniorom poprzez umo\u017cliwienie&nbsp;korzystania z oferty opieku\u0144czej, aktywizuj\u0105cej, edukacyjnej, kulturalnej, rekreacyjnej&nbsp;oraz prozdrowotnej.<\/p>\n\n\n\n<p>Klub Senior + <strong>funkcjonuje codziennie<\/strong> (dni robocze) w godzinach <strong>od 9.00 do 13.30<\/strong>&nbsp;w pomieszczeniach znajduj\u0105cych si\u0119 na parterze siedziby Miejskiego O\u015brodka Pomocy spo\u0142ecznej w Krasnymstawie.<\/p>\n\n\n\n<p>Pobyt w Klubie Senior+&nbsp; jest dobrowolne i nieodp\u0142atne (Uchwa\u0142a Nr XXVI\/194\/2021 Rady miasta Krasnystaw z dnia 18 lutego 2021 r. )<\/p>\n\n\n\n<p>Klub Senior +&nbsp; <strong>dysponuje 20 miejscami<\/strong>. Uczestnikami Klubu mo\u017ce zosta\u0107 ka\u017cdy senior zamieszka\u0142y na terenie miasta Krasnystaw, kt\u00f3ry zako\u0144czy\u0142 ju\u017c aktywno\u015b\u0107 zawodow\u0105.<\/p>\n\n\n\n<p>Klub&nbsp; dysonuje pomieszczeniami dostosowanymi do potrzeb os\u00f3b starszych tj.<\/p>\n\n\n\n<p>&#8211; pomieszczenie aktywizacyjne &#8211;&nbsp; wyposa\u017cone w aneks kuchenny &#8211; przeznaczone na wsp\u00f3lne spotkania senior\u00f3w \u2013 Spotkajmy si\u0119 (\u015bniadanie seniora) z dost\u0119pem do biblioteczki Seniora,<\/p>\n\n\n\n<p>&#8211; pomieszczenie rehabilitacyjno \u2013 ruchowe \u2013 wyposa\u017cone w niezb\u0119dnych sprz\u0119t Orbitrek, Rotor, Bie\u017cnia, \u0142\u00f3\u017cko rehabilitacyjne, materace oraz fotel masuj\u0105cy.<\/p>\n\n\n\n<p>&#8211; pomieszczenie klubowe \u2013 wyposa\u017cone w sprz\u0119t muzyczny i komputerowy.<\/p>\n\n\n\n<p>&#8211; pomieszczenie og\u00f3lnodost\u0119pne.<\/p>\n\n\n\n<p><strong>Klubu Senior + zosta\u0142 utworzony dzi\u0119ki uzyskanemu dofinansowaniu ze \u015brodk\u00f3w bud\u017cetu pa\u0144stwa otrzymanych od Wojewody Lubelskiego&nbsp; w ramach modu\u0142u I Programu Wieloletniego \u201eSenior +\u201d&nbsp; na lata 2015 \u2013 2020 Edycja 2020.<\/strong><\/p>\n\n\n\n<div class=\"wp-block-file\"><a id=\"wp-block-file--media-61acddf6-5157-4a65-bd62-5bab0178742e\" href=\"https:\/\/www.mopskrasnystaw.pl\/wp-content\/uploads\/2022\/02\/Informacja.docx\">Informacja<\/a><a href=\"https:\/\/www.mopskrasnystaw.pl\/wp-content\/uploads\/2022\/02\/Informacja.docx\" class=\"wp-block-file__button\" download aria-describedby=\"wp-block-file--media-61acddf6-5157-4a65-bd62-5bab0178742e\">Pobierz<\/a><\/div>\n\n\n\n<div class=\"wp-block-file\"><a id=\"wp-block-file--media-df9c2ea4-4050-4fa3-bd98-2b19fc450519\" href=\"https:\/\/www.mopskrasnystaw.pl\/wp-content\/uploads\/2022\/02\/Formularz.docx\">Formularz<\/a><a href=\"https:\/\/www.mopskrasnystaw.pl\/wp-content\/uploads\/2022\/02\/Formularz.docx\" class=\"wp-block-file__button\" download aria-describedby=\"wp-block-file--media-df9c2ea4-4050-4fa3-bd98-2b19fc450519\">Pobierz<\/a><\/div>\n\n\n\n<div class=\"wp-block-file\"><a id=\"wp-block-file--media-e80f0b53-4a5b-42f0-8e5c-004297e69907\" href=\"https:\/\/www.mopskrasnystaw.pl\/wp-content\/uploads\/2022\/02\/Formularz-Klub-S.pdf\">Formularz Klub Senior+<\/a><a href=\"https:\/\/www.mopskrasnystaw.pl\/wp-content\/uploads\/2022\/02\/Formularz-Klub-S.pdf\" class=\"wp-block-file__button\" download aria-describedby=\"wp-block-file--media-e80f0b53-4a5b-42f0-8e5c-004297e69907\">Pobierz<\/a><\/div>\n\n\n\n<figure class=\"wp-container-2 wp-block-gallery-1 wp-block-gallery has-nested-images columns-default is-cropped\">\n<figure class=\"wp-block-image size-large\"><img loading=\"lazy\" width=\"992\" height=\"1984\" data-id=\"3304\"  src=\"https:\/\/www.mopskrasnystaw.pl\/wp-content\/uploads\/2022\/02\/156954679_486794662330806_6425343680999981775_n.jpg\" alt=\"\" class=\"wp-image-3304\" srcset=\"https:\/\/www.mopskrasnystaw.pl\/wp-content\/uploads\/2022\/02\/156954679_486794662330806_6425343680999981775_n.jpg 992w, https:\/\/www.mopskrasnystaw.pl\/wp-content\/uploads\/2022\/02\/156954679_486794662330806_6425343680999981775_n-150x300.jpg 150w, https:\/\/www.mopskrasnystaw.pl\/wp-content\/uploads\/2022\/02\/156954679_486794662330806_6425343680999981775_n-512x1024.jpg 512w, https:\/\/www.mopskrasnystaw.pl\/wp-content\/uploads\/2022\/02\/156954679_486794662330806_6425343680999981775_n-768x1536.jpg 768w\" sizes=\"(max-width: 992px) 100vw, 992px\" \/><\/figure>\n\n\n\n<figure class=\"wp-block-image size-large\"><img loading=\"lazy\" width=\"992\" height=\"1984\" data-id=\"3302\"  src=\"https:\/\/www.mopskrasnystaw.pl\/wp-content\/uploads\/2022\/02\/156971246_423561835375950_5131016693936379264_n.jpg\" alt=\"\" class=\"wp-image-3302\" srcset=\"https:\/\/www.mopskrasnystaw.pl\/wp-content\/uploads\/2022\/02\/156971246_423561835375950_5131016693936379264_n.jpg 992w, https:\/\/www.mopskrasnystaw.pl\/wp-content\/uploads\/2022\/02\/156971246_423561835375950_5131016693936379264_n-150x300.jpg 150w, https:\/\/www.mopskrasnystaw.pl\/wp-content\/uploads\/2022\/02\/156971246_423561835375950_5131016693936379264_n-512x1024.jpg 512w, https:\/\/www.mopskrasnystaw.pl\/wp-content\/uploads\/2022\/02\/156971246_423561835375950_5131016693936379264_n-768x1536.jpg 768w\" sizes=\"(max-width: 992px) 100vw, 992px\" \/><\/figure>\n\n\n\n<figure class=\"wp-block-image size-large\"><img loading=\"lazy\" width=\"1984\" height=\"992\" data-id=\"3303\"  src=\"https:\/\/www.mopskrasnystaw.pl\/wp-content\/uploads\/2022\/02\/157222509_156653046200674_2389525465691550690_n.jpg\" alt=\"\" class=\"wp-image-3303\" srcset=\"https:\/\/www.mopskrasnystaw.pl\/wp-content\/uploads\/2022\/02\/157222509_156653046200674_2389525465691550690_n.jpg 1984w, https:\/\/www.mopskrasnystaw.pl\/wp-content\/uploads\/2022\/02\/157222509_156653046200674_2389525465691550690_n-300x150.jpg 300w, https:\/\/www.mopskrasnystaw.pl\/wp-content\/uploads\/2022\/02\/157222509_156653046200674_2389525465691550690_n-1024x512.jpg 1024w, https:\/\/www.mopskrasnystaw.pl\/wp-content\/uploads\/2022\/02\/157222509_156653046200674_2389525465691550690_n-768x384.jpg 768w, https:\/\/www.mopskrasnystaw.pl\/wp-content\/uploads\/2022\/02\/157222509_156653046200674_2389525465691550690_n-1536x768.jpg 1536w\" sizes=\"(max-width: 1984px) 100vw, 1984px\" \/><\/figure>\n\n\n\n<figure class=\"wp-block-image size-large\"><img loading=\"lazy\" width=\"1984\" height=\"992\" data-id=\"3305\"  src=\"https:\/\/www.mopskrasnystaw.pl\/wp-content\/uploads\/2022\/02\/157381453_486632929002982_4367410383518398335_n.jpg\" alt=\"\" class=\"wp-image-3305\" srcset=\"https:\/\/www.mopskrasnystaw.pl\/wp-content\/uploads\/2022\/02\/157381453_486632929002982_4367410383518398335_n.jpg 1984w, https:\/\/www.mopskrasnystaw.pl\/wp-content\/uploads\/2022\/02\/157381453_486632929002982_4367410383518398335_n-300x150.jpg 300w, https:\/\/www.mopskrasnystaw.pl\/wp-content\/uploads\/2022\/02\/157381453_486632929002982_4367410383518398335_n-1024x512.jpg 1024w, https:\/\/www.mopskrasnystaw.pl\/wp-content\/uploads\/2022\/02\/157381453_486632929002982_4367410383518398335_n-768x384.jpg 768w, https:\/\/www.mopskrasnystaw.pl\/wp-content\/uploads\/2022\/02\/157381453_486632929002982_4367410383518398335_n-1536x768.jpg 1536w\" sizes=\"(max-width: 1984px) 100vw, 1984px\" \/><\/figure>\n<\/figure>\n","protected":false},"excerpt":{"rendered":"<p>Klub Senior + jest o\u015brodkiem wsparcia dla senior\u00f3w w rozumieniu przepisu art. 51 ust. 4 ustawy z dnia 12 marca 2004 r. o pomocy spo\u0142ecznej. Celem o\u015brodka jest zapewnienia wsparcia seniorom poprzez umo\u017cliwienie&nbsp;korzystania z oferty opieku\u0144czej, aktywizuj\u0105cej, edukacyjnej, kulturalnej, rekreacyjnej&nbsp;oraz prozdrowotnej. Klub Senior + funkcjonuje codziennie (dni robocze) w godzinach od 9.00 do 13.30&nbsp;w pomieszczeniach [&hellip;]<\/p>\n","protected":false},"author":3,"featured_media":3305,"parent":0,"menu_order":0,"comment_status":"closed","ping_status":"closed","template":"","meta":[],"yoast_head":"<!-- This site is optimized with the Yoast SEO plugin v19.0 - https:\/\/yoast.com\/wordpress\/plugins\/seo\/ -->\n<title>Senior+ - MOPS Krasnystaw<\/title>\n<meta name=\"robots\" content=\"index, follow, max-snippet:-1, max-image-preview:large, max-video-preview:-1\" \/>\n<link rel=\"canonical\" href=\"https:\/\/www.mopskrasnystaw.pl\/?page_id=3297\" \/>\n<meta property=\"og:locale\" content=\"pl_PL\" \/>\n<meta property=\"og:type\" content=\"article\" \/>\n<meta property=\"og:title\" content=\"Senior+ - MOPS Krasnystaw\" \/>\n<meta property=\"og:description\" content=\"Klub Senior + jest o\u015brodkiem wsparcia dla senior\u00f3w w rozumieniu przepisu art. 51 ust. 4 ustawy z dnia 12 marca 2004 r. o pomocy spo\u0142ecznej. Celem o\u015brodka jest zapewnienia wsparcia seniorom poprzez umo\u017cliwienie&nbsp;korzystania z oferty opieku\u0144czej, aktywizuj\u0105cej, edukacyjnej, kulturalnej, rekreacyjnej&nbsp;oraz prozdrowotnej. Klub Senior + funkcjonuje codziennie (dni robocze) w godzinach od 9.00 do 13.30&nbsp;w pomieszczeniach [&hellip;]\" \/>\n<meta property=\"og:url\" content=\"https:\/\/www.mopskrasnystaw.pl\/?page_id=3297\" \/>\n<meta property=\"og:site_name\" content=\"MOPS Krasnystaw\" \/>\n<meta property=\"article:modified_time\" content=\"2022-07-05T09:29:05+00:00\" \/>\n<meta property=\"og:image\" content=\"https:\/\/www.mopskrasnystaw.pl\/wp-content\/uploads\/2022\/02\/157381453_486632929002982_4367410383518398335_n.jpg\" \/>\n\t<meta property=\"og:image:width\" content=\"1984\" \/>\n\t<meta property=\"og:image:height\" content=\"992\" \/>\n\t<meta property=\"og:image:type\" content=\"image\/jpeg\" \/>\n<meta name=\"twitter:card\" content=\"summary_large_image\" \/>\n<meta name=\"twitter:label1\" content=\"Szacowany czas czytania\" \/>\n\t<meta name=\"twitter:data1\" content=\"3 minuty\" \/>\n<script type=\"application\/ld+json\" class=\"yoast-schema-graph\">{\"@context\":\"https:\/\/schema.org\",\"@graph\":[{\"@type\":\"WebSite\",\"@id\":\"https:\/\/www.mopskrasnystaw.pl\/#website\",\"url\":\"https:\/\/www.mopskrasnystaw.pl\/\",\"name\":\"MOPS Krasnystaw\",\"description\":\"\",\"potentialAction\":[{\"@type\":\"SearchAction\",\"target\":{\"@type\":\"EntryPoint\",\"urlTemplate\":\"https:\/\/www.mopskrasnystaw.pl\/?s={search_term_string}\"},\"query-input\":\"required name=search_term_string\"}],\"inLanguage\":\"pl-PL\"},{\"@type\":\"ImageObject\",\"inLanguage\":\"pl-PL\",\"@id\":\"https:\/\/www.mopskrasnystaw.pl\/?page_id=3297#primaryimage\",\"url\":\"https:\/\/www.mopskrasnystaw.pl\/wp-content\/uploads\/2022\/02\/157381453_486632929002982_4367410383518398335_n.jpg\",\"contentUrl\":\"https:\/\/www.mopskrasnystaw.pl\/wp-content\/uploads\/2022\/02\/157381453_486632929002982_4367410383518398335_n.jpg\",\"width\":1984,\"height\":992},{\"@type\":\"WebPage\",\"@id\":\"https:\/\/www.mopskrasnystaw.pl\/?page_id=3297#webpage\",\"url\":\"https:\/\/www.mopskrasnystaw.pl\/?page_id=3297\",\"name\":\"Senior+ - MOPS Krasnystaw\",\"isPartOf\":{\"@id\":\"https:\/\/www.mopskrasnystaw.pl\/#website\"},\"primaryImageOfPage\":{\"@id\":\"https:\/\/www.mopskrasnystaw.pl\/?page_id=3297#primaryimage\"},\"datePublished\":\"2022-02-03T07:49:05+00:00\",\"dateModified\":\"2022-07-05T09:29:05+00:00\",\"breadcrumb\":{\"@id\":\"https:\/\/www.mopskrasnystaw.pl\/?page_id=3297#breadcrumb\"},\"inLanguage\":\"pl-PL\",\"potentialAction\":[{\"@type\":\"ReadAction\",\"target\":[\"https:\/\/www.mopskrasnystaw.pl\/?page_id=3297\"]}]},{\"@type\":\"BreadcrumbList\",\"@id\":\"https:\/\/www.mopskrasnystaw.pl\/?page_id=3297#breadcrumb\",\"itemListElement\":[{\"@type\":\"ListItem\",\"position\":1,\"name\":\"Strona g\u0142\u00f3wna\",\"item\":\"https:\/\/www.mopskrasnystaw.pl\/\"},{\"@type\":\"ListItem\",\"position\":2,\"name\":\"Senior+\"}]}]}<\/script>\n<!-- \/ Yoast SEO plugin. -->","yoast_head_json":{"title":"Senior+ - MOPS Krasnystaw","robots":{"index":"index","follow":"follow","max-snippet":"max-snippet:-1","max-image-preview":"max-image-preview:large","max-video-preview":"max-video-preview:-1"},"canonical":"https:\/\/www.mopskrasnystaw.pl\/?page_id=3297","og_locale":"pl_PL","og_type":"article","og_title":"Senior+ - MOPS Krasnystaw","og_description":"Klub Senior + jest o\u015brodkiem wsparcia dla senior\u00f3w w rozumieniu przepisu art. 51 ust. 4 ustawy z dnia 12 marca 2004 r. o pomocy spo\u0142ecznej. Celem o\u015brodka jest zapewnienia wsparcia seniorom poprzez umo\u017cliwienie&nbsp;korzystania z oferty opieku\u0144czej, aktywizuj\u0105cej, edukacyjnej, kulturalnej, rekreacyjnej&nbsp;oraz prozdrowotnej. Klub Senior + funkcjonuje codziennie (dni robocze) w godzinach od 9.00 do 13.30&nbsp;w pomieszczeniach [&hellip;]","og_url":"https:\/\/www.mopskrasnystaw.pl\/?page_id=3297","og_site_name":"MOPS Krasnystaw","article_modified_time":"2022-07-05T09:29:05+00:00","og_image":[{"width":1984,"height":992,"url":"https:\/\/www.mopskrasnystaw.pl\/wp-content\/uploads\/2022\/02\/157381453_486632929002982_4367410383518398335_n.jpg","type":"image\/jpeg"}],"twitter_card":"summary_large_image","twitter_misc":{"Szacowany czas czytania":"3 minuty"},"schema":{"@context":"https:\/\/schema.org","@graph":[{"@type":"WebSite","@id":"https:\/\/www.mopskrasnystaw.pl\/#website","url":"https:\/\/www.mopskrasnystaw.pl\/","name":"MOPS Krasnystaw","description":"","potentialAction":[{"@type":"SearchAction","target":{"@type":"EntryPoint","urlTemplate":"https:\/\/www.mopskrasnystaw.pl\/?s={search_term_string}"},"query-input":"required name=search_term_string"}],"inLanguage":"pl-PL"},{"@type":"ImageObject","inLanguage":"pl-PL","@id":"https:\/\/www.mopskrasnystaw.pl\/?page_id=3297#primaryimage","url":"https:\/\/www.mopskrasnystaw.pl\/wp-content\/uploads\/2022\/02\/157381453_486632929002982_4367410383518398335_n.jpg","contentUrl":"https:\/\/www.mopskrasnystaw.pl\/wp-content\/uploads\/2022\/02\/157381453_486632929002982_4367410383518398335_n.jpg","width":1984,"height":992},{"@type":"WebPage","@id":"https:\/\/www.mopskrasnystaw.pl\/?page_id=3297#webpage","url":"https:\/\/www.mopskrasnystaw.pl\/?page_id=3297","name":"Senior+ - MOPS Krasnystaw","isPartOf":{"@id":"https:\/\/www.mopskrasnystaw.pl\/#website"},"primaryImageOfPage":{"@id":"https:\/\/www.mopskrasnystaw.pl\/?page_id=3297#primaryimage"},"datePublished":"2022-02-03T07:49:05+00:00","dateModified":"2022-07-05T09:29:05+00:00","breadcrumb":{"@id":"https:\/\/www.mopskrasnystaw.pl\/?page_id=3297#breadcrumb"},"inLanguage":"pl-PL","potentialAction":[{"@type":"ReadAction","target":["https:\/\/www.mopskrasnystaw.pl\/?page_id=3297"]}]},{"@type":"BreadcrumbList","@id":"https:\/\/www.mopskrasnystaw.pl\/?page_id=3297#breadcrumb","itemListElement":[{"@type":"ListItem","position":1,"name":"Strona g\u0142\u00f3wna","item":"https:\/\/www.mopskrasnystaw.pl\/"},{"@type":"ListItem","position":2,"name":"Senior+"}]}]}},"_links":{"self":[{"href":"https:\/\/www.mopskrasnystaw.pl\/index.php?rest_route=\/wp\/v2\/pages\/3297"}],"collection":[{"href":"https:\/\/www.mopskrasnystaw.pl\/index.php?rest_route=\/wp\/v2\/pages"}],"about":[{"href":"https:\/\/www.mopskrasnystaw.pl\/index.php?rest_route=\/wp\/v2\/types\/page"}],"author":[{"embeddable":true,"href":"https:\/\/www.mopskrasnystaw.pl\/index.php?rest_route=\/wp\/v2\/users\/3"}],"replies":[{"embeddable":true,"href":"https:\/\/www.mopskrasnystaw.pl\/index.php?rest_route=%2Fwp%2Fv2%2Fcomments&post=3297"}],"version-history":[{"count":2,"href":"https:\/\/www.mopskrasnystaw.pl\/index.php?rest_route=\/wp\/v2\/pages\/3297\/revisions"}],"predecessor-version":[{"id":4071,"href":"https:\/\/www.mopskrasnystaw.pl\/index.php?rest_route=\/wp\/v2\/pages\/3297\/revisions\/4071"}],"wp:featuredmedia":[{"embeddable":true,"href":"https:\/\/www.mopskrasnystaw.pl\/index.php?rest_route=\/wp\/v2\/media\/3305"}],"wp:attachment":[{"href":"https:\/\/www.mopskrasnystaw.pl\/index.php?rest_route=%2Fwp%2Fv2%2Fmedia&parent=3297"}],"curies":[{"name":"wp","href":"https:\/\/api.w.org\/{rel}","templated":true}]}}