{"id":2223,"date":"2021-03-04T10:33:58","date_gmt":"2021-03-04T10:33:58","guid":{"rendered":"http:\/\/www.mopskrasnystaw.pl\/?page_id=2223"},"modified":"2026-03-16T09:03:38","modified_gmt":"2026-03-16T09:03:38","slug":"dane-teleadresowe","status":"publish","type":"page","link":"https:\/\/www.mopskrasnystaw.pl\/?page_id=2223","title":{"rendered":"Dane teleadresowe"},"content":{"rendered":"\n<p><strong>Miejski O\u015brodek Pomocy Spo\u0142ecznej<\/strong><br><strong>w Krasnymstawie<\/strong><br><strong>ul. Pi\u0142sudskiego 9<\/strong><br><strong>22-300 Krasnystaw<\/strong><\/p>\n\n\n\n<p>tel.\/fax (082) 576-23-24,<br>tel. (082) 576-22-81<br>tel. (082) 544-46-20 (\u015aR i FA)<\/p>\n\n\n\n<p>NIP: 564-10-32-172<br>REGON: 002681398<\/p>\n\n\n\n<p><em><span id=\"cloakc4243978070833957e61b18a3c8b9136\"><a href=\"mailto:poczta@mopskrasnystaw.pl\">poczta@mopskrasnystaw.pl<\/a><\/span>&nbsp;&nbsp;<\/em><br>e-Dor\u0119czenia: AE:PL-43713-88004-WDFRV-14<\/p>\n\n\n\n<p><em>elektroniczna skrzynka podawcza (epuap): \/58thf33yii\/SkrytkaESP<br><\/em><\/p>\n\n\n\n<p><strong>Godziny pracy<\/strong><br><strong>poniedzia\u0142ek &#8211; pi\u0105tek: 7<sup>30<\/sup>&nbsp;&#8211; 15<sup>30<\/sup><\/strong><\/p>\n\n\n\n<p>Rachunek PLN: <strong>Podstawowy <\/strong>67 8200 0008 2001 0010 5024&nbsp;0012<br><\/p>\n\n\n\n<p>Rachunek PLN: <strong>FA i ZA<\/strong> 56 8200 0008 2001 0010 5024&nbsp;0016 &#8211; fundusz alimentacyjny i zaliczka alimentacyjna<\/p>\n","protected":false},"excerpt":{"rendered":"<p>Miejski O\u015brodek Pomocy Spo\u0142ecznejw Krasnymstawieul. Pi\u0142sudskiego 922-300 Krasnystaw tel.\/fax (082) 576-23-24,tel. (082) 576-22-81tel. (082) 544-46-20 (\u015aR i FA) NIP: 564-10-32-172REGON: 002681398 poczta@mopskrasnystaw.pl&nbsp;&nbsp;e-Dor\u0119czenia: AE:PL-43713-88004-WDFRV-14 elektroniczna skrzynka podawcza (epuap): \/58thf33yii\/SkrytkaESP Godziny pracyponiedzia\u0142ek &#8211; pi\u0105tek: 730&nbsp;&#8211; 1530 Rachunek PLN: Podstawowy 67 8200 0008 2001 0010 5024&nbsp;0012 Rachunek PLN: FA i ZA 56 8200 0008 2001 0010 5024&nbsp;0016 &#8211; [&hellip;]<\/p>\n","protected":false},"author":1,"featured_media":0,"parent":0,"menu_order":0,"comment_status":"closed","ping_status":"closed","template":"","meta":[],"yoast_head":"<!-- This site is optimized with the Yoast SEO plugin v19.0 - https:\/\/yoast.com\/wordpress\/plugins\/seo\/ -->\n<title>Dane teleadresowe - MOPS Krasnystaw<\/title>\n<meta name=\"robots\" content=\"index, follow, max-snippet:-1, max-image-preview:large, max-video-preview:-1\" \/>\n<link rel=\"canonical\" href=\"https:\/\/www.mopskrasnystaw.pl\/?page_id=2223\" \/>\n<meta property=\"og:locale\" content=\"pl_PL\" \/>\n<meta property=\"og:type\" content=\"article\" \/>\n<meta property=\"og:title\" content=\"Dane teleadresowe - MOPS Krasnystaw\" \/>\n<meta property=\"og:description\" content=\"Miejski O\u015brodek Pomocy Spo\u0142ecznejw Krasnymstawieul. Pi\u0142sudskiego 922-300 Krasnystaw tel.\/fax (082) 576-23-24,tel. (082) 576-22-81tel. (082) 544-46-20 (\u015aR i FA) NIP: 564-10-32-172REGON: 002681398 poczta@mopskrasnystaw.pl&nbsp;&nbsp;e-Dor\u0119czenia: AE:PL-43713-88004-WDFRV-14 elektroniczna skrzynka podawcza (epuap): \/58thf33yii\/SkrytkaESP Godziny pracyponiedzia\u0142ek &#8211; pi\u0105tek: 730&nbsp;&#8211; 1530 Rachunek PLN: Podstawowy 67 8200 0008 2001 0010 5024&nbsp;0012 Rachunek PLN: FA i ZA 56 8200 0008 2001 0010 5024&nbsp;0016 &#8211; [&hellip;]\" \/>\n<meta property=\"og:url\" content=\"https:\/\/www.mopskrasnystaw.pl\/?page_id=2223\" \/>\n<meta property=\"og:site_name\" content=\"MOPS Krasnystaw\" \/>\n<meta property=\"article:modified_time\" content=\"2026-03-16T09:03:38+00:00\" \/>\n<meta name=\"twitter:card\" content=\"summary_large_image\" \/>\n<meta name=\"twitter:label1\" content=\"Szacowany czas czytania\" \/>\n\t<meta name=\"twitter:data1\" content=\"1 minuta\" \/>\n<script type=\"application\/ld+json\" class=\"yoast-schema-graph\">{\"@context\":\"https:\/\/schema.org\",\"@graph\":[{\"@type\":\"WebSite\",\"@id\":\"https:\/\/www.mopskrasnystaw.pl\/#website\",\"url\":\"https:\/\/www.mopskrasnystaw.pl\/\",\"name\":\"MOPS Krasnystaw\",\"description\":\"\",\"potentialAction\":[{\"@type\":\"SearchAction\",\"target\":{\"@type\":\"EntryPoint\",\"urlTemplate\":\"https:\/\/www.mopskrasnystaw.pl\/?s={search_term_string}\"},\"query-input\":\"required name=search_term_string\"}],\"inLanguage\":\"pl-PL\"},{\"@type\":\"WebPage\",\"@id\":\"https:\/\/www.mopskrasnystaw.pl\/?page_id=2223#webpage\",\"url\":\"https:\/\/www.mopskrasnystaw.pl\/?page_id=2223\",\"name\":\"Dane teleadresowe - MOPS Krasnystaw\",\"isPartOf\":{\"@id\":\"https:\/\/www.mopskrasnystaw.pl\/#website\"},\"datePublished\":\"2021-03-04T10:33:58+00:00\",\"dateModified\":\"2026-03-16T09:03:38+00:00\",\"breadcrumb\":{\"@id\":\"https:\/\/www.mopskrasnystaw.pl\/?page_id=2223#breadcrumb\"},\"inLanguage\":\"pl-PL\",\"potentialAction\":[{\"@type\":\"ReadAction\",\"target\":[\"https:\/\/www.mopskrasnystaw.pl\/?page_id=2223\"]}]},{\"@type\":\"BreadcrumbList\",\"@id\":\"https:\/\/www.mopskrasnystaw.pl\/?page_id=2223#breadcrumb\",\"itemListElement\":[{\"@type\":\"ListItem\",\"position\":1,\"name\":\"Strona g\u0142\u00f3wna\",\"item\":\"https:\/\/www.mopskrasnystaw.pl\/\"},{\"@type\":\"ListItem\",\"position\":2,\"name\":\"Dane teleadresowe\"}]}]}<\/script>\n<!-- \/ Yoast SEO plugin. -->","yoast_head_json":{"title":"Dane teleadresowe - MOPS Krasnystaw","robots":{"index":"index","follow":"follow","max-snippet":"max-snippet:-1","max-image-preview":"max-image-preview:large","max-video-preview":"max-video-preview:-1"},"canonical":"https:\/\/www.mopskrasnystaw.pl\/?page_id=2223","og_locale":"pl_PL","og_type":"article","og_title":"Dane teleadresowe - MOPS Krasnystaw","og_description":"Miejski O\u015brodek Pomocy Spo\u0142ecznejw Krasnymstawieul. Pi\u0142sudskiego 922-300 Krasnystaw tel.\/fax (082) 576-23-24,tel. (082) 576-22-81tel. (082) 544-46-20 (\u015aR i FA) NIP: 564-10-32-172REGON: 002681398 poczta@mopskrasnystaw.pl&nbsp;&nbsp;e-Dor\u0119czenia: AE:PL-43713-88004-WDFRV-14 elektroniczna skrzynka podawcza (epuap): \/58thf33yii\/SkrytkaESP Godziny pracyponiedzia\u0142ek &#8211; pi\u0105tek: 730&nbsp;&#8211; 1530 Rachunek PLN: Podstawowy 67 8200 0008 2001 0010 5024&nbsp;0012 Rachunek PLN: FA i ZA 56 8200 0008 2001 0010 5024&nbsp;0016 &#8211; [&hellip;]","og_url":"https:\/\/www.mopskrasnystaw.pl\/?page_id=2223","og_site_name":"MOPS Krasnystaw","article_modified_time":"2026-03-16T09:03:38+00:00","twitter_card":"summary_large_image","twitter_misc":{"Szacowany czas czytania":"1 minuta"},"schema":{"@context":"https:\/\/schema.org","@graph":[{"@type":"WebSite","@id":"https:\/\/www.mopskrasnystaw.pl\/#website","url":"https:\/\/www.mopskrasnystaw.pl\/","name":"MOPS Krasnystaw","description":"","potentialAction":[{"@type":"SearchAction","target":{"@type":"EntryPoint","urlTemplate":"https:\/\/www.mopskrasnystaw.pl\/?s={search_term_string}"},"query-input":"required name=search_term_string"}],"inLanguage":"pl-PL"},{"@type":"WebPage","@id":"https:\/\/www.mopskrasnystaw.pl\/?page_id=2223#webpage","url":"https:\/\/www.mopskrasnystaw.pl\/?page_id=2223","name":"Dane teleadresowe - MOPS Krasnystaw","isPartOf":{"@id":"https:\/\/www.mopskrasnystaw.pl\/#website"},"datePublished":"2021-03-04T10:33:58+00:00","dateModified":"2026-03-16T09:03:38+00:00","breadcrumb":{"@id":"https:\/\/www.mopskrasnystaw.pl\/?page_id=2223#breadcrumb"},"inLanguage":"pl-PL","potentialAction":[{"@type":"ReadAction","target":["https:\/\/www.mopskrasnystaw.pl\/?page_id=2223"]}]},{"@type":"BreadcrumbList","@id":"https:\/\/www.mopskrasnystaw.pl\/?page_id=2223#breadcrumb","itemListElement":[{"@type":"ListItem","position":1,"name":"Strona g\u0142\u00f3wna","item":"https:\/\/www.mopskrasnystaw.pl\/"},{"@type":"ListItem","position":2,"name":"Dane teleadresowe"}]}]}},"_links":{"self":[{"href":"https:\/\/www.mopskrasnystaw.pl\/index.php?rest_route=\/wp\/v2\/pages\/2223"}],"collection":[{"href":"https:\/\/www.mopskrasnystaw.pl\/index.php?rest_route=\/wp\/v2\/pages"}],"about":[{"href":"https:\/\/www.mopskrasnystaw.pl\/index.php?rest_route=\/wp\/v2\/types\/page"}],"author":[{"embeddable":true,"href":"https:\/\/www.mopskrasnystaw.pl\/index.php?rest_route=\/wp\/v2\/users\/1"}],"replies":[{"embeddable":true,"href":"https:\/\/www.mopskrasnystaw.pl\/index.php?rest_route=%2Fwp%2Fv2%2Fcomments&post=2223"}],"version-history":[{"count":3,"href":"https:\/\/www.mopskrasnystaw.pl\/index.php?rest_route=\/wp\/v2\/pages\/2223\/revisions"}],"predecessor-version":[{"id":5198,"href":"https:\/\/www.mopskrasnystaw.pl\/index.php?rest_route=\/wp\/v2\/pages\/2223\/revisions\/5198"}],"wp:attachment":[{"href":"https:\/\/www.mopskrasnystaw.pl\/index.php?rest_route=%2Fwp%2Fv2%2Fmedia&parent=2223"}],"curies":[{"name":"wp","href":"https:\/\/api.w.org\/{rel}","templated":true}]}}