{"id":2215,"date":"2021-03-04T10:32:01","date_gmt":"2021-03-04T10:32:01","guid":{"rendered":"http:\/\/www.mopskrasnystaw.pl\/?page_id=2215"},"modified":"2021-03-04T10:32:01","modified_gmt":"2021-03-04T10:32:01","slug":"mieszkania-chronione","status":"publish","type":"page","link":"https:\/\/www.mopskrasnystaw.pl\/?page_id=2215","title":{"rendered":"Mieszkania chronione"},"content":{"rendered":"\n<p><strong>MIESZKANIE CHRONIONE<\/strong><\/p>\n\n\n\n<p>Mieszkanie chronione jest form\u0105 pomocy spo\u0142ecznej przygotowuj\u0105c\u0105 osoby tam przebywaj\u0105ce, pod opiek\u0105 specjalist\u00f3w, do prowadzenia samodzielnego \u017cycia lub zast\u0119puj\u0105c\u0105 pobyt w plac\u00f3wce zapewniaj\u0105cej ca\u0142odobow\u0105 opiek\u0119. Mieszkanie chronione zapewnia warunki samodzielnego funkcjonowania w \u015brodowisku, w integracji ze spo\u0142eczno\u015bci\u0105 lokaln\u0105.<br>Pobyt w mieszkaniu chronionym mo\u017ce by\u0107 przyznany osobie, kt\u00f3ra ze wzgl\u0119du na trudn\u0105 sytuacj\u0119 \u017cyciow\u0105, wiek, niepe\u0142nosprawno\u015b\u0107 lub chorob\u0119 potrzebuje wsparcia<br>w funkcjonowaniu w codziennym \u017cyciu, ale nie wymaga us\u0142ug w zakresie \u015bwiadczonym przez jednostk\u0119 ca\u0142odobowej opieki.<br>Miejski O\u015brodek Pomocy Spo\u0142ecznej w Krasnymstawie dysponuje sze\u015bcioma miejscami, w tym dwa dostosowane s\u0105 dla os\u00f3b niepe\u0142nosprawnych ruchowo. Mieszkanie zlokalizowane jest w budynku Miejskiego O\u015brodka Pomocy Spo\u0142ecznej przy ul. Pi\u0142sudskiego 9, dzi\u0119ki czemu osoby zamieszka\u0142e korzystaj\u0105 z bazy socjalnej, kuchni oraz pozosta\u0142ych urz\u0105dze\u0144 znajduj\u0105cych si\u0119 na wyposa\u017ceniu plac\u00f3wki.<\/p>\n\n\n\n<p><strong>JAK UZYSKA\u0106 POMOC<\/strong><\/p>\n\n\n\n<p>Ca\u0142o\u015b\u0107 post\u0119powania w zakresie przyznania pomocy w formie pobytu w mieszkaniu chronionym prowadzona jest przez Miejski O\u015brodek Pomocy Spo\u0142ecznej w Krasnymstawie.<br>Osoby zainteresowane skierowaniem do mieszkania chronionego winny zg\u0142asza\u0107 si\u0119 do pracownik\u00f3w socjalnych Sekcji Pomocy \u015arodowiskowej w\u0142a\u015bciwych ze wzgl\u0119du na miejsce zamieszkania celem sporz\u0105dzenia wywiad\u00f3w \u015brodowiskowych, w kt\u00f3rym pracownik socjalny opisuje ca\u0142o\u015b\u0107 sytuacji rodzinnej, zdrowotnej, mieszkaniowej i dochodowej osoby zainteresowanej. Skierowanie do mieszkania chronionego nast\u0119puje w drodze decyzji administracyjnej na wniosek osoby zainteresowanej lub jej opiekuna prawnego.<br>Wniosek o udzielenie pomocy mo\u017ce zosta\u0107 z\u0142o\u017cony osobi\u015bcie przez osob\u0119 zainteresowan\u0105, listownie, telefonicznie lub przez inne osoby i instytucje w imieniu osoby zainteresowanej.<br>Dokumentami potwierdzaj\u0105cymi sytuacj\u0119 \u017cyciow\u0105 s\u0105 m. in. odcinki renty\/emerytury lub inne dokumenty okre\u015blaj\u0105ce wysoko\u015b\u0107 dochodu rodziny, rachunki potwierdzaj\u0105ce regulowanie op\u0142at mieszkaniowych, wypisy ze szpitala, orzeczenia o stopniu niepe\u0142nosprawno\u015bci lub niezdolno\u015bci do pracy itp.<\/p>\n\n\n\n<p><strong>ZASADY ODP\u0141ATNO\u015aCI<\/strong><\/p>\n\n\n\n<p>Dok\u0142adne zasady ustalania odp\u0142atno\u015bci za pobyt w mieszkaniu chronionym okre\u015bla Uchwa\u0142a nr VIII\/52\/2015 Rady Miasta Krasnystaw z dnia 25 czerwca 2017 r. w sprawie szczeg\u00f3\u0142owych zasad ponoszenia odp\u0142atno\u015bci za pobyt w Dziennym Domu Pomocy Spo\u0142ecznej i Mieszkaniach Chronionych w Krasnymstawie.<br>Op\u0142ata za pobyt w mieszkaniu chronionym ponoszona jest w okresach miesi\u0119cznych, poczynaj\u0105c od miesi\u0105ca zamieszkania osoby lub rodziny w mieszkaniu chronionym. Op\u0142ata<br>za niepe\u0142nym miesi\u0105c pobytu w mieszkaniu chronionym ponoszona jest proporcjonalnie do ilo\u015bci dni pobytu w miesi\u0105cu rozpoczynaj\u0105cym lub ko\u0144cz\u0105cym pobyt.<\/p>\n\n\n\n<p><strong>WSPARCIE \u015aWIADCZONE W MCH<\/strong><\/p>\n\n\n\n<p>Wsparcie \u015bwiadczone w mieszkaniu chronionym obejmuje m.in.:<br>&#8211; porad\u0119 socjaln\u0105<br>&#8211; poradnictwo specjalistyczne<br>&#8211; nauk\u0119 lub utrzymanie posiadanego poziomu sprawno\u015bci w zakresie samoobs\u0142ugi, samodzielno\u015bci \u017cyciowej, rozwijania kontakt\u00f3w spo\u0142ecznych czy pe\u0142nienia r\u00f3l spo\u0142ecznych<br>&#8211; pomoc w przemieszczaniu si\u0119 i wykonywaniu czynno\u015bci niezb\u0119dnych w \u017cyciu codziennym (co najmniej przez 3 godziny dziennie), w realizacji kontakt\u00f3w spo\u0142ecznych, w zagospodarowaniu czasu wolnego czy w ubieganiu si\u0119 o uzyskanie mieszkania.<br>Decyzja o skierowaniu osoby do korzystania ze wsparcia w mieszkaniu chronionym jest wydawana po dokonaniu uzgodnie\u0144 pomi\u0119dzy pracownikiem socjalnym a osob\u0105 ubiegaj\u0105ca si\u0119 o skierowanie (lub jej przedstawicielem ustawowym). Uzgodnienia te maj\u0105 form\u0119 pisemn\u0105 i dotycz\u0105 celu i okresu pobytu, rodzaju i zakresu \u015bwiadczonego wsparcia oraz odp\u0142atno\u015bci osoby korzystaj\u0105cej ze wsparcia.<br>Rodzaj i zakres \u015bwiadczonego wsparcia mog\u0105 ulega\u0107 zmianom \u2013 w zale\u017cno\u015bci od oceny sytuacji osoby korzystaj\u0105cej ze wsparcia w mieszkaniu chronionym \u2013 dokonywanej<br>co najmniej raz na 3 miesi\u0105ce. W jednym mieszkaniu chronionym \u015bwiadczone jest wsparcie skierowane do os\u00f3b o zbli\u017conych potrzebach.<\/p>\n","protected":false},"excerpt":{"rendered":"<p>MIESZKANIE CHRONIONE Mieszkanie chronione jest form\u0105 pomocy spo\u0142ecznej przygotowuj\u0105c\u0105 osoby tam przebywaj\u0105ce, pod opiek\u0105 specjalist\u00f3w, do prowadzenia samodzielnego \u017cycia lub zast\u0119puj\u0105c\u0105 pobyt w plac\u00f3wce zapewniaj\u0105cej ca\u0142odobow\u0105 opiek\u0119. Mieszkanie chronione zapewnia warunki samodzielnego funkcjonowania w \u015brodowisku, w integracji ze spo\u0142eczno\u015bci\u0105 lokaln\u0105.Pobyt w mieszkaniu chronionym mo\u017ce by\u0107 przyznany osobie, kt\u00f3ra ze wzgl\u0119du na trudn\u0105 sytuacj\u0119 \u017cyciow\u0105, wiek, [&hellip;]<\/p>\n","protected":false},"author":1,"featured_media":0,"parent":0,"menu_order":0,"comment_status":"closed","ping_status":"closed","template":"","meta":[],"yoast_head":"<!-- This site is optimized with the Yoast SEO plugin v19.0 - https:\/\/yoast.com\/wordpress\/plugins\/seo\/ -->\n<title>Mieszkania chronione - MOPS Krasnystaw<\/title>\n<meta name=\"robots\" content=\"index, follow, max-snippet:-1, max-image-preview:large, max-video-preview:-1\" \/>\n<link rel=\"canonical\" href=\"https:\/\/www.mopskrasnystaw.pl\/?page_id=2215\" \/>\n<meta property=\"og:locale\" content=\"pl_PL\" \/>\n<meta property=\"og:type\" content=\"article\" \/>\n<meta property=\"og:title\" content=\"Mieszkania chronione - MOPS Krasnystaw\" \/>\n<meta property=\"og:description\" content=\"MIESZKANIE CHRONIONE Mieszkanie chronione jest form\u0105 pomocy spo\u0142ecznej przygotowuj\u0105c\u0105 osoby tam przebywaj\u0105ce, pod opiek\u0105 specjalist\u00f3w, do prowadzenia samodzielnego \u017cycia lub zast\u0119puj\u0105c\u0105 pobyt w plac\u00f3wce zapewniaj\u0105cej ca\u0142odobow\u0105 opiek\u0119. Mieszkanie chronione zapewnia warunki samodzielnego funkcjonowania w \u015brodowisku, w integracji ze spo\u0142eczno\u015bci\u0105 lokaln\u0105.Pobyt w mieszkaniu chronionym mo\u017ce by\u0107 przyznany osobie, kt\u00f3ra ze wzgl\u0119du na trudn\u0105 sytuacj\u0119 \u017cyciow\u0105, wiek, [&hellip;]\" \/>\n<meta property=\"og:url\" content=\"https:\/\/www.mopskrasnystaw.pl\/?page_id=2215\" \/>\n<meta property=\"og:site_name\" content=\"MOPS Krasnystaw\" \/>\n<meta name=\"twitter:card\" content=\"summary_large_image\" \/>\n<meta name=\"twitter:label1\" content=\"Szacowany czas czytania\" \/>\n\t<meta name=\"twitter:data1\" content=\"3 minuty\" \/>\n<script type=\"application\/ld+json\" class=\"yoast-schema-graph\">{\"@context\":\"https:\/\/schema.org\",\"@graph\":[{\"@type\":\"WebSite\",\"@id\":\"https:\/\/www.mopskrasnystaw.pl\/#website\",\"url\":\"https:\/\/www.mopskrasnystaw.pl\/\",\"name\":\"MOPS Krasnystaw\",\"description\":\"\",\"potentialAction\":[{\"@type\":\"SearchAction\",\"target\":{\"@type\":\"EntryPoint\",\"urlTemplate\":\"https:\/\/www.mopskrasnystaw.pl\/?s={search_term_string}\"},\"query-input\":\"required name=search_term_string\"}],\"inLanguage\":\"pl-PL\"},{\"@type\":\"WebPage\",\"@id\":\"https:\/\/www.mopskrasnystaw.pl\/?page_id=2215#webpage\",\"url\":\"https:\/\/www.mopskrasnystaw.pl\/?page_id=2215\",\"name\":\"Mieszkania chronione - MOPS Krasnystaw\",\"isPartOf\":{\"@id\":\"https:\/\/www.mopskrasnystaw.pl\/#website\"},\"datePublished\":\"2021-03-04T10:32:01+00:00\",\"dateModified\":\"2021-03-04T10:32:01+00:00\",\"breadcrumb\":{\"@id\":\"https:\/\/www.mopskrasnystaw.pl\/?page_id=2215#breadcrumb\"},\"inLanguage\":\"pl-PL\",\"potentialAction\":[{\"@type\":\"ReadAction\",\"target\":[\"https:\/\/www.mopskrasnystaw.pl\/?page_id=2215\"]}]},{\"@type\":\"BreadcrumbList\",\"@id\":\"https:\/\/www.mopskrasnystaw.pl\/?page_id=2215#breadcrumb\",\"itemListElement\":[{\"@type\":\"ListItem\",\"position\":1,\"name\":\"Strona g\u0142\u00f3wna\",\"item\":\"https:\/\/www.mopskrasnystaw.pl\/\"},{\"@type\":\"ListItem\",\"position\":2,\"name\":\"Mieszkania chronione\"}]}]}<\/script>\n<!-- \/ Yoast SEO plugin. -->","yoast_head_json":{"title":"Mieszkania chronione - MOPS Krasnystaw","robots":{"index":"index","follow":"follow","max-snippet":"max-snippet:-1","max-image-preview":"max-image-preview:large","max-video-preview":"max-video-preview:-1"},"canonical":"https:\/\/www.mopskrasnystaw.pl\/?page_id=2215","og_locale":"pl_PL","og_type":"article","og_title":"Mieszkania chronione - MOPS Krasnystaw","og_description":"MIESZKANIE CHRONIONE Mieszkanie chronione jest form\u0105 pomocy spo\u0142ecznej przygotowuj\u0105c\u0105 osoby tam przebywaj\u0105ce, pod opiek\u0105 specjalist\u00f3w, do prowadzenia samodzielnego \u017cycia lub zast\u0119puj\u0105c\u0105 pobyt w plac\u00f3wce zapewniaj\u0105cej ca\u0142odobow\u0105 opiek\u0119. Mieszkanie chronione zapewnia warunki samodzielnego funkcjonowania w \u015brodowisku, w integracji ze spo\u0142eczno\u015bci\u0105 lokaln\u0105.Pobyt w mieszkaniu chronionym mo\u017ce by\u0107 przyznany osobie, kt\u00f3ra ze wzgl\u0119du na trudn\u0105 sytuacj\u0119 \u017cyciow\u0105, wiek, [&hellip;]","og_url":"https:\/\/www.mopskrasnystaw.pl\/?page_id=2215","og_site_name":"MOPS Krasnystaw","twitter_card":"summary_large_image","twitter_misc":{"Szacowany czas czytania":"3 minuty"},"schema":{"@context":"https:\/\/schema.org","@graph":[{"@type":"WebSite","@id":"https:\/\/www.mopskrasnystaw.pl\/#website","url":"https:\/\/www.mopskrasnystaw.pl\/","name":"MOPS Krasnystaw","description":"","potentialAction":[{"@type":"SearchAction","target":{"@type":"EntryPoint","urlTemplate":"https:\/\/www.mopskrasnystaw.pl\/?s={search_term_string}"},"query-input":"required name=search_term_string"}],"inLanguage":"pl-PL"},{"@type":"WebPage","@id":"https:\/\/www.mopskrasnystaw.pl\/?page_id=2215#webpage","url":"https:\/\/www.mopskrasnystaw.pl\/?page_id=2215","name":"Mieszkania chronione - MOPS Krasnystaw","isPartOf":{"@id":"https:\/\/www.mopskrasnystaw.pl\/#website"},"datePublished":"2021-03-04T10:32:01+00:00","dateModified":"2021-03-04T10:32:01+00:00","breadcrumb":{"@id":"https:\/\/www.mopskrasnystaw.pl\/?page_id=2215#breadcrumb"},"inLanguage":"pl-PL","potentialAction":[{"@type":"ReadAction","target":["https:\/\/www.mopskrasnystaw.pl\/?page_id=2215"]}]},{"@type":"BreadcrumbList","@id":"https:\/\/www.mopskrasnystaw.pl\/?page_id=2215#breadcrumb","itemListElement":[{"@type":"ListItem","position":1,"name":"Strona g\u0142\u00f3wna","item":"https:\/\/www.mopskrasnystaw.pl\/"},{"@type":"ListItem","position":2,"name":"Mieszkania chronione"}]}]}},"_links":{"self":[{"href":"https:\/\/www.mopskrasnystaw.pl\/index.php?rest_route=\/wp\/v2\/pages\/2215"}],"collection":[{"href":"https:\/\/www.mopskrasnystaw.pl\/index.php?rest_route=\/wp\/v2\/pages"}],"about":[{"href":"https:\/\/www.mopskrasnystaw.pl\/index.php?rest_route=\/wp\/v2\/types\/page"}],"author":[{"embeddable":true,"href":"https:\/\/www.mopskrasnystaw.pl\/index.php?rest_route=\/wp\/v2\/users\/1"}],"replies":[{"embeddable":true,"href":"https:\/\/www.mopskrasnystaw.pl\/index.php?rest_route=%2Fwp%2Fv2%2Fcomments&post=2215"}],"version-history":[{"count":0,"href":"https:\/\/www.mopskrasnystaw.pl\/index.php?rest_route=\/wp\/v2\/pages\/2215\/revisions"}],"wp:attachment":[{"href":"https:\/\/www.mopskrasnystaw.pl\/index.php?rest_route=%2Fwp%2Fv2%2Fmedia&parent=2215"}],"curies":[{"name":"wp","href":"https:\/\/api.w.org\/{rel}","templated":true}]}}