{"id":2185,"date":"2021-03-03T13:34:53","date_gmt":"2021-03-03T13:34:53","guid":{"rendered":"http:\/\/www.mopskrasnystaw.pl\/?page_id=2185"},"modified":"2021-03-03T13:34:53","modified_gmt":"2021-03-03T13:34:53","slug":"uslugi-opiekuncze-dla-osob-niepelnosprawnych","status":"publish","type":"page","link":"https:\/\/www.mopskrasnystaw.pl\/?page_id=2185","title":{"rendered":"Us\u0142ugi opieku\u0144cze dla os\u00f3b niepe\u0142nosprawnych"},"content":{"rendered":"\n<p><strong>Solidarno\u015bciowy Fundusz Wsparcia Os\u00f3b Niepe\u0142nosprawnych &#8211; Program \u201eUs\u0142ugi opieku\u0144cze dla os\u00f3b niepe\u0142nosprawnych\u201d \u2013 edycja 2020<\/strong><\/p>\n\n\n\n<p>Miasto Krasnystaw \u2013&nbsp;<strong>Miejski O\u015brodek Pomocy Spo\u0142ecznej w Krasnymstawie<\/strong>&nbsp;przyst\u0105pi\u0142o do realizacji Programu Ministra Rodziny, Pracy i Polityki Spo\u0142ecznej \u201eUs\u0142ugi opieku\u0144cze dla os\u00f3b niepe\u0142nosprawnych\u201d &#8211; edycja 2020, finansowanego z Solidarno\u015bciowego Funduszu Wsparcia Os\u00f3b Niepe\u0142nosprawnych.<br>Warto\u015b\u0107 otrzymanego dofinansowania to kwota: 32 379,60 z\u0142<br>Termin realizacji zadania: 06 marzec \u2013 31 grudzie\u0144 2020 r.<\/p>\n\n\n\n<p><strong>Cel programu:<\/strong><br>Program ma na celu zwi\u0119kszenie liczby godzin, popraw\u0119 jako\u015bci oraz zwi\u0119kszenie dost\u0119pno\u015bci \u015bwiadczonych us\u0142ug opieku\u0144czych i specjalistycznych us\u0142ug opieku\u0144czych dla os\u00f3b niepe\u0142nosprawnych w wieku do 75 roku \u017cycia posiadaj\u0105cych orzeczenie o stopniu niepe\u0142nosprawno\u015bci oraz dzieci do 16 roku \u017cycia z orzeczeniem o niepe\u0142nosprawno\u015bci.<br>Sytuacja os\u00f3b ze znacznym stopniem niepe\u0142nosprawno\u015bci jest pod wieloma wzgl\u0119dami bardzo trudna. Cz\u0119sto osoby te wymagaj\u0105 sta\u0142ej pomocy innych os\u00f3b w zaspokajaniu podstawowych potrzeb \u017cyciowych. Rozw\u00f3j us\u0142ug opieku\u0144czych, a w szczeg\u00f3lno\u015bci specjalistycznych us\u0142ug opieku\u0144czych, skierowanych do ww. grupy os\u00f3b jest jednym z priorytetowych zada\u0144 w procesie wsparcia os\u00f3b niepe\u0142nosprawnych. Wa\u017cnym jest wi\u0119c dostosowanie tych us\u0142ug do schorzenia i niepe\u0142nosprawno\u015bci.<\/p>\n\n\n\n<p><strong>Us\u0142ugi opieku\u0144cze<\/strong>&nbsp;obejmuj\u0105 pomoc w zaspokajaniu codziennych potrzeb \u017cyciowych, opiek\u0119 higieniczn\u0105, zalecon\u0105 przez lekarza piel\u0119gnacj\u0119 oraz, w miar\u0119 mo\u017cliwo\u015bci, zapewnienie kontakt\u00f3w z otoczeniem.<\/p>\n\n\n\n<p><strong>Beneficjenci programu:<\/strong><br>1.&nbsp;<strong>Osoby niepe\u0142nosprawne w wieku do 75 roku \u017cycia z orzeczeniem o znacznym stopniu niepe\u0142nosprawno\u015bci<\/strong>&nbsp;lub orzeczeniem r\u00f3wnowa\u017cnym<br>2.&nbsp;<strong>Dzieci do 16 roku \u017cycia z orzeczeniem o niepe\u0142nosprawno\u015bci,<\/strong>&nbsp;wraz ze wskazaniem: konieczno\u015b\u0107 sta\u0142ej lub d\u0142ugotrwa\u0142ej opieki i pomocy innej osoby w zwi\u0105zku ze znacznie ograniczon\u0105 mo\u017cliwo\u015bci\u0105 samodzielnej egzystencji oraz konieczno\u015bci sta\u0142ego wsp\u00f3\u0142udzia\u0142u na co dzie\u0144 opiekuna dziecka w procesie jego leczenia, rehabilitacji i edukacji.<br>3. Osoby\/rodziny korzystaj\u0105ce z powy\u017cszych us\u0142ug opieku\u0144czych musz\u0105 spe\u0142nia\u0107 warunki wskazane w ustawie o pomocy spo\u0142ecznej i&nbsp;<strong>doch\u00f3d<\/strong>&nbsp;ich nie mo\u017ce przekracza\u0107 350% obowi\u0105zuj\u0105cego od 1 pa\u017adziernika 2018 r. kryterium dochodowego okre\u015blonego w art. 8 ustawy z dnia 12 marca 2004 r. o pomocy spo\u0142ecznej.<\/p>\n\n\n\n<p><strong>Informacje dotycz\u0105ce Programu: tel. 82 576 23 24<\/strong><\/p>\n","protected":false},"excerpt":{"rendered":"<p>Solidarno\u015bciowy Fundusz Wsparcia Os\u00f3b Niepe\u0142nosprawnych &#8211; Program \u201eUs\u0142ugi opieku\u0144cze dla os\u00f3b niepe\u0142nosprawnych\u201d \u2013 edycja 2020 Miasto Krasnystaw \u2013&nbsp;Miejski O\u015brodek Pomocy Spo\u0142ecznej w Krasnymstawie&nbsp;przyst\u0105pi\u0142o do realizacji Programu Ministra Rodziny, Pracy i Polityki Spo\u0142ecznej \u201eUs\u0142ugi opieku\u0144cze dla os\u00f3b niepe\u0142nosprawnych\u201d &#8211; edycja 2020, finansowanego z Solidarno\u015bciowego Funduszu Wsparcia Os\u00f3b Niepe\u0142nosprawnych.Warto\u015b\u0107 otrzymanego dofinansowania to kwota: 32 379,60 z\u0142Termin realizacji [&hellip;]<\/p>\n","protected":false},"author":1,"featured_media":0,"parent":0,"menu_order":0,"comment_status":"closed","ping_status":"closed","template":"","meta":[],"yoast_head":"<!-- This site is optimized with the Yoast SEO plugin v19.0 - https:\/\/yoast.com\/wordpress\/plugins\/seo\/ -->\n<title>Us\u0142ugi opieku\u0144cze dla os\u00f3b niepe\u0142nosprawnych - MOPS Krasnystaw<\/title>\n<meta name=\"robots\" content=\"index, follow, max-snippet:-1, max-image-preview:large, max-video-preview:-1\" \/>\n<link rel=\"canonical\" href=\"https:\/\/www.mopskrasnystaw.pl\/?page_id=2185\" \/>\n<meta property=\"og:locale\" content=\"pl_PL\" \/>\n<meta property=\"og:type\" content=\"article\" \/>\n<meta property=\"og:title\" content=\"Us\u0142ugi opieku\u0144cze dla os\u00f3b niepe\u0142nosprawnych - MOPS Krasnystaw\" \/>\n<meta property=\"og:description\" content=\"Solidarno\u015bciowy Fundusz Wsparcia Os\u00f3b Niepe\u0142nosprawnych &#8211; Program \u201eUs\u0142ugi opieku\u0144cze dla os\u00f3b niepe\u0142nosprawnych\u201d \u2013 edycja 2020 Miasto Krasnystaw \u2013&nbsp;Miejski O\u015brodek Pomocy Spo\u0142ecznej w Krasnymstawie&nbsp;przyst\u0105pi\u0142o do realizacji Programu Ministra Rodziny, Pracy i Polityki Spo\u0142ecznej \u201eUs\u0142ugi opieku\u0144cze dla os\u00f3b niepe\u0142nosprawnych\u201d &#8211; edycja 2020, finansowanego z Solidarno\u015bciowego Funduszu Wsparcia Os\u00f3b Niepe\u0142nosprawnych.Warto\u015b\u0107 otrzymanego dofinansowania to kwota: 32 379,60 z\u0142Termin realizacji [&hellip;]\" \/>\n<meta property=\"og:url\" content=\"https:\/\/www.mopskrasnystaw.pl\/?page_id=2185\" \/>\n<meta property=\"og:site_name\" content=\"MOPS Krasnystaw\" \/>\n<meta name=\"twitter:card\" content=\"summary_large_image\" \/>\n<meta name=\"twitter:label1\" content=\"Szacowany czas czytania\" \/>\n\t<meta name=\"twitter:data1\" content=\"2 minuty\" \/>\n<script type=\"application\/ld+json\" class=\"yoast-schema-graph\">{\"@context\":\"https:\/\/schema.org\",\"@graph\":[{\"@type\":\"WebSite\",\"@id\":\"https:\/\/www.mopskrasnystaw.pl\/#website\",\"url\":\"https:\/\/www.mopskrasnystaw.pl\/\",\"name\":\"MOPS Krasnystaw\",\"description\":\"\",\"potentialAction\":[{\"@type\":\"SearchAction\",\"target\":{\"@type\":\"EntryPoint\",\"urlTemplate\":\"https:\/\/www.mopskrasnystaw.pl\/?s={search_term_string}\"},\"query-input\":\"required name=search_term_string\"}],\"inLanguage\":\"pl-PL\"},{\"@type\":\"WebPage\",\"@id\":\"https:\/\/www.mopskrasnystaw.pl\/?page_id=2185#webpage\",\"url\":\"https:\/\/www.mopskrasnystaw.pl\/?page_id=2185\",\"name\":\"Us\u0142ugi opieku\u0144cze dla os\u00f3b niepe\u0142nosprawnych - MOPS Krasnystaw\",\"isPartOf\":{\"@id\":\"https:\/\/www.mopskrasnystaw.pl\/#website\"},\"datePublished\":\"2021-03-03T13:34:53+00:00\",\"dateModified\":\"2021-03-03T13:34:53+00:00\",\"breadcrumb\":{\"@id\":\"https:\/\/www.mopskrasnystaw.pl\/?page_id=2185#breadcrumb\"},\"inLanguage\":\"pl-PL\",\"potentialAction\":[{\"@type\":\"ReadAction\",\"target\":[\"https:\/\/www.mopskrasnystaw.pl\/?page_id=2185\"]}]},{\"@type\":\"BreadcrumbList\",\"@id\":\"https:\/\/www.mopskrasnystaw.pl\/?page_id=2185#breadcrumb\",\"itemListElement\":[{\"@type\":\"ListItem\",\"position\":1,\"name\":\"Strona g\u0142\u00f3wna\",\"item\":\"https:\/\/www.mopskrasnystaw.pl\/\"},{\"@type\":\"ListItem\",\"position\":2,\"name\":\"Us\u0142ugi opieku\u0144cze dla os\u00f3b niepe\u0142nosprawnych\"}]}]}<\/script>\n<!-- \/ Yoast SEO plugin. -->","yoast_head_json":{"title":"Us\u0142ugi opieku\u0144cze dla os\u00f3b niepe\u0142nosprawnych - MOPS Krasnystaw","robots":{"index":"index","follow":"follow","max-snippet":"max-snippet:-1","max-image-preview":"max-image-preview:large","max-video-preview":"max-video-preview:-1"},"canonical":"https:\/\/www.mopskrasnystaw.pl\/?page_id=2185","og_locale":"pl_PL","og_type":"article","og_title":"Us\u0142ugi opieku\u0144cze dla os\u00f3b niepe\u0142nosprawnych - MOPS Krasnystaw","og_description":"Solidarno\u015bciowy Fundusz Wsparcia Os\u00f3b Niepe\u0142nosprawnych &#8211; Program \u201eUs\u0142ugi opieku\u0144cze dla os\u00f3b niepe\u0142nosprawnych\u201d \u2013 edycja 2020 Miasto Krasnystaw \u2013&nbsp;Miejski O\u015brodek Pomocy Spo\u0142ecznej w Krasnymstawie&nbsp;przyst\u0105pi\u0142o do realizacji Programu Ministra Rodziny, Pracy i Polityki Spo\u0142ecznej \u201eUs\u0142ugi opieku\u0144cze dla os\u00f3b niepe\u0142nosprawnych\u201d &#8211; edycja 2020, finansowanego z Solidarno\u015bciowego Funduszu Wsparcia Os\u00f3b Niepe\u0142nosprawnych.Warto\u015b\u0107 otrzymanego dofinansowania to kwota: 32 379,60 z\u0142Termin realizacji [&hellip;]","og_url":"https:\/\/www.mopskrasnystaw.pl\/?page_id=2185","og_site_name":"MOPS Krasnystaw","twitter_card":"summary_large_image","twitter_misc":{"Szacowany czas czytania":"2 minuty"},"schema":{"@context":"https:\/\/schema.org","@graph":[{"@type":"WebSite","@id":"https:\/\/www.mopskrasnystaw.pl\/#website","url":"https:\/\/www.mopskrasnystaw.pl\/","name":"MOPS Krasnystaw","description":"","potentialAction":[{"@type":"SearchAction","target":{"@type":"EntryPoint","urlTemplate":"https:\/\/www.mopskrasnystaw.pl\/?s={search_term_string}"},"query-input":"required name=search_term_string"}],"inLanguage":"pl-PL"},{"@type":"WebPage","@id":"https:\/\/www.mopskrasnystaw.pl\/?page_id=2185#webpage","url":"https:\/\/www.mopskrasnystaw.pl\/?page_id=2185","name":"Us\u0142ugi opieku\u0144cze dla os\u00f3b niepe\u0142nosprawnych - MOPS Krasnystaw","isPartOf":{"@id":"https:\/\/www.mopskrasnystaw.pl\/#website"},"datePublished":"2021-03-03T13:34:53+00:00","dateModified":"2021-03-03T13:34:53+00:00","breadcrumb":{"@id":"https:\/\/www.mopskrasnystaw.pl\/?page_id=2185#breadcrumb"},"inLanguage":"pl-PL","potentialAction":[{"@type":"ReadAction","target":["https:\/\/www.mopskrasnystaw.pl\/?page_id=2185"]}]},{"@type":"BreadcrumbList","@id":"https:\/\/www.mopskrasnystaw.pl\/?page_id=2185#breadcrumb","itemListElement":[{"@type":"ListItem","position":1,"name":"Strona g\u0142\u00f3wna","item":"https:\/\/www.mopskrasnystaw.pl\/"},{"@type":"ListItem","position":2,"name":"Us\u0142ugi opieku\u0144cze dla os\u00f3b niepe\u0142nosprawnych"}]}]}},"_links":{"self":[{"href":"https:\/\/www.mopskrasnystaw.pl\/index.php?rest_route=\/wp\/v2\/pages\/2185"}],"collection":[{"href":"https:\/\/www.mopskrasnystaw.pl\/index.php?rest_route=\/wp\/v2\/pages"}],"about":[{"href":"https:\/\/www.mopskrasnystaw.pl\/index.php?rest_route=\/wp\/v2\/types\/page"}],"author":[{"embeddable":true,"href":"https:\/\/www.mopskrasnystaw.pl\/index.php?rest_route=\/wp\/v2\/users\/1"}],"replies":[{"embeddable":true,"href":"https:\/\/www.mopskrasnystaw.pl\/index.php?rest_route=%2Fwp%2Fv2%2Fcomments&post=2185"}],"version-history":[{"count":0,"href":"https:\/\/www.mopskrasnystaw.pl\/index.php?rest_route=\/wp\/v2\/pages\/2185\/revisions"}],"wp:attachment":[{"href":"https:\/\/www.mopskrasnystaw.pl\/index.php?rest_route=%2Fwp%2Fv2%2Fmedia&parent=2185"}],"curies":[{"name":"wp","href":"https:\/\/api.w.org\/{rel}","templated":true}]}}

Usługi opiekuńcze dla osób niepełnosprawnych

<p><strong>Solidarnościowy Fundusz Wsparcia Osób Niepełnosprawnych &#8211; Program „Usługi opiekuńcze dla osób niepełnosprawnych” – edycja 2020</strong></p>



<p>Miasto Krasnystaw –&nbsp;<strong>Miejski Ośrodek Pomocy Społecznej w Krasnymstawie</strong>&nbsp;przystąpiło do realizacji Programu Ministra Rodziny, Pracy i Polityki Społecznej „Usługi opiekuńcze dla osób niepełnosprawnych” &#8211; edycja 2020, finansowanego z Solidarnościowego Funduszu Wsparcia Osób Niepełnosprawnych.<br>Wartość otrzymanego dofinansowania to kwota: 32 379,60 zł<br>Termin realizacji zadania: 06 marzec – 31 grudzień 2020 r.</p>



<p><strong>Cel programu:</strong><br>Program ma na celu zwiększenie liczby godzin, poprawę jakości oraz zwiększenie dostępności świadczonych usług opiekuńczych i specjalistycznych usług opiekuńczych dla osób niepełnosprawnych w wieku do 75 roku życia posiadających orzeczenie o stopniu niepełnosprawności oraz dzieci do 16 roku życia z orzeczeniem o niepełnosprawności.<br>Sytuacja osób ze znacznym stopniem niepełnosprawności jest pod wieloma względami bardzo trudna. Często osoby te wymagają stałej pomocy innych osób w zaspokajaniu podstawowych potrzeb życiowych. Rozwój usług opiekuńczych, a w szczególności specjalistycznych usług opiekuńczych, skierowanych do ww. grupy osób jest jednym z priorytetowych zadań w procesie wsparcia osób niepełnosprawnych. Ważnym jest więc dostosowanie tych usług do schorzenia i niepełnosprawności.</p>



<p><strong>Usługi opiekuńcze</strong>&nbsp;obejmują pomoc w zaspokajaniu codziennych potrzeb życiowych, opiekę higieniczną, zaleconą przez lekarza pielęgnację oraz, w miarę możliwości, zapewnienie kontaktów z otoczeniem.</p>



<p><strong>Beneficjenci programu:</strong><br>1.&nbsp;<strong>Osoby niepełnosprawne w wieku do 75 roku życia z orzeczeniem o znacznym stopniu niepełnosprawności</strong>&nbsp;lub orzeczeniem równoważnym<br>2.&nbsp;<strong>Dzieci do 16 roku życia z orzeczeniem o niepełnosprawności,</strong>&nbsp;wraz ze wskazaniem: konieczność stałej lub długotrwałej opieki i pomocy innej osoby w związku ze znacznie ograniczoną możliwością samodzielnej egzystencji oraz konieczności stałego współudziału na co dzień opiekuna dziecka w procesie jego leczenia, rehabilitacji i edukacji.<br>3. Osoby/rodziny korzystające z powyższych usług opiekuńczych muszą spełniać warunki wskazane w ustawie o pomocy społecznej i&nbsp;<strong>dochód</strong>&nbsp;ich nie może przekraczać 350% obowiązującego od 1 października 2018 r. kryterium dochodowego określonego w art. 8 ustawy z dnia 12 marca 2004 r. o pomocy społecznej.</p>



<p><strong>Informacje dotyczące Programu: tel. 82 576 23 24</strong></p>

<p>Solidarnościowy Fundusz Wsparcia Osób Niepełnosprawnych &#8211; Program „Usługi opiekuńcze dla osób niepełnosprawnych” – edycja 2020 Miasto Krasnystaw –&nbsp;Miejski Ośrodek Pomocy Społecznej w Krasnymstawie&nbsp;przystąpiło do realizacji Programu Ministra Rodziny, Pracy i Polityki Społecznej „Usługi opiekuńcze dla osób niepełnosprawnych” &#8211; edycja 2020, finansowanego z Solidarnościowego Funduszu Wsparcia Osób Niepełnosprawnych.Wartość otrzymanego dofinansowania to kwota: 32 379,60 złTermin realizacji [&hellip;]</p>

<!-- This site is optimized with the Yoast SEO plugin v19.0 - https://yoast.com/wordpress/plugins/seo/ -->
<title>Usługi opiekuńcze dla osób niepełnosprawnych - MOPS Krasnystaw</title>
<meta name="robots" content="index, follow, max-snippet:-1, max-image-preview:large, max-video-preview:-1" />
<link rel="canonical" href="https://www.mopskrasnystaw.pl/?page_id=2185" />
<meta property="og:locale" content="pl_PL" />
<meta property="og:type" content="article" />
<meta property="og:title" content="Usługi opiekuńcze dla osób niepełnosprawnych - MOPS Krasnystaw" />
<meta property="og:description" content="Solidarnościowy Fundusz Wsparcia Osób Niepełnosprawnych &#8211; Program „Usługi opiekuńcze dla osób niepełnosprawnych” – edycja 2020 Miasto Krasnystaw –&nbsp;Miejski Ośrodek Pomocy Społecznej w Krasnymstawie&nbsp;przystąpiło do realizacji Programu Ministra Rodziny, Pracy i Polityki Społecznej „Usługi opiekuńcze dla osób niepełnosprawnych” &#8211; edycja 2020, finansowanego z Solidarnościowego Funduszu Wsparcia Osób Niepełnosprawnych.Wartość otrzymanego dofinansowania to kwota: 32 379,60 złTermin realizacji [&hellip;]" />
<meta property="og:url" content="https://www.mopskrasnystaw.pl/?page_id=2185" />
<meta property="og:site_name" content="MOPS Krasnystaw" />
<meta name="twitter:card" content="summary_large_image" />
<meta name="twitter:label1" content="Szacowany czas czytania" />
	<meta name="twitter:data1" content="2 minuty" />
<script type="application/ld+json" class="yoast-schema-graph">{"@context":"https://schema.org","@graph":[{"@type":"WebSite","@id":"https://www.mopskrasnystaw.pl/#website","url":"https://www.mopskrasnystaw.pl/","name":"MOPS Krasnystaw","description":"","potentialAction":[{"@type":"SearchAction","target":{"@type":"EntryPoint","urlTemplate":"https://www.mopskrasnystaw.pl/?s={search_term_string}"},"query-input":"required name=search_term_string"}],"inLanguage":"pl-PL"},{"@type":"WebPage","@id":"https://www.mopskrasnystaw.pl/?page_id=2185#webpage","url":"https://www.mopskrasnystaw.pl/?page_id=2185","name":"Usługi opiekuńcze dla osób niepełnosprawnych - MOPS Krasnystaw","isPartOf":{"@id":"https://www.mopskrasnystaw.pl/#website"},"datePublished":"2021-03-03T13:34:53+00:00","dateModified":"2021-03-03T13:34:53+00:00","breadcrumb":{"@id":"https://www.mopskrasnystaw.pl/?page_id=2185#breadcrumb"},"inLanguage":"pl-PL","potentialAction":[{"@type":"ReadAction","target":["https://www.mopskrasnystaw.pl/?page_id=2185"]}]},{"@type":"BreadcrumbList","@id":"https://www.mopskrasnystaw.pl/?page_id=2185#breadcrumb","itemListElement":[{"@type":"ListItem","position":1,"name":"Strona główna","item":"https://www.mopskrasnystaw.pl/"},{"@type":"ListItem","position":2,"name":"Usługi opiekuńcze dla osób niepełnosprawnych"}]}]}</script>
<!-- / Yoast SEO plugin. -->

Usługi opiekuńcze dla osób niepełnosprawnych - MOPS Krasnystaw

Solidarnościowy Fundusz Wsparcia Osób Niepełnosprawnych &#8211; Program „Usługi opiekuńcze dla osób niepełnosprawnych” – edycja 2020 Miasto Krasnystaw –&nbsp;Miejski Ośrodek Pomocy Społecznej w Krasnymstawie&nbsp;przystąpiło do realizacji Programu Ministra Rodziny, Pracy i Polityki Społecznej „Usługi opiekuńcze dla osób niepełnosprawnych” &#8211; edycja 2020, finansowanego z Solidarnościowego Funduszu Wsparcia Osób Niepełnosprawnych.Wartość otrzymanego dofinansowania to kwota: 32 379,60 złTermin realizacji [&hellip;]

Strona główna
