{"id":2179,"date":"2021-03-03T13:27:32","date_gmt":"2021-03-03T13:27:32","guid":{"rendered":"http:\/\/www.mopskrasnystaw.pl\/?page_id=2179"},"modified":"2025-08-18T09:46:40","modified_gmt":"2025-08-18T09:46:40","slug":"dodatki-mieszkaniowe-dokumenty-do-pobrania","status":"publish","type":"page","link":"https:\/\/www.mopskrasnystaw.pl\/?page_id=2179","title":{"rendered":"Dodatki mieszkaniowe &#8211; dokumenty do pobrania"},"content":{"rendered":"\n<p><a href=\"https:\/\/www.mopskrasnystaw.pl\/wp-content\/uploads\/2021\/07\/Wzor_wniosku_o_dodatek_mieszkaniowy.pdf\">wniosek.pdf<\/a><\/p>\n\n\n\n<p><a href=\"https:\/\/www.mopskrasnystaw.pl\/wp-content\/uploads\/2021\/07\/Wzor_deklaracji_o_dochodach.pdf\">deklaracja o dochodach.pdf<\/a><\/p>\n\n\n\n<p><a href=\"https:\/\/www.mopskrasnystaw.pl\/wp-content\/uploads\/2016\/11\/oswiadczenie.pdf\">o\u015bwiadczenie.pdf<\/a><\/p>\n\n\n\n<div class=\"wp-block-file\"><a id=\"wp-block-file--media-a8624a15-c635-4098-b218-b229a94a9f0c\" href=\"https:\/\/www.mopskrasnystaw.pl\/wp-content\/uploads\/2022\/09\/klauzula-rodo.pdf\">klauzula RODO.pdf<\/a><\/div>\n\n\n\n<div class=\"wp-block-file\"><a id=\"wp-block-file--media-1f6cee74-ebae-412f-8201-7126802817fa\" href=\"https:\/\/www.mopskrasnystaw.pl\/wp-content\/uploads\/2025\/08\/rodo.pdf\">o\u015bwiadczenie RODO.pdf<\/a><\/div>\n\n\n\n<p><a href=\"https:\/\/www.mopskrasnystaw.pl\/wp-content\/uploads\/2016\/11\/oswiadczeniepok.pdf\">o\u015bwiadczenie pod odpowiedzialno\u015bci\u0105 karn\u0105.pdf<\/a><\/p>\n\n\n\n<p><\/p>\n\n\n\n<p><\/p>\n","protected":false},"excerpt":{"rendered":"<p>wniosek.pdf deklaracja o dochodach.pdf o\u015bwiadczenie.pdf o\u015bwiadczenie pod odpowiedzialno\u015bci\u0105 karn\u0105.pdf<\/p>\n","protected":false},"author":1,"featured_media":0,"parent":0,"menu_order":0,"comment_status":"closed","ping_status":"closed","template":"","meta":[],"yoast_head":"<!-- This site is optimized with the Yoast SEO plugin v19.0 - https:\/\/yoast.com\/wordpress\/plugins\/seo\/ -->\n<title>Dodatki mieszkaniowe - dokumenty do pobrania - MOPS Krasnystaw<\/title>\n<meta name=\"robots\" content=\"index, follow, max-snippet:-1, max-image-preview:large, max-video-preview:-1\" \/>\n<link rel=\"canonical\" href=\"https:\/\/www.mopskrasnystaw.pl\/?page_id=2179\" \/>\n<meta property=\"og:locale\" content=\"pl_PL\" \/>\n<meta property=\"og:type\" content=\"article\" \/>\n<meta property=\"og:title\" content=\"Dodatki mieszkaniowe - dokumenty do pobrania - MOPS Krasnystaw\" \/>\n<meta property=\"og:description\" content=\"wniosek.pdf deklaracja o dochodach.pdf o\u015bwiadczenie.pdf o\u015bwiadczenie pod odpowiedzialno\u015bci\u0105 karn\u0105.pdf\" \/>\n<meta property=\"og:url\" content=\"https:\/\/www.mopskrasnystaw.pl\/?page_id=2179\" \/>\n<meta property=\"og:site_name\" content=\"MOPS Krasnystaw\" \/>\n<meta property=\"article:modified_time\" content=\"2025-08-18T09:46:40+00:00\" \/>\n<meta name=\"twitter:card\" content=\"summary_large_image\" \/>\n<meta name=\"twitter:label1\" content=\"Szacowany czas czytania\" \/>\n\t<meta name=\"twitter:data1\" content=\"1 minuta\" \/>\n<script type=\"application\/ld+json\" class=\"yoast-schema-graph\">{\"@context\":\"https:\/\/schema.org\",\"@graph\":[{\"@type\":\"WebSite\",\"@id\":\"https:\/\/www.mopskrasnystaw.pl\/#website\",\"url\":\"https:\/\/www.mopskrasnystaw.pl\/\",\"name\":\"MOPS Krasnystaw\",\"description\":\"\",\"potentialAction\":[{\"@type\":\"SearchAction\",\"target\":{\"@type\":\"EntryPoint\",\"urlTemplate\":\"https:\/\/www.mopskrasnystaw.pl\/?s={search_term_string}\"},\"query-input\":\"required name=search_term_string\"}],\"inLanguage\":\"pl-PL\"},{\"@type\":\"WebPage\",\"@id\":\"https:\/\/www.mopskrasnystaw.pl\/?page_id=2179#webpage\",\"url\":\"https:\/\/www.mopskrasnystaw.pl\/?page_id=2179\",\"name\":\"Dodatki mieszkaniowe - dokumenty do pobrania - MOPS Krasnystaw\",\"isPartOf\":{\"@id\":\"https:\/\/www.mopskrasnystaw.pl\/#website\"},\"datePublished\":\"2021-03-03T13:27:32+00:00\",\"dateModified\":\"2025-08-18T09:46:40+00:00\",\"breadcrumb\":{\"@id\":\"https:\/\/www.mopskrasnystaw.pl\/?page_id=2179#breadcrumb\"},\"inLanguage\":\"pl-PL\",\"potentialAction\":[{\"@type\":\"ReadAction\",\"target\":[\"https:\/\/www.mopskrasnystaw.pl\/?page_id=2179\"]}]},{\"@type\":\"BreadcrumbList\",\"@id\":\"https:\/\/www.mopskrasnystaw.pl\/?page_id=2179#breadcrumb\",\"itemListElement\":[{\"@type\":\"ListItem\",\"position\":1,\"name\":\"Strona g\u0142\u00f3wna\",\"item\":\"https:\/\/www.mopskrasnystaw.pl\/\"},{\"@type\":\"ListItem\",\"position\":2,\"name\":\"Dodatki mieszkaniowe &#8211; dokumenty do pobrania\"}]}]}<\/script>\n<!-- \/ Yoast SEO plugin. -->","yoast_head_json":{"title":"Dodatki mieszkaniowe - dokumenty do pobrania - MOPS Krasnystaw","robots":{"index":"index","follow":"follow","max-snippet":"max-snippet:-1","max-image-preview":"max-image-preview:large","max-video-preview":"max-video-preview:-1"},"canonical":"https:\/\/www.mopskrasnystaw.pl\/?page_id=2179","og_locale":"pl_PL","og_type":"article","og_title":"Dodatki mieszkaniowe - dokumenty do pobrania - MOPS Krasnystaw","og_description":"wniosek.pdf deklaracja o dochodach.pdf o\u015bwiadczenie.pdf o\u015bwiadczenie pod odpowiedzialno\u015bci\u0105 karn\u0105.pdf","og_url":"https:\/\/www.mopskrasnystaw.pl\/?page_id=2179","og_site_name":"MOPS Krasnystaw","article_modified_time":"2025-08-18T09:46:40+00:00","twitter_card":"summary_large_image","twitter_misc":{"Szacowany czas czytania":"1 minuta"},"schema":{"@context":"https:\/\/schema.org","@graph":[{"@type":"WebSite","@id":"https:\/\/www.mopskrasnystaw.pl\/#website","url":"https:\/\/www.mopskrasnystaw.pl\/","name":"MOPS Krasnystaw","description":"","potentialAction":[{"@type":"SearchAction","target":{"@type":"EntryPoint","urlTemplate":"https:\/\/www.mopskrasnystaw.pl\/?s={search_term_string}"},"query-input":"required name=search_term_string"}],"inLanguage":"pl-PL"},{"@type":"WebPage","@id":"https:\/\/www.mopskrasnystaw.pl\/?page_id=2179#webpage","url":"https:\/\/www.mopskrasnystaw.pl\/?page_id=2179","name":"Dodatki mieszkaniowe - dokumenty do pobrania - MOPS Krasnystaw","isPartOf":{"@id":"https:\/\/www.mopskrasnystaw.pl\/#website"},"datePublished":"2021-03-03T13:27:32+00:00","dateModified":"2025-08-18T09:46:40+00:00","breadcrumb":{"@id":"https:\/\/www.mopskrasnystaw.pl\/?page_id=2179#breadcrumb"},"inLanguage":"pl-PL","potentialAction":[{"@type":"ReadAction","target":["https:\/\/www.mopskrasnystaw.pl\/?page_id=2179"]}]},{"@type":"BreadcrumbList","@id":"https:\/\/www.mopskrasnystaw.pl\/?page_id=2179#breadcrumb","itemListElement":[{"@type":"ListItem","position":1,"name":"Strona g\u0142\u00f3wna","item":"https:\/\/www.mopskrasnystaw.pl\/"},{"@type":"ListItem","position":2,"name":"Dodatki mieszkaniowe &#8211; dokumenty do pobrania"}]}]}},"_links":{"self":[{"href":"https:\/\/www.mopskrasnystaw.pl\/index.php?rest_route=\/wp\/v2\/pages\/2179"}],"collection":[{"href":"https:\/\/www.mopskrasnystaw.pl\/index.php?rest_route=\/wp\/v2\/pages"}],"about":[{"href":"https:\/\/www.mopskrasnystaw.pl\/index.php?rest_route=\/wp\/v2\/types\/page"}],"author":[{"embeddable":true,"href":"https:\/\/www.mopskrasnystaw.pl\/index.php?rest_route=\/wp\/v2\/users\/1"}],"replies":[{"embeddable":true,"href":"https:\/\/www.mopskrasnystaw.pl\/index.php?rest_route=%2Fwp%2Fv2%2Fcomments&post=2179"}],"version-history":[{"count":4,"href":"https:\/\/www.mopskrasnystaw.pl\/index.php?rest_route=\/wp\/v2\/pages\/2179\/revisions"}],"predecessor-version":[{"id":5003,"href":"https:\/\/www.mopskrasnystaw.pl\/index.php?rest_route=\/wp\/v2\/pages\/2179\/revisions\/5003"}],"wp:attachment":[{"href":"https:\/\/www.mopskrasnystaw.pl\/index.php?rest_route=%2Fwp%2Fv2%2Fmedia&parent=2179"}],"curies":[{"name":"wp","href":"https:\/\/api.w.org\/{rel}","templated":true}]}}