{"id":2177,"date":"2021-03-03T13:27:12","date_gmt":"2021-03-03T13:27:12","guid":{"rendered":"http:\/\/www.mopskrasnystaw.pl\/?page_id=2177"},"modified":"2021-03-03T13:27:12","modified_gmt":"2021-03-03T13:27:12","slug":"dodatki-mieszkaniowe-informacje-ogolne","status":"publish","type":"page","link":"https:\/\/www.mopskrasnystaw.pl\/?page_id=2177","title":{"rendered":"Dodatki mieszkaniowe &#8211; informacje og\u00f3lne"},"content":{"rendered":"<p>Podstaw\u0105 do przyznawania dodatk\u00f3w mieszkaniowych stanowi ustawa z dnia 21 czerwca 2001r.\u00a0o dodatkach mieszkaniowych (t.j. Dz. U. z 2019r., poz. 2133 z p\u00f3\u017an.zm.).<\/p>\n<p>\u00a0\u00a0\u00a0\u00a0\u00a0\u00a0\u00a0\u00a0\u00a0\u00a0\u00a0\u00a0\u00a0\u00a0\u00a0 Dodatek mieszkaniowy jest form\u0105 pomocy pa\u0144stwa dla os\u00f3b, kt\u00f3re nie s\u0105 w stanie pokry\u0107 koszt\u00f3w zwi\u0105zanych z utrzymaniem mieszkania we w\u0142asnym zakresie. Dodatki mieszkaniowe przys\u0142uguj\u0105 osobom zajmuj\u0105cym lokale:<\/p>\n<p>&#8211; komunalne,<\/p>\n<p>&#8211; hipoteczne,<\/p>\n<p>&#8211; sp\u00f3\u0142dzielcze lokatorskie<\/p>\n<p>&#8211; w\u0142asno\u015bciowe,<\/p>\n<p>&#8211; zak\u0142adowe,<\/p>\n<p>&#8211; socjalne<\/p>\n<p>&#8211; domki jednorodzinne.<\/p>\n<p>Osoba ubiegaj\u0105ca si\u0119 o pomoc w formie dodatku mieszkaniowego musi posiada\u0107 tytu\u0142 prawny \u00a0do zajmowanego przez siebie lokalu lub prawo do lokalu zamiennego socjalnego (w przypadku os\u00f3b nie posiadaj\u0105cych tytu\u0142u prawnego).<\/p>\n<p>Dodatek mieszkaniowy przys\u0142uguje je\u017celi w okresie 3 miesi\u0119cy poprzedzaj\u0105cych dat\u0119 z\u0142o\u017cenia wniosku o jego przyznanie \u015bredni miesi\u0119czny doch\u00f3d przypadaj\u0105cy na jednego cz\u0142onka gospodarstwa domowego wnioskodawcy nie przekroczy\u0142 w gospodarstwie:<\/p>\n<ul>\n<li>jednoosobowym \u2013 40%<\/li>\n<li>wieloosobowym \u2013 30%<\/li>\n<\/ul>\n<p>przeci\u0119tnego wynagrodzenia w gospodarce narodowej og\u0142aszanego corocznie przez Prezesa G\u0142\u00f3wnego Urz\u0119du Statystycznego, obowi\u0105zuj\u0105cego w dniu z\u0142o\u017cenia wniosku.<\/p>\n<p>Zgodnie z art. 3 ustawy o dodatkach mieszkaniowych, doch\u00f3d, kt\u00f3ry nale\u017cy wykaza\u0107 w deklaracji o wysoko\u015bci dochod\u00f3w ubiegaj\u0105c si\u0119 o przyznanie dodatku mieszkaniowego:<\/p>\n<ol>\n<li>a) przychody podlegaj\u0105ce opodatkowaniu na zasadach okre\u015blonych w art. 27, art. 30b, art. 30c, art. 30e i art. 30f ustawy z dnia 26 lipca 1991 r. o podatku dochodowym od os\u00f3b fizycznych (Dz. U. z 2019 r. poz. 1387, z p\u00f3\u017an. zm.), pomniejszone o koszty uzyskania przychodu, nale\u017cny podatek dochodowy od os\u00f3b fizycznych, sk\u0142adki na ubezpieczenia spo\u0142eczne niezaliczone do koszt\u00f3w uzyskania przychodu oraz sk\u0142adki na ubezpieczenie zdrowotne,<\/li>\n<li>b) doch\u00f3d z dzia\u0142alno\u015bci podlegaj\u0105cej opodatkowaniu na podstawie przepis\u00f3w o zrycza\u0142towanym podatku dochodowym od niekt\u00f3rych przychod\u00f3w osi\u0105ganych przez osoby fizyczne,<\/li>\n<li>c) inne dochody niepodlegaj\u0105ce opodatkowaniu na podstawie przepis\u00f3w o podatku dochodowym od os\u00f3b fizycznych:<\/li>\n<\/ol>\n<p>\u2013 renty okre\u015blone w przepisach o zaopatrzeniu inwalid\u00f3w wojennych i wojskowych oraz ich rodzin,<\/p>\n<p>\u2013 renty wyp\u0142acone osobom represjonowanym i cz\u0142onkom ich rodzin, przyznane na zasadach okre\u015blonych w przepisach o zaopatrzeniu inwalid\u00f3w wojennych i wojskowych oraz ich rodzin,<\/p>\n<p>\u2013 \u015bwiadczenie pieni\u0119\u017cne, dodatek kompensacyjny oraz rycza\u0142t energetyczny okre\u015blone w przepisach o \u015bwiadczeniu pieni\u0119\u017cnym i uprawnieniach przys\u0142uguj\u0105cych \u017co\u0142nierzom zast\u0119pczej s\u0142u\u017cby wojskowej przymusowo zatrudnianym w kopalniach w\u0119gla, kamienio\u0142omach, zak\u0142adach rud uranu i batalionach budowlanych,<\/p>\n<p>\u2013 dodatek kombatancki, rycza\u0142t energetyczny i dodatek kompensacyjny okre\u015blone w przepisach o kombatantach oraz niekt\u00f3rych osobach b\u0119d\u0105cych ofiarami represji wojennych i okresu powojennego,<\/p>\n<p>\u2013 \u015bwiadczenie pieni\u0119\u017cne okre\u015blone w przepisach o \u015bwiadczeniu pieni\u0119\u017cnym przys\u0142uguj\u0105cym osobom deportowanym do pracy przymusowej oraz osadzonym w obozach pracy przez III Rzesz\u0119 Niemieck\u0105 lub Zwi\u0105zek Socjalistycznych Republik Radzieckich,<\/p>\n<p>\u2013 rycza\u0142t energetyczny, emerytury i renty otrzymywane przez osoby, kt\u00f3re utraci\u0142y wzrok w wyniku dzia\u0142a\u0144 wojennych w latach 1939-1945 lub eksplozji pozosta\u0142ych po tej wojnie niewypa\u0142\u00f3w i niewybuch\u00f3w,<\/p>\n<p>\u2013 renty inwalidzkie z tytu\u0142u inwalidztwa wojennego, kwoty zaopatrzenia otrzymywane przez ofiary wojny oraz cz\u0142onk\u00f3w ich rodzin, renty wypadkowe os\u00f3b, kt\u00f3rych inwalidztwo powsta\u0142o w zwi\u0105zku z przymusowym pobytem na robotach w III Rzeszy Niemieckiej w latach 1939-1945, otrzymywane z zagranicy,<\/p>\n<p>\u2013 zasi\u0142ki chorobowe okre\u015blone w przepisach o ubezpieczeniu spo\u0142ecznym rolnik\u00f3w oraz w przepisach o systemie ubezpiecze\u0144 spo\u0142ecznych,<\/p>\n<p>\u2013 \u015brodki bezzwrotnej pomocy zagranicznej otrzymywane od rz\u0105d\u00f3w pa\u0144stw obcych, organizacji mi\u0119dzynarodowych lub mi\u0119dzynarodowych instytucji finansowych, pochodz\u0105ce ze \u015brodk\u00f3w bezzwrotnej pomocy przyznanych na podstawie jednostronnej deklaracji lub um\u00f3w zawartych z tymi pa\u0144stwami, organizacjami lub instytucjami przez Rad\u0119 Ministr\u00f3w, w\u0142a\u015bciwego ministra lub agencje rz\u0105dowe, w tym r\u00f3wnie\u017c w przypadkach, gdy przekazanie tych \u015brodk\u00f3w jest dokonywane za po\u015brednictwem podmiotu upowa\u017cnionego do rozdzielania \u015brodk\u00f3w bezzwrotnej pomocy zagranicznej na rzecz podmiot\u00f3w, kt\u00f3rym s\u0142u\u017cy\u0107 ma ta pomoc,<\/p>\n<p>\u2013 nale\u017cno\u015bci ze stosunku pracy lub z tytu\u0142u stypendium os\u00f3b fizycznych maj\u0105cych miejsce zamieszkania na terytorium Rzeczypospolitej Polskiej, przebywaj\u0105cych czasowo za granic\u0105 &#8211; w wysoko\u015bci odpowiadaj\u0105cej r\u00f3wnowarto\u015bci diet z tytu\u0142u podr\u00f3\u017cy s\u0142u\u017cbowej poza granicami kraju ustalonych dla pracownik\u00f3w zatrudnionych w pa\u0144stwowych lub samorz\u0105dowych jednostkach sfery bud\u017cetowej na podstawie ustawy z dnia 26 czerwca 1974 r. &#8211; Kodeks pracy (Dz. U. z 2019 r. poz. 1040, 1043 i 1495),<\/p>\n<p>\u2013 nale\u017cno\u015bci pieni\u0119\u017cne wyp\u0142acone policjantom, \u017co\u0142nierzom, celnikom i pracownikom jednostek wojskowych i jednostek policyjnych u\u017cytych poza granicami pa\u0144stwa w celu udzia\u0142u w konflikcie zbrojnym lub wzmocnienia si\u0142 pa\u0144stwa albo pa\u0144stw sojuszniczych, misji pokojowej, akcji zapobie\u017cenia aktom terroryzmu lub ich skutkom, a tak\u017ce nale\u017cno\u015bci pieni\u0119\u017cne wyp\u0142acone \u017co\u0142nierzom, policjantom, celnikom i pracownikom pe\u0142ni\u0105cym funkcje obserwator\u00f3w w misjach pokojowych organizacji mi\u0119dzynarodowych i si\u0142 wielonarodowych,<\/p>\n<p>\u2013 nale\u017cno\u015bci pieni\u0119\u017cne ze stosunku s\u0142u\u017cbowego otrzymywane w czasie s\u0142u\u017cby kandydackiej przez funkcjonariuszy Policji, Pa\u0144stwowej Stra\u017cy Po\u017carnej, Stra\u017cy Granicznej, Biura Ochrony Rz\u0105du i S\u0142u\u017cby Wi\u0119ziennej, obliczone za okres, w kt\u00f3rym osoby te uzyska\u0142y doch\u00f3d,<\/p>\n<p>\u2013 dochody cz\u0142onk\u00f3w rolniczych sp\u00f3\u0142dzielni produkcyjnych z tytu\u0142u cz\u0142onkostwa w rolniczej sp\u00f3\u0142dzielni produkcyjnej, pomniejszone o sk\u0142adki na ubezpieczenia spo\u0142eczne,<\/p>\n<p>\u2013 alimenty na rzecz dzieci,<\/p>\n<p>\u2013 stypendia doktoranckie przyznane na podstawie art. 209 ust. 1 i 7 ustawy z dnia 20 lipca 2018 r. &#8211; Prawo o szkolnictwie wy\u017cszym i nauce (Dz. U. poz. 1668, z p\u00f3\u017an. zm.), stypendia sportowe przyznane na podstawie ustawy z dnia 25 czerwca 2010 r. o sporcie (Dz. U. z 2019 r. poz. 1468, 1495 i 2251) oraz inne stypendia o charakterze socjalnym przyznane uczniom lub studentom,<\/p>\n<p>\u2013 kwoty diet nieopodatkowane podatkiem dochodowym od os\u00f3b fizycznych, otrzymywane przez osoby wykonuj\u0105ce czynno\u015bci zwi\u0105zane z pe\u0142nieniem obowi\u0105zk\u00f3w spo\u0142ecznych i obywatelskich,<\/p>\n<p>\u2013 nale\u017cno\u015bci pieni\u0119\u017cne otrzymywane z tytu\u0142u wynajmu pokoi go\u015bcinnych w budynkach mieszkalnych po\u0142o\u017conych na terenach wiejskich w gospodarstwie rolnym osobom przebywaj\u0105cym na wypoczynku oraz uzyskane z tytu\u0142u wy\u017cywienia tych os\u00f3b,<\/p>\n<p>\u2013 dodatki za tajne nauczanie okre\u015blone w ustawie z dnia 26 stycznia 1982 r. &#8211; Karta Nauczyciela (Dz. U. z 2019 r. poz. 2215),<\/p>\n<p>\u2013 dochody uzyskane z dzia\u0142alno\u015bci gospodarczej prowadzonej na podstawie zezwolenia na terenie specjalnej strefy ekonomicznej okre\u015blonej w przepisach o specjalnych strefach ekonomicznych,<\/p>\n<p>\u2013 ekwiwalenty pieni\u0119\u017cne za deputaty w\u0119glowe okre\u015blone w przepisach o komercjalizacji, restrukturyzacji i prywatyzacji przedsi\u0119biorstwa pa\u0144stwowego &#8222;Polskie Koleje Pa\u0144stwowe&#8221;,<\/p>\n<p>\u2013 ekwiwalenty z tytu\u0142u prawa do bezp\u0142atnego w\u0119gla okre\u015blone w przepisach o restrukturyzacji g\u00f3rnictwa w\u0119gla kamiennego w latach 2003-2006,<\/p>\n<p>\u2013 \u015bwiadczenia okre\u015blone w przepisach o wykonywaniu mandatu pos\u0142a i senatora,<\/p>\n<p>\u2013 dochody uzyskane z gospodarstwa rolnego,<\/p>\n<p>\u2013 dochody uzyskiwane za granic\u0105 Rzeczypospolitej Polskiej, pomniejszone odpowiednio o zap\u0142acone za granic\u0105 Rzeczypospolitej Polskiej: podatek dochodowy oraz sk\u0142adki na obowi\u0105zkowe ubezpieczenie spo\u0142eczne i obowi\u0105zkowe ubezpieczenie zdrowotne,<\/p>\n<p>\u2013 renty okre\u015blone w przepisach o wspieraniu rozwoju obszar\u00f3w wiejskich ze \u015brodk\u00f3w pochodz\u0105cych z Sekcji Gwarancji Europejskiego Funduszu Orientacji i Gwarancji Rolnej oraz w przepisach o wspieraniu rozwoju obszar\u00f3w wiejskich z udzia\u0142em \u015brodk\u00f3w Europejskiego Funduszu Rolnego na rzecz Rozwoju Obszar\u00f3w Wiejskich,<\/p>\n<p>\u2013 zaliczk\u0119 alimentacyjn\u0105 okre\u015blon\u0105 w przepisach o post\u0119powaniu wobec d\u0142u\u017cnik\u00f3w alimentacyjnych oraz zaliczce alimentacyjnej,<\/p>\n<p>\u2013 \u015bwiadczenia pieni\u0119\u017cne wyp\u0142acane w przypadku bezskuteczno\u015bci egzekucji aliment\u00f3w,<\/p>\n<p>\u2013 pomoc materialn\u0105 o charakterze socjalnym okre\u015blon\u0105 w art. 90c ust. 2 ustawy z dnia 7 wrze\u015bnia 1991 r. o systemie o\u015bwiaty (Dz. U. z 2019 r. poz. 1481, 1818 i 2197) oraz \u015bwiadczenia, o kt\u00f3rych mowa w art. 86 ust. 1 pkt 1-3 i 5 oraz art. 212 ustawy z dnia 20 lipca 2018 r. &#8211; Prawo o szkolnictwie wy\u017cszym i nauce,<\/p>\n<p>\u2013 kwoty otrzymane na podstawie art. 27f ust. 8-10 ustawy z dnia 26 lipca 1991 r. o podatku dochodowym od os\u00f3b fizycznych,<\/p>\n<p>\u2013 \u015bwiadczenie pieni\u0119\u017cne okre\u015blone w ustawie z dnia 20 marca 2015 r. o dzia\u0142aczach opozycji antykomunistycznej oraz osobach represjonowanych z powod\u00f3w politycznych (Dz. U. z 2018 r. poz. 690 oraz z 2019 r. poz. 730, 752 i 992),<\/p>\n<p>\u2013 \u015bwiadczenie rodzicielskie,<\/p>\n<p>\u2013 zasi\u0142ek macierzy\u0144ski, o kt\u00f3rym mowa w przepisach o ubezpieczeniu spo\u0142ecznym rolnik\u00f3w,<\/p>\n<p>\u2013 stypendia dla bezrobotnych finansowane ze \u015brodk\u00f3w Unii Europejskiej;<\/p>\n<p>\u2013 przychody wolne od podatku dochodowego na podstawie art. 21 ust. 1 pkt 148 ustawy z dnia 26 lipca 1991 r. o podatku dochodowym od os\u00f3b fizycznych, pomniejszone o sk\u0142adki na ubezpieczenia spo\u0142eczne oraz sk\u0142adki na ubezpieczenia zdrowotne;<\/p>\n<ul>\n<li>w przypadku posiadania tytu\u0142u prawnego do gospodarstwa rolnego doch\u00f3d z tego gospodarstwa ustala si\u0119 na podstawie powierzchni grunt\u00f3w w hektarach przeliczeniowych i wysoko\u015bci przeci\u0119tnego dochodu z pracy w indywidualnych gospodarstwach rolnych z 1 ha przeliczeniowego, ostatnio og\u0142aszanego przez Prezesa G\u0142\u00f3wnego Urz\u0119du Statystycznego na podstawie art. 18 ustawy z dnia 15 listopada 1984r. o podatku rolnym (Dz.U. z 2020r., poz. 333).<\/li>\n<li>Wysoko\u015b\u0107 dochodu z pozarolniczej dzia\u0142alno\u015bci gospodarczej, w przypadku prowadzenia dzia\u0142alno\u015bci opodatkowanej na zasadach okre\u015blonych w przepisach ustawy z dnia 26 lipca 1991r. o podatku dochodowym od os\u00f3b fizycznych (Dz.U. z 2020r. poz. 1426 z p\u00f3\u017an.zm.) ustala si\u0119 na podstawie o\u015bwiadczenia wnioskodawcy lub za\u015bwiadczenia wydanego przez naczelnika w\u0142a\u015bciwego urz\u0119du skarbowego.<\/li>\n<li>W przypadku ustalania dochodu z dzia\u0142alno\u015bci podlegaj\u0105cej opodatkowaniu na podstawie przepis\u00f3w ustawy z dnia 20 listopada 1998r. o zrycza\u0142towanym podatku dochodowym od niekt\u00f3rych przychod\u00f3w osi\u0105gni\u0119tych przez osoby fizyczne (Dz.U. z 2020r. poz. 1905, 2123 i 2320) przyjmuje si\u0119 doch\u00f3d miesi\u0119czny w wysoko\u015bci 1\/12 dochodu og\u0142aszanego corocznie, w drodze obwieszczenia ministra w\u0142a\u015bciwego do spraw rodziny, o kt\u00f3rym mowa w art. 5 ust. 7a ustawy z dnia 28 listopada 2003r. o \u015bwiadczeniach rodzinnych.<\/li>\n<\/ul>\n<p>Ponadto osoba ubiegaj\u0105ca si\u0119 o dodatek mieszkaniowy powinna kwalifikowa\u0107 si\u0119 metra\u017cem ustalonym w art. 5 ustawy o dodatkach mieszkaniowych.<\/p>\n<p>Zgodnie z art. 5 ust. 5 dopuszczalne przekroczenie powierzchni<\/p>\n<p>1) 35 m2 \u2013 dla 1 osoby \u2013 45,50 m2<\/p>\n<p>2) 40 m2 \u2013 dla 2 os\u00f3b \u2013 52,00 m2<\/p>\n<p>3) 45 m2 \u2013 dla 3 os\u00f3b \u2013 58,50 m2<\/p>\n<p>4) 55 m2 \u2013 dla 4 os\u00f3b \u2013 71,50 m2<\/p>\n<p>5) 65 m2 \u2013 dla 5 os\u00f3b \u2013 84,50 m2<\/p>\n<p>6) 70 m2 \u2013 dla 6 os\u00f3b -91,00 m2<\/p>\n<p>Wysoko\u015b\u0107 dodatku mieszkaniowego stanowi r\u00f3\u017cnic\u0119 mi\u0119dzy wydatkami przypadaj\u0105cymi na normatywn\u0105 powierzchni\u0119 zajmowanego lokalu a kwot\u0105 wydatk\u00f3w poniesionych przez osob\u0119 ubiegaj\u0105c\u0105 si\u0119 o dodatek mieszkaniowy.<\/p>\n<p>Dodatek mieszkaniowy jest pomoc\u0105 przyznawan\u0105 na okres 6 miesi\u0119cy, licz\u0105c od pierwszego dnia miesi\u0105ca nast\u0119puj\u0105cego po dniu z\u0142o\u017cenia wniosku.<\/p>\n","protected":false},"excerpt":{"rendered":"<p>Podstaw\u0105 do przyznawania dodatk\u00f3w mieszkaniowych stanowi ustawa z dnia 21 czerwca 2001r.\u00a0o dodatkach mieszkaniowych (t.j. Dz. U. z 2019r., poz. 2133 z p\u00f3\u017an.zm.). \u00a0\u00a0\u00a0\u00a0\u00a0\u00a0\u00a0\u00a0\u00a0\u00a0\u00a0\u00a0\u00a0\u00a0\u00a0 Dodatek mieszkaniowy jest form\u0105 pomocy pa\u0144stwa dla os\u00f3b, kt\u00f3re nie s\u0105 w stanie pokry\u0107 koszt\u00f3w zwi\u0105zanych z utrzymaniem mieszkania we w\u0142asnym zakresie. Dodatki mieszkaniowe przys\u0142uguj\u0105 osobom zajmuj\u0105cym lokale: &#8211; komunalne, &#8211; [&hellip;]<\/p>\n","protected":false},"author":1,"featured_media":0,"parent":0,"menu_order":0,"comment_status":"closed","ping_status":"closed","template":"","meta":[],"yoast_head":"<!-- This site is optimized with the Yoast SEO plugin v19.0 - https:\/\/yoast.com\/wordpress\/plugins\/seo\/ -->\n<title>Dodatki mieszkaniowe - informacje og\u00f3lne - MOPS Krasnystaw<\/title>\n<meta name=\"robots\" content=\"index, follow, max-snippet:-1, max-image-preview:large, max-video-preview:-1\" \/>\n<link rel=\"canonical\" href=\"https:\/\/www.mopskrasnystaw.pl\/?page_id=2177\" \/>\n<meta property=\"og:locale\" content=\"pl_PL\" \/>\n<meta property=\"og:type\" content=\"article\" \/>\n<meta property=\"og:title\" content=\"Dodatki mieszkaniowe - informacje og\u00f3lne - MOPS Krasnystaw\" \/>\n<meta property=\"og:description\" content=\"Podstaw\u0105 do przyznawania dodatk\u00f3w mieszkaniowych stanowi ustawa z dnia 21 czerwca 2001r.\u00a0o dodatkach mieszkaniowych (t.j. Dz. U. z 2019r., poz. 2133 z p\u00f3\u017an.zm.). \u00a0\u00a0\u00a0\u00a0\u00a0\u00a0\u00a0\u00a0\u00a0\u00a0\u00a0\u00a0\u00a0\u00a0\u00a0 Dodatek mieszkaniowy jest form\u0105 pomocy pa\u0144stwa dla os\u00f3b, kt\u00f3re nie s\u0105 w stanie pokry\u0107 koszt\u00f3w zwi\u0105zanych z utrzymaniem mieszkania we w\u0142asnym zakresie. Dodatki mieszkaniowe przys\u0142uguj\u0105 osobom zajmuj\u0105cym lokale: &#8211; komunalne, &#8211; [&hellip;]\" \/>\n<meta property=\"og:url\" content=\"https:\/\/www.mopskrasnystaw.pl\/?page_id=2177\" \/>\n<meta property=\"og:site_name\" content=\"MOPS Krasnystaw\" \/>\n<meta name=\"twitter:card\" content=\"summary_large_image\" \/>\n<meta name=\"twitter:label1\" content=\"Szacowany czas czytania\" \/>\n\t<meta name=\"twitter:data1\" content=\"9 minut\" \/>\n<script type=\"application\/ld+json\" class=\"yoast-schema-graph\">{\"@context\":\"https:\/\/schema.org\",\"@graph\":[{\"@type\":\"WebSite\",\"@id\":\"https:\/\/www.mopskrasnystaw.pl\/#website\",\"url\":\"https:\/\/www.mopskrasnystaw.pl\/\",\"name\":\"MOPS Krasnystaw\",\"description\":\"\",\"potentialAction\":[{\"@type\":\"SearchAction\",\"target\":{\"@type\":\"EntryPoint\",\"urlTemplate\":\"https:\/\/www.mopskrasnystaw.pl\/?s={search_term_string}\"},\"query-input\":\"required name=search_term_string\"}],\"inLanguage\":\"pl-PL\"},{\"@type\":\"WebPage\",\"@id\":\"https:\/\/www.mopskrasnystaw.pl\/?page_id=2177#webpage\",\"url\":\"https:\/\/www.mopskrasnystaw.pl\/?page_id=2177\",\"name\":\"Dodatki mieszkaniowe - informacje og\u00f3lne - MOPS Krasnystaw\",\"isPartOf\":{\"@id\":\"https:\/\/www.mopskrasnystaw.pl\/#website\"},\"datePublished\":\"2021-03-03T13:27:12+00:00\",\"dateModified\":\"2021-03-03T13:27:12+00:00\",\"breadcrumb\":{\"@id\":\"https:\/\/www.mopskrasnystaw.pl\/?page_id=2177#breadcrumb\"},\"inLanguage\":\"pl-PL\",\"potentialAction\":[{\"@type\":\"ReadAction\",\"target\":[\"https:\/\/www.mopskrasnystaw.pl\/?page_id=2177\"]}]},{\"@type\":\"BreadcrumbList\",\"@id\":\"https:\/\/www.mopskrasnystaw.pl\/?page_id=2177#breadcrumb\",\"itemListElement\":[{\"@type\":\"ListItem\",\"position\":1,\"name\":\"Strona g\u0142\u00f3wna\",\"item\":\"https:\/\/www.mopskrasnystaw.pl\/\"},{\"@type\":\"ListItem\",\"position\":2,\"name\":\"Dodatki mieszkaniowe &#8211; informacje og\u00f3lne\"}]}]}<\/script>\n<!-- \/ Yoast SEO plugin. -->","yoast_head_json":{"title":"Dodatki mieszkaniowe - informacje og\u00f3lne - MOPS Krasnystaw","robots":{"index":"index","follow":"follow","max-snippet":"max-snippet:-1","max-image-preview":"max-image-preview:large","max-video-preview":"max-video-preview:-1"},"canonical":"https:\/\/www.mopskrasnystaw.pl\/?page_id=2177","og_locale":"pl_PL","og_type":"article","og_title":"Dodatki mieszkaniowe - informacje og\u00f3lne - MOPS Krasnystaw","og_description":"Podstaw\u0105 do przyznawania dodatk\u00f3w mieszkaniowych stanowi ustawa z dnia 21 czerwca 2001r.\u00a0o dodatkach mieszkaniowych (t.j. Dz. U. z 2019r., poz. 2133 z p\u00f3\u017an.zm.). \u00a0\u00a0\u00a0\u00a0\u00a0\u00a0\u00a0\u00a0\u00a0\u00a0\u00a0\u00a0\u00a0\u00a0\u00a0 Dodatek mieszkaniowy jest form\u0105 pomocy pa\u0144stwa dla os\u00f3b, kt\u00f3re nie s\u0105 w stanie pokry\u0107 koszt\u00f3w zwi\u0105zanych z utrzymaniem mieszkania we w\u0142asnym zakresie. Dodatki mieszkaniowe przys\u0142uguj\u0105 osobom zajmuj\u0105cym lokale: &#8211; komunalne, &#8211; [&hellip;]","og_url":"https:\/\/www.mopskrasnystaw.pl\/?page_id=2177","og_site_name":"MOPS Krasnystaw","twitter_card":"summary_large_image","twitter_misc":{"Szacowany czas czytania":"9 minut"},"schema":{"@context":"https:\/\/schema.org","@graph":[{"@type":"WebSite","@id":"https:\/\/www.mopskrasnystaw.pl\/#website","url":"https:\/\/www.mopskrasnystaw.pl\/","name":"MOPS Krasnystaw","description":"","potentialAction":[{"@type":"SearchAction","target":{"@type":"EntryPoint","urlTemplate":"https:\/\/www.mopskrasnystaw.pl\/?s={search_term_string}"},"query-input":"required name=search_term_string"}],"inLanguage":"pl-PL"},{"@type":"WebPage","@id":"https:\/\/www.mopskrasnystaw.pl\/?page_id=2177#webpage","url":"https:\/\/www.mopskrasnystaw.pl\/?page_id=2177","name":"Dodatki mieszkaniowe - informacje og\u00f3lne - MOPS Krasnystaw","isPartOf":{"@id":"https:\/\/www.mopskrasnystaw.pl\/#website"},"datePublished":"2021-03-03T13:27:12+00:00","dateModified":"2021-03-03T13:27:12+00:00","breadcrumb":{"@id":"https:\/\/www.mopskrasnystaw.pl\/?page_id=2177#breadcrumb"},"inLanguage":"pl-PL","potentialAction":[{"@type":"ReadAction","target":["https:\/\/www.mopskrasnystaw.pl\/?page_id=2177"]}]},{"@type":"BreadcrumbList","@id":"https:\/\/www.mopskrasnystaw.pl\/?page_id=2177#breadcrumb","itemListElement":[{"@type":"ListItem","position":1,"name":"Strona g\u0142\u00f3wna","item":"https:\/\/www.mopskrasnystaw.pl\/"},{"@type":"ListItem","position":2,"name":"Dodatki mieszkaniowe &#8211; informacje og\u00f3lne"}]}]}},"_links":{"self":[{"href":"https:\/\/www.mopskrasnystaw.pl\/index.php?rest_route=\/wp\/v2\/pages\/2177"}],"collection":[{"href":"https:\/\/www.mopskrasnystaw.pl\/index.php?rest_route=\/wp\/v2\/pages"}],"about":[{"href":"https:\/\/www.mopskrasnystaw.pl\/index.php?rest_route=\/wp\/v2\/types\/page"}],"author":[{"embeddable":true,"href":"https:\/\/www.mopskrasnystaw.pl\/index.php?rest_route=\/wp\/v2\/users\/1"}],"replies":[{"embeddable":true,"href":"https:\/\/www.mopskrasnystaw.pl\/index.php?rest_route=%2Fwp%2Fv2%2Fcomments&post=2177"}],"version-history":[{"count":0,"href":"https:\/\/www.mopskrasnystaw.pl\/index.php?rest_route=\/wp\/v2\/pages\/2177\/revisions"}],"wp:attachment":[{"href":"https:\/\/www.mopskrasnystaw.pl\/index.php?rest_route=%2Fwp%2Fv2%2Fmedia&parent=2177"}],"curies":[{"name":"wp","href":"https:\/\/api.w.org\/{rel}","templated":true}]}}