{"id":2171,"date":"2021-03-03T13:26:12","date_gmt":"2021-03-03T13:26:12","guid":{"rendered":"http:\/\/www.mopskrasnystaw.pl\/?page_id=2171"},"modified":"2025-10-09T06:20:55","modified_gmt":"2025-10-09T06:20:55","slug":"fundusz-alimentacyjny","status":"publish","type":"page","link":"https:\/\/www.mopskrasnystaw.pl\/?page_id=2171","title":{"rendered":"Fundusz alimentacyjny"},"content":{"rendered":"\n<p>Osob\u0105 uprawnion\u0105 do \u015bwiadcze\u0144 z <strong>Funduszu Alimentacyjnego<\/strong> (FA) jest dziecko, kt\u00f3re ma zas\u0105dzone od rodzica alimenty (mog\u0105 to by\u0107 r\u00f3wnie\u017c alimenty na podstawie ugody zawartej przed s\u0105dem), je\u017celi egzekucja aliment\u00f3w jest bezskuteczna. \u015awiadczenia z FA przys\u0142uguj\u0105 na dziecko do uko\u0144czenia przez nie 18 lat. Na dziecko starsze \u015bwiadczenia przys\u0142uguj\u0105 do uko\u0144czenia 25 lat pod warunkiem, \u017ce uczy si\u0119 w ono szkole lub szkole wy\u017cszej. Na dziecko posiadaj\u0105ce orzeczenie o znacznym stopniu niepe\u0142nosprawno\u015bci, kt\u00f3rego rodzic nie p\u0142aci zas\u0105dzonych aliment\u00f3w, \u015bwiadczenia przys\u0142uguj\u0105 bezterminowo.<br><\/p>\n\n\n\n<p>1a. W przypadku uko\u0144czenia przez osob\u0119 uprawnion\u0105 szko\u0142y wy\u017cszej w trakcie ostatniego roku studi\u00f3w prawo do \u015bwiadcze\u0144 z funduszu alimentacyjnego przys\u0142uguje do zako\u0144czenia tego roku studi\u00f3w, nie d\u0142u\u017cej jednak ni\u017c do uko\u0144czenia przez osob\u0119 uprawnion\u0105 25 roku \u017cycia.<br><\/p>\n\n\n\n<p><strong>Egzekucja jest bezskuteczna<\/strong>, je\u017celi w okresie dw\u00f3ch miesi\u0119cy przed z\u0142o\u017ceniem wniosku o \u015bwiadczenie z FA komornik nie wyegzekwowa\u0142 pe\u0142nej nale\u017cno\u015bci z tytu\u0142u zaleg\u0142ych i bie\u017c\u0105cych zobowi\u0105za\u0144 alimentacyjnych. Bezskuteczno\u015b\u0107 egzekucji potwierdza komornik s\u0105dowy odpowiednim za\u015bwiadczeniem. Mo\u017cna je od komornika uzyska\u0107 samemu lub wyst\u0105pi\u0107 o ich uzyskanie przez organ w\u0142a\u015bciwy wierzyciela tj.: urz\u0105d gminy lub o\u015brodek pomocy spo\u0142ecznej, w kt\u00f3rym osoba ubiega si\u0119 o \u015bwiadczenie z FA. W przypadku, gdy egzekucja aliment\u00f3w nie jest prowadzona w Polsce, gdy\u017c d\u0142u\u017cnik mieszka za granic\u0105, w celu potwierdzenia bezskuteczno\u015bci egzekucji, do wniosku o przyznanie \u015bwiadczenia z FA wnioskodawca musi do\u0142\u0105czy\u0107 odpowiednie za\u015bwiadczenie z s\u0105du okr\u0119gowego (lub innego w\u0142a\u015bciwego s\u0105du) lub zagranicznej instytucji egzekucyjnej, potwierdzaj\u0105ce bezskuteczno\u015b\u0107 egzekucji zas\u0105dzonych aliment\u00f3w lub niemo\u017cno\u015b\u0107 prowadzenia egzekucji. Aby naby\u0107 prawo do \u015bwiadczenia z FA dziecko, kt\u00f3re ma zas\u0105dzone alimenty nie musi by\u0107 wychowywane przez rodzica samotnie. Prawo do \u015bwiadczenia z FA przys\u0142uguje te\u017c na dzieci wychowywane przez rodzica, kt\u00f3ry zawar\u0142 kolejny zwi\u0105zek ma\u0142\u017ce\u0144ski, \u017cyje w nieformalnym zwi\u0105zku lub m\u0105\u017c\/\u017cona nie p\u0142aci zas\u0105dzonych aliment\u00f3w. W takich przypadkach rodzic zobowi\u0105zany do alimentacji nie jest wliczany do sk\u0142adu rodziny, wi\u0119c jego doch\u00f3d nie jest brany pod uwag\u0119 przy ustalaniu czy rodzina ma prawo do \u015bwiadczenia z FA.<br><\/p>\n\n\n\n<p><strong>Prawo do \u015bwiadczenia z FA<\/strong> przys\u0142uguje, je\u017celi doch\u00f3d rodziny netto w przeliczeniu na osob\u0119 w rodzinie nie przekracza kwoty <strong>1209 z\u0142.<\/strong><br>2a. W przypadku gdy doch\u00f3d rodziny w przeliczeniu na osob\u0119 w rodzinie przekracza kwot\u0119, o kt\u00f3rej mowa w ust. 2, o kwot\u0119 nie wy\u017csz\u0105 ni\u017c kwota \u015bwiadczenia z funduszu alimentacyjnego przys\u0142uguj\u0105cego danej osobie uprawnionej w okresie \u015bwiadczeniowym, na kt\u00f3ry jest ustalane prawo do tego \u015bwiadczenia, \u015bwiadczenie z funduszu alimentacyjnego przys\u0142uguje w wysoko\u015bci r\u00f3\u017cnicy mi\u0119dzy kwot\u0105 \u015bwiadczenia z funduszu alimentacyjnego przys\u0142uguj\u0105cego danej osobie uprawnionej a kwot\u0105, o kt\u00f3r\u0105 zosta\u0142 przekroczony doch\u00f3d rodziny w przeliczeniu na osob\u0119 w rodzinie.<br>2b. W przypadku gdy wysoko\u015b\u0107 \u015bwiadczenia z funduszu alimentacyjnego przys\u0142uguj\u0105cego danej osobie uprawnionej, ustalona zgodnie z ust. 2a, jest ni\u017csza ni\u017c 100 z\u0142, \u015bwiadczenie to nie przys\u0142uguje.<br>2c. Kwota, o kt\u00f3rej mowa w ust. 2, podlega co 3 lata waloryzacji od dnia 1 pa\u017adziernika roku, w kt\u00f3rym przeprowadzana jest waloryzacja.<br>2d. Waloryzacja polega na zwi\u0119kszeniu kwoty, o kt\u00f3rej mowa w ust. 2, o wska\u017anik waloryzacji. Wska\u017anikiem waloryzacji jest procentowy skumulowany wzrost minimalnego wynagrodzenia za prac\u0119, o kt\u00f3rym mowa w ustawie z dnia 10 pa\u017adziernika 2002 r. o minimalnym wynagrodzeniu za prac\u0119 (Dz. U. z 2020 r. poz. 2207), obowi\u0105zuj\u0105cego na dzie\u0144 1 stycznia roku, w kt\u00f3rym jest przeprowadzana waloryzacja, w stosunku do wysoko\u015bci minimalnego wynagrodzenia za prac\u0119 obowi\u0105zuj\u0105cej w dniu 1 stycznia roku poprzedzaj\u0105cego o trzy lata rok, w kt\u00f3rym jest przeprowadzana waloryzacja.<br>2e. Wysoko\u015b\u0107 kwoty, o kt\u00f3rej mowa w ust. 2, ustalanej w spos\u00f3b okre\u015blony w ust. 2d, zaokr\u0105gla si\u0119 do pe\u0142nych z\u0142otych w g\u00f3r\u0119.<br>2f. Minister w\u0142a\u015bciwy do spraw rodziny, w terminie do dnia 31 stycznia roku, w kt\u00f3rym przeprowadzana jest waloryzacja, og\u0142asza, w drodze obwieszczenia, w Dzienniku Urz\u0119dowym Rzeczypospolitej Polskiej \u201eMonitor Polski\u201d wysoko\u015b\u0107 kwoty, o kt\u00f3rej mowa w ust. 2.<br><\/p>\n\n\n\n<p>Na podstawie art. 18 ust. 4 ustawy z dnia 24 czerwca 2021 r. o zmianie niekt\u00f3rych ustaw zwi\u0105zanych ze \u015bwiadczeniami na rzecz rodziny (Dz. U. poz. 1162) og\u0142asza si\u0119, \u017ce przy ustalaniu prawa do \u015bwiadcze\u0144 z funduszu alimentacyjnego, pocz\u0105wszy od okresu \u015bwiadczeniowego, o kt\u00f3rym mowa w ustawie z dnia 7 wrze\u015bnia 2007 r. o pomocy osobom uprawnionym do aliment\u00f3w (Dz. U. z 2025 r. poz. 438 z p\u00f3\u017an zm), rozpoczynaj\u0105cego si\u0119 <strong>od dnia 1 pa\u017adziernika 2023 r., wysoko\u015b\u0107 kwoty, o kt\u00f3rej mowa w art. 9 ust. 2 tej ustawy, wynosi 1209 z\u0142.<\/strong><br><strong>Wysoko\u015b\u0107 \u015bwiadcze\u0144 z funduszu alimentacyjnego<\/strong>, \u015bwiadczenia z FA przys\u0142uguj\u0105 w kwocie bie\u017c\u0105co zas\u0105dzonych aliment\u00f3w, ale <strong>nie mog\u0105 wynie\u015b\u0107 wi\u0119cej ni\u017c po 1000 z\u0142 na ka\u017cde z uprawnionych do aliment\u00f3w dzieci.<\/strong><br><strong>Okres otrzymywania \u015bwiadcze\u0144, <\/strong>kiedy z\u0142o\u017cy\u0107 wniosek, \u015bwiadczenia z FA przyznawane s\u0105 na tzw. okresy \u015bwiadczeniowe, trwaj\u0105ce <strong>12 miesi\u0119cy od 1 pa\u017adziernika do 30 wrze\u015bnia nast\u0119pnego roku kalendarzowego.<\/strong><br><strong>Post\u0119powanie wobec d\u0142u\u017cnika alimentacyjnego<\/strong> w przypadku bezskuteczno\u015bci egzekucji osoba uprawniona do aliment\u00f3w (dziecko za po\u015brednictwem swego przedstawiciela ustawowego) mo\u017ce z\u0142o\u017cy\u0107 do organu w\u0142a\u015bciwego wierzyciela (oznacza to urz\u0105d gminy lub o\u015brodek pomocy spo\u0142ecznej w\u0142a\u015bciwy ze wzgl\u0119du na miejsce zamieszkania osoby uprawnionej do aliment\u00f3w) wniosek o podj\u0119cie dzia\u0142a\u0144 wobec d\u0142u\u017cnika alimentacyjnego. Do wniosku nale\u017cy do\u0142\u0105czy\u0107 za\u015bwiadczenie, od komornika prowadz\u0105cego post\u0119powanie egzekucyjne, o bezskuteczno\u015bci egzekucji, zawieraj\u0105ce informacj\u0119 o stanie egzekucji, przyczynach jej bezskuteczno\u015bci oraz o dzia\u0142aniach podejmowanych w celu wyegzekwowania zas\u0105dzonych aliment\u00f3w. W przypadku z\u0142o\u017cenia wniosku bez w\/w za\u015bwiadczenia, organ w\u0142a\u015bciwy wierzyciela wzywa organ prowadz\u0105cy post\u0119powanie egzekucyjne do przes\u0142ania za\u015bwiadczenia. Komornik prowadz\u0105cy post\u0119powanie egzekucyjne jest obowi\u0105zany do przes\u0142ania za\u015bwiadczenia w terminie 14 dni od dnia otrzymania wezwania. W przypadku przyznania osobie uprawnionej \u015bwiadczenia z funduszu alimentacyjnego organ w\u0142a\u015bciwy wierzyciela \u201ez urz\u0119du\u201d wyst\u0119puje z wnioskiem do organu w\u0142a\u015bciwego d\u0142u\u017cnika (oznacza to urz\u0105d gminy lub o\u015brodek pomocy spo\u0142ecznej w\u0142a\u015bciwy ze wzgl\u0119du na miejsce zamieszkania d\u0142u\u017cnika alimentacyjnego) o podj\u0119cie dzia\u0142a\u0144 wobec d\u0142u\u017cnika alimentacyjnego. Po otrzymaniu w\/w wniosku, organ w\u0142a\u015bciwy d\u0142u\u017cnika przeprowadza wywiad alimentacyjny, w celu ustalenia sytuacji rodzinnej, dochodowej i zawodowej d\u0142u\u017cnika alimentacyjnego, a tak\u017ce jego stanu zdrowia oraz przyczyn nie\u0142o\u017cenia na utrzymanie osoby uprawnionej, oraz odbiera od niego o\u015bwiadczenie maj\u0105tkowe.<br><\/p>\n\n\n\n<p><strong>W przypadku, gdy d\u0142u\u017cnik alimentacyjny nie mo\u017ce wywi\u0105za\u0107 si\u0119 ze swych zobowi\u0105za\u0144 z powodu braku zatrudnienia, organ w\u0142a\u015bciwy d\u0142u\u017cnika:<\/strong><br>\u2013 zobowi\u0105zuje d\u0142u\u017cnika alimentacyjnego do zarejestrowania si\u0119 jako bezrobotny, albo jako poszukuj\u0105cy pracy, w przypadku braku mo\u017cliwo\u015bci zarejestrowania si\u0119 jako bezrobotny;<br>\u2013 informuje w\u0142a\u015bciwy Powiatowy Urz\u0105d Pracy o potrzebie aktywizacji zawodowej d\u0142u\u017cnika alimentacyjnego<br><\/p>\n\n\n\n<p><strong>W przypadku uniemo\u017cliwienia przez d\u0142u\u017cnika alimentacyjnego przeprowadzenia wywiadu alimentacyjnego lub odm\u00f3wi\u0142<\/strong><br>\u2013 z\u0142o\u017cenia o\u015bwiadczenia maj\u0105tkowego ,<br>\u2013 zarejestrowania si\u0119 w Powiatowym Urz\u0119dzie Pracy jako bezrobotny albo poszukuj\u0105cy pracy<br>\u2013 bez uzasadnionej przyczyny, w rozumieniu przepis\u00f3w o promocji zatrudnienia i instytucjach rynku pracy, przyj\u0119cia propozycji odpowiedniego zatrudnienia lub innej pracy zarobkowej, wykonywania prac spo\u0142ecznie u\u017cytecznych, prac interwencyjnych, rob\u00f3t publicznych, prac na zasadach rob\u00f3t publicznych albo udzia\u0142u w szkoleniu, sta\u017cu lub przygotowaniu zawodowym doros\u0142ych<br>\u2013 organ w\u0142a\u015bciwy d\u0142u\u017cnika wszczyna post\u0119powanie dotycz\u0105ce uznania d\u0142u\u017cnika alimentacyjnego za uchylaj\u0105cego si\u0119 od zobowi\u0105za\u0144 alimentacyjnych.<br>\u2013 decyzji o uznaniu d\u0142u\u017cnika alimentacyjnego za uchylaj\u0105cego si\u0119 od zobowi\u0105za\u0144 alimentacyjnych nie wydaje si\u0119 wobec d\u0142u\u017cnika alimentacyjnego, kt\u00f3ry przez okres ostatnich 6 miesi\u0119cy wywi\u0105zywa\u0142 si\u0119 w ka\u017cdym miesi\u0105cu ze zobowi\u0105za\u0144 alimentacyjnych w kwocie nie ni\u017cszej ni\u017c 50% kwoty bie\u017c\u0105co ustalonych aliment\u00f3w.<br>\u2013 Je\u017celi decyzja o uznaniu d\u0142u\u017cnika alimentacyjnego za uchylaj\u0105cego si\u0119 od zobowi\u0105za\u0144 alimentacyjnych stanie si\u0119 ostateczna, organ w\u0142a\u015bciwy d\u0142u\u017cnika kieruje wniosek do starosty o zatrzymanie prawa jazdy d\u0142u\u017cnika alimentacyjnego, do\u0142\u0105czaj\u0105c odpis tej decyzji, oraz sk\u0142ada wniosek o \u015bciganie za przest\u0119pstwo okre\u015blone w art. 209 \u00a7 1 ustawy z dnia 6 czerwca 1997 r. \u2013 Kodeks karny (Dz. U. z 2025r. Poz. 911).<br>Kolejnymi dzia\u0142aniami podejmowanymi wobec d\u0142u\u017cnik\u00f3w alimentacyjnych w oparciu o uprawnienia ustawowe mi\u0119dzy innymi przepisy, kt\u00f3re wesz\u0142y w \u017cycie z dniem 31.05.2017r Kodeks Karny ( tekst jednolity Dz. U. z 2025 r. poz. 911), oraz ustawy o pomocy osobom uprawnionym do aliment\u00f3w (tekst jednolity Dz. U. z 2025r poz. 438 z p\u00f3\u017an zm) kt\u00f3ra otrzyma\u0142a nast\u0119puj\u0105ce brzmienie:<br>1) \u201e\u00a7 1. Kto uchyla si\u0119 od wykonania obowi\u0105zku alimentacyjnego okre\u015blonego co do wysoko\u015bci orzeczeniem s\u0105dowym, ugod\u0105 zawart\u0105 przed s\u0105dem albo innym organem albo inn\u0105 umow\u0105 , je\u017celi<br>\u0142\u0105czna wysoko\u015b\u0107 powsta\u0142ych wskutek tego zaleg\u0142o\u015bci stanowi r\u00f3wnowarto\u015b\u0107 co najmniej 3<br>\u015bwiadcze\u0144 okresowych albo je\u017celi op\u00f3\u017anienie zaleg\u0142ego \u015bwiadczenia innego ni\u017c okresowe wynosi co najmniej 3 miesi\u0105ce,podlega grzywnie, karze ograniczenia wolno\u015bci albo pozbawienia wolno\u015bci do roku.\u201d;<br>2) po \u00a7 1 dodaje si\u0119 \u00a7 1a w brzmieniu:<br>\u201e\u00a7 1a. Je\u017celi sprawca czynu okre\u015blonego w \u00a7 1 nara\u017ca osob\u0119 uprawnion\u0105 na niemo\u017cno\u015b\u0107 zaspokojenia podstawowych potrzeb \u017cyciowych, podlega grzywnie, karze ograniczenia wolno\u015bci albo pozbawienia wolno\u015bci do lat 2.\u201d<br>3) \u00a7 2 i 3 otrzymuj\u0105 brzmienie:<br>\u201e\u00a7 2. \u015aciganie przest\u0119pstwa okre\u015blonego w \u00a7 1 lub 1a nast\u0119puje na wniosek pokrzywdzonego, organu pomocy spo\u0142ecznej lub organu podejmuj\u0105cego dzia\u0142ania wobec d\u0142u\u017cnika alimentacyjnego.<br>\u00a7 3. Je\u017celi pokrzywdzonemu przyznano odpowiednie \u015bwiadczenia rodzinne albo \u015bwiadczenia pieni\u0119\u017cne wyp\u0142acane w przypadku bezskuteczno\u015bci egzekucji aliment\u00f3w, \u015bciganie przest\u0119pstwa okre\u015blonego w \u00a7 1 lub 1a odbywa si\u0119 z urz\u0119du.\u201d;<br>4) dodaje si\u0119 \u00a7 4 i 5 w brzmieniu:<br>\u201e\u00a7 4. Nie podlega karze sprawca przest\u0119pstwa okre\u015blonego w \u00a7 1, kt\u00f3ry nie p\u00f3\u017aniej ni\u017c przed up\u0142ywem 30 dni od dnia pierwszego przes\u0142uchania w charakterze podejrzanego ui\u015bci\u0142 w ca\u0142o\u015bci zaleg\u0142e alimenty.<br>\u00a7 5. S\u0105d odst\u0119puje od wymierzenia kary, je\u017celi nie p\u00f3\u017aniej ni\u017c przed up\u0142ywem 30 dni od dnia pierwszego przes\u0142uchania w charakterze podejrzanego sprawca przest\u0119pstwa okre\u015blonego w \u00a7 1a ui\u015bci\u0142 w ca\u0142o\u015bci zaleg\u0142e alimenty, chyba \u017ce wina i spo\u0142eczna szkodliwo\u015b\u0107 czynu przemawiaj\u0105 przeciwko odst\u0105pieniu od wymierzenia kary.\u201d<br>Art. 2. W ustawie z dnia 7 wrze\u015bnia 2007 r. o pomocy osobom uprawnionym do aliment\u00f3w (Dz. U. z 2025 r. poz. 438 z p\u00f3\u017an zm) w art. 5 w ust. 3b pkt 1 nada\u0107 brzmienie: \u201e1) sk\u0142ada wniosek o \u015bciganie za przest\u0119pstwo okre\u015blone w art. 209 ustawy z dnia 6 czerwca 1997 r. \u2013 Kodeks karny ( tekst jednolity Dz. U. z 2025 r. poz. 911),\u201d.<\/p>\n","protected":false},"excerpt":{"rendered":"<p>Osob\u0105 uprawnion\u0105 do \u015bwiadcze\u0144 z Funduszu Alimentacyjnego (FA) jest dziecko, kt\u00f3re ma zas\u0105dzone od rodzica alimenty (mog\u0105 to by\u0107 r\u00f3wnie\u017c alimenty na podstawie ugody zawartej przed s\u0105dem), je\u017celi egzekucja aliment\u00f3w jest bezskuteczna. \u015awiadczenia z FA przys\u0142uguj\u0105 na dziecko do uko\u0144czenia przez nie 18 lat. Na dziecko starsze \u015bwiadczenia przys\u0142uguj\u0105 do uko\u0144czenia 25 lat pod warunkiem, [&hellip;]<\/p>\n","protected":false},"author":1,"featured_media":0,"parent":0,"menu_order":0,"comment_status":"closed","ping_status":"closed","template":"","meta":[],"yoast_head":"<!-- This site is optimized with the Yoast SEO plugin v19.0 - https:\/\/yoast.com\/wordpress\/plugins\/seo\/ -->\n<title>Fundusz alimentacyjny - MOPS Krasnystaw<\/title>\n<meta name=\"robots\" content=\"index, follow, max-snippet:-1, max-image-preview:large, max-video-preview:-1\" \/>\n<link rel=\"canonical\" href=\"https:\/\/www.mopskrasnystaw.pl\/?page_id=2171\" \/>\n<meta property=\"og:locale\" content=\"pl_PL\" \/>\n<meta property=\"og:type\" content=\"article\" \/>\n<meta property=\"og:title\" content=\"Fundusz alimentacyjny - MOPS Krasnystaw\" \/>\n<meta property=\"og:description\" content=\"Osob\u0105 uprawnion\u0105 do \u015bwiadcze\u0144 z Funduszu Alimentacyjnego (FA) jest dziecko, kt\u00f3re ma zas\u0105dzone od rodzica alimenty (mog\u0105 to by\u0107 r\u00f3wnie\u017c alimenty na podstawie ugody zawartej przed s\u0105dem), je\u017celi egzekucja aliment\u00f3w jest bezskuteczna. \u015awiadczenia z FA przys\u0142uguj\u0105 na dziecko do uko\u0144czenia przez nie 18 lat. Na dziecko starsze \u015bwiadczenia przys\u0142uguj\u0105 do uko\u0144czenia 25 lat pod warunkiem, [&hellip;]\" \/>\n<meta property=\"og:url\" content=\"https:\/\/www.mopskrasnystaw.pl\/?page_id=2171\" \/>\n<meta property=\"og:site_name\" content=\"MOPS Krasnystaw\" \/>\n<meta property=\"article:modified_time\" content=\"2025-10-09T06:20:55+00:00\" \/>\n<meta name=\"twitter:card\" content=\"summary_large_image\" \/>\n<meta name=\"twitter:label1\" content=\"Szacowany czas czytania\" \/>\n\t<meta name=\"twitter:data1\" content=\"10 minut\" \/>\n<script type=\"application\/ld+json\" class=\"yoast-schema-graph\">{\"@context\":\"https:\/\/schema.org\",\"@graph\":[{\"@type\":\"WebSite\",\"@id\":\"https:\/\/www.mopskrasnystaw.pl\/#website\",\"url\":\"https:\/\/www.mopskrasnystaw.pl\/\",\"name\":\"MOPS Krasnystaw\",\"description\":\"\",\"potentialAction\":[{\"@type\":\"SearchAction\",\"target\":{\"@type\":\"EntryPoint\",\"urlTemplate\":\"https:\/\/www.mopskrasnystaw.pl\/?s={search_term_string}\"},\"query-input\":\"required name=search_term_string\"}],\"inLanguage\":\"pl-PL\"},{\"@type\":\"WebPage\",\"@id\":\"https:\/\/www.mopskrasnystaw.pl\/?page_id=2171#webpage\",\"url\":\"https:\/\/www.mopskrasnystaw.pl\/?page_id=2171\",\"name\":\"Fundusz alimentacyjny - MOPS Krasnystaw\",\"isPartOf\":{\"@id\":\"https:\/\/www.mopskrasnystaw.pl\/#website\"},\"datePublished\":\"2021-03-03T13:26:12+00:00\",\"dateModified\":\"2025-10-09T06:20:55+00:00\",\"breadcrumb\":{\"@id\":\"https:\/\/www.mopskrasnystaw.pl\/?page_id=2171#breadcrumb\"},\"inLanguage\":\"pl-PL\",\"potentialAction\":[{\"@type\":\"ReadAction\",\"target\":[\"https:\/\/www.mopskrasnystaw.pl\/?page_id=2171\"]}]},{\"@type\":\"BreadcrumbList\",\"@id\":\"https:\/\/www.mopskrasnystaw.pl\/?page_id=2171#breadcrumb\",\"itemListElement\":[{\"@type\":\"ListItem\",\"position\":1,\"name\":\"Strona g\u0142\u00f3wna\",\"item\":\"https:\/\/www.mopskrasnystaw.pl\/\"},{\"@type\":\"ListItem\",\"position\":2,\"name\":\"Fundusz alimentacyjny\"}]}]}<\/script>\n<!-- \/ Yoast SEO plugin. -->","yoast_head_json":{"title":"Fundusz alimentacyjny - MOPS Krasnystaw","robots":{"index":"index","follow":"follow","max-snippet":"max-snippet:-1","max-image-preview":"max-image-preview:large","max-video-preview":"max-video-preview:-1"},"canonical":"https:\/\/www.mopskrasnystaw.pl\/?page_id=2171","og_locale":"pl_PL","og_type":"article","og_title":"Fundusz alimentacyjny - MOPS Krasnystaw","og_description":"Osob\u0105 uprawnion\u0105 do \u015bwiadcze\u0144 z Funduszu Alimentacyjnego (FA) jest dziecko, kt\u00f3re ma zas\u0105dzone od rodzica alimenty (mog\u0105 to by\u0107 r\u00f3wnie\u017c alimenty na podstawie ugody zawartej przed s\u0105dem), je\u017celi egzekucja aliment\u00f3w jest bezskuteczna. \u015awiadczenia z FA przys\u0142uguj\u0105 na dziecko do uko\u0144czenia przez nie 18 lat. Na dziecko starsze \u015bwiadczenia przys\u0142uguj\u0105 do uko\u0144czenia 25 lat pod warunkiem, [&hellip;]","og_url":"https:\/\/www.mopskrasnystaw.pl\/?page_id=2171","og_site_name":"MOPS Krasnystaw","article_modified_time":"2025-10-09T06:20:55+00:00","twitter_card":"summary_large_image","twitter_misc":{"Szacowany czas czytania":"10 minut"},"schema":{"@context":"https:\/\/schema.org","@graph":[{"@type":"WebSite","@id":"https:\/\/www.mopskrasnystaw.pl\/#website","url":"https:\/\/www.mopskrasnystaw.pl\/","name":"MOPS Krasnystaw","description":"","potentialAction":[{"@type":"SearchAction","target":{"@type":"EntryPoint","urlTemplate":"https:\/\/www.mopskrasnystaw.pl\/?s={search_term_string}"},"query-input":"required name=search_term_string"}],"inLanguage":"pl-PL"},{"@type":"WebPage","@id":"https:\/\/www.mopskrasnystaw.pl\/?page_id=2171#webpage","url":"https:\/\/www.mopskrasnystaw.pl\/?page_id=2171","name":"Fundusz alimentacyjny - MOPS Krasnystaw","isPartOf":{"@id":"https:\/\/www.mopskrasnystaw.pl\/#website"},"datePublished":"2021-03-03T13:26:12+00:00","dateModified":"2025-10-09T06:20:55+00:00","breadcrumb":{"@id":"https:\/\/www.mopskrasnystaw.pl\/?page_id=2171#breadcrumb"},"inLanguage":"pl-PL","potentialAction":[{"@type":"ReadAction","target":["https:\/\/www.mopskrasnystaw.pl\/?page_id=2171"]}]},{"@type":"BreadcrumbList","@id":"https:\/\/www.mopskrasnystaw.pl\/?page_id=2171#breadcrumb","itemListElement":[{"@type":"ListItem","position":1,"name":"Strona g\u0142\u00f3wna","item":"https:\/\/www.mopskrasnystaw.pl\/"},{"@type":"ListItem","position":2,"name":"Fundusz alimentacyjny"}]}]}},"_links":{"self":[{"href":"https:\/\/www.mopskrasnystaw.pl\/index.php?rest_route=\/wp\/v2\/pages\/2171"}],"collection":[{"href":"https:\/\/www.mopskrasnystaw.pl\/index.php?rest_route=\/wp\/v2\/pages"}],"about":[{"href":"https:\/\/www.mopskrasnystaw.pl\/index.php?rest_route=\/wp\/v2\/types\/page"}],"author":[{"embeddable":true,"href":"https:\/\/www.mopskrasnystaw.pl\/index.php?rest_route=\/wp\/v2\/users\/1"}],"replies":[{"embeddable":true,"href":"https:\/\/www.mopskrasnystaw.pl\/index.php?rest_route=%2Fwp%2Fv2%2Fcomments&post=2171"}],"version-history":[{"count":4,"href":"https:\/\/www.mopskrasnystaw.pl\/index.php?rest_route=\/wp\/v2\/pages\/2171\/revisions"}],"predecessor-version":[{"id":5036,"href":"https:\/\/www.mopskrasnystaw.pl\/index.php?rest_route=\/wp\/v2\/pages\/2171\/revisions\/5036"}],"wp:attachment":[{"href":"https:\/\/www.mopskrasnystaw.pl\/index.php?rest_route=%2Fwp%2Fv2%2Fmedia&parent=2171"}],"curies":[{"name":"wp","href":"https:\/\/api.w.org\/{rel}","templated":true}]}}