{"id":2157,"date":"2021-03-03T13:21:16","date_gmt":"2021-03-03T13:21:16","guid":{"rendered":"http:\/\/www.mopskrasnystaw.pl\/?page_id=2157"},"modified":"2021-03-03T13:21:16","modified_gmt":"2021-03-03T13:21:16","slug":"stypendium-szkolne","status":"publish","type":"page","link":"https:\/\/www.mopskrasnystaw.pl\/?page_id=2157","title":{"rendered":"Stypendium szkolne"},"content":{"rendered":"\n<p>Zgodnie z<\/p>\n\n\n\n<p>&#8211; Rozdzia\u0142em 8a ustawy z dnia 7 wrze\u015bnia 1991 r. o systemie o\u015bwiaty (Dz.U. z 2019 r., poz. 1481)<\/p>\n\n\n\n<p>&#8211; Uchwa\u0142\u0105 Nr II\/10\/2006 Rady Miasta Krasnystaw z dnia 28 listopada 2006 r. w sprawie regulaminu udzielania pomocy materialnej o charakterze socjalnym dla uczni\u00f3w zamieszka\u0142ych na terenie Miasta Krasnystaw (Dz. Urz. Woj. Lubelskiego Nr 28, poz. 792);<br \/>&#8211; Uchwa\u0142a Nr XXIII\/175\/2008 Rady Miasta Krasnystaw z dnia 14 listopada 2008 r. zmieniaj\u0105ca uchwa\u0142\u0119 w sprawie regulaminu udzielania pomocy materialnej o charakterze socjalnym dla uczni\u00f3w zamieszka\u0142ych na terenie Miasta Krasnystaw (Dz. Urz. Woj. Lubelskiego Nr 125, poz. 2962).<\/p>\n\n\n\n<p>Pomoc materialna przys\u0142uguje:<\/p>\n\n\n\n<p>1) uczniom szk\u00f3\u0142 publicznych i niepublicznych o uprawnieniach szk\u00f3\u0142 publicznych dla m\u0142odzie\u017cy i dla doros\u0142ych oraz s\u0142uchaczom publicznych kolegi\u00f3w nauczycielskich, nauczycielskich kolegi\u00f3w j\u0119zyk\u00f3w obcych i kolegi\u00f3w pracownik\u00f3w s\u0142u\u017cb spo\u0142ecznych \u2013 do czasu uko\u0144czenia kszta\u0142cenia , nie d\u0142u\u017cej jednak ni\u017c do uko\u0144czenia 24 roku \u017cycia,<\/p>\n\n\n\n<p>2) wychowankom publicznych i niepublicznych o\u015brodk\u00f3w umo\u017cliwiaj\u0105cych dzieciom i m\u0142odzie\u017cy, o kt\u00f3rych mowa w art. 16 ust. 7, a tak\u017ce dzieciom i m\u0142odzie\u017cy z upo\u015bledzeniem umys\u0142owym z<br \/>niepe\u0142nosprawno\u015bciami sprz\u0119\u017conymi realizacj\u0119 odpowiednio obowi\u0105zku szkolnego i obowi\u0105zku nauki \u2013 do czasu uko\u0144czenia realizacji obowi\u0105zku nauki,<\/p>\n\n\n\n<p>3) uczniom szk\u00f3\u0142 niepublicznych nieposiadaj\u0105cych uprawnie\u0144 szk\u00f3\u0142 publicznych dla m\u0142odzie\u017cy i dla doros\u0142ych \u2013 do czasu uko\u0144czenia realizacji obowi\u0105zku nauki,<\/p>\n\n\n\n<p>4) s\u0142uchaczom niepublicznych kolegi\u00f3w nauczycielskich i nauczycielskich kolegi\u00f3w j\u0119zyk\u00f3w obcych do uko\u0144czenia kszta\u0142cenia, nie d\u0142u\u017cej jednak ni\u017c do uko\u0144czenia 24 roku \u017cycia.<\/p>\n\n\n\n<p>Charakter pomocy materialnej:<\/p>\n\n\n\n<p>&#8211; socjalny (stypendium szkolne, zasi\u0142ek szkolny)<\/p>\n\n\n\n<p>Stypendium szkolne mo\u017ce otrzyma\u0107 ucze\u0144 znajduj\u0105cy si\u0119 w trudnej sytuacji materialnej, wynikaj\u0105cej z niskich dochod\u00f3w na osob\u0119 w rodzinie, w szczeg\u00f3lno\u015bci gdy w rodzinie tej wyst\u0119puje: bezrobocie, niepe\u0142nosprawno\u015b\u0107, ci\u0119\u017cka lub d\u0142ugotrwa\u0142a choroba, wielodzietno\u015b\u0107, brak umiej\u0119tno\u015bci wype\u0142niania funkcji opieku\u0144czo-wychowawczych, alkoholizm lub narkomania, a tak\u017ce gdy rodzina jest niepe\u0142na lub wyst\u0105pi\u0142o zdarzenie losowe.<\/p>\n\n\n\n<p>Rodzin\u0105 w rozumieniu ustawy z dnia 12.03.2004 r. o pomocy spo\u0142ecznej (Dz. U. z 2019 r. poz. 1507, z p\u00f3\u017an. zm.) rozdz. I art. 6 pkt 14 s\u0105 osoby spokrewnione lub niespokrewnione pozostaj\u0105ce w faktycznym zwi\u0105zku, wsp\u00f3lnie zamieszkuj\u0105ce i gospodaruj\u0105ce.<\/p>\n\n\n\n<p>Miesi\u0119czna wysoko\u015b\u0107 dochodu na osob\u0119 w rodzinie uprawniaj\u0105ca do ubiegania si\u0119 o stypendium szkolne nie mo\u017ce by\u0107 wi\u0119ksza ni\u017c kwota 528 z\u0142 (art. 9 ust. 8 ustawy o pomocy spo\u0142ecznej z dnia 12.03.2004 r. Dz. U. z 2019 r., poz. 1507, z p\u00f3\u017an. zm.).<\/p>\n\n\n\n<p>Warunkiem przyznania stypendium jest zamieszkanie na terenie Miasta Krasnystaw.<\/p>\n\n\n\n<p>Stypendium szkolne nie przys\u0142uguje uczniowi:<\/p>\n\n\n\n<p>1. kt\u00f3ry otrzymuje inne stypendium o charakterze socjalnym ze \u015brodk\u00f3w publicznych mo\u017ce otrzyma\u0107 stypendium szkolne w wysoko\u015bci, kt\u00f3ra \u0142\u0105cznie z innym stypendium o charakterze socjalnym ze \u015brodk\u00f3w publicznych nie przekracza dwudziestokrotno\u015bci kwoty, o kt\u00f3rej mowa w art. 6 ust. 2 pkt 2 ustawy o \u015bwiadczeniach rodzinnych tj. 2480 z\u0142 (rocznie) a w przypadku s\u0142uchaczy kolegi\u00f3w pracownik\u00f3w s\u0142u\u017cb spo\u0142ecznych \u2013 osiemnastokrotno\u015bci kwoty , o kt\u00f3rej mowa w art. 6 ust. 2 pkt 2 ustawy z dnia 28.11.2003 r. o \u015bwiadczeniach rodzinnych tj. 2232 z\u0142 (rocznie);<\/p>\n\n\n\n<p>2. kt\u00f3ry zosta\u0142 umieszczony w instytucji zapewniaj\u0105cej ca\u0142odobowe utrzymanie lub w rodzinie zast\u0119pczej (art. 7 ust. 2 ustawy z dnia 28 listopada 2003 r. o \u015bwiadczeniach rodzinnych, Dz. U. z 2018 r., poz. 2220, z p\u00f3\u017an. zm.).<\/p>\n\n\n\n<p>Stypendium szkolne jest przyznawane na wniosek ( stanowi za\u0142\u0105cznik do uchwa\u0142y) plik wniosku do pobrania<\/p>\n\n\n\n<p>&#8211; rodzic\u00f3w niepe\u0142noletniego ucznia,<\/p>\n\n\n\n<p>&#8211; pe\u0142noletniego ucznia,<\/p>\n\n\n\n<p>&#8211; odpowiednio dyrektora szko\u0142y, kolegium pracownik\u00f3w s\u0142u\u017cb spo\u0142ecznych lub o\u015brodka, o kt\u00f3rym mowa w art. 90b ust. 3 pkt 2,<\/p>\n\n\n\n<p>&#8211; z urz\u0119du.<\/p>\n\n\n\n<p>Pouczenie:<\/p>\n\n\n\n<p>Wnioskodawca zobowi\u0105zany jest niezw\u0142ocznie powiadomi\u0107 organ, kt\u00f3ry przyznaje stypendium, o ustaniu przyczyn, kt\u00f3re stanowi\u0142y podstaw\u0119 przyznania stypendium szkolnego (art. 90o ust. 1 ustawy o systemie o\u015bwiaty),<br \/>Stypendium szkolne wstrzymuje si\u0119 lub cofa w przypadku ustania przyczyn, kt\u00f3re stanowi\u0105 podstaw\u0119 przyznania stypendium szkolnego (art. 90o ust. 4 ustawy o systemie o\u015bwiaty),<br \/>Nale\u017cno\u015bci z tytu\u0142u nienale\u017cnie pobranego stypendium szkolnego podlegaj\u0105 \u015bci\u0105gni\u0119ciu w trybie przepis\u00f3w o post\u0119powaniu egzekucyjnym w administracji (art. 90o ust 5 ustawy o systemie o\u015bwiaty),<br \/>Na podstawie art. 233 kodeksu karnego (kto sk\u0142adaj\u0105c zeznanie maj\u0105ce s\u0142u\u017cy\u0107 za dow\u00f3d w post\u0119powaniu s\u0105dowym lub w innym post\u0119powaniu na podstawie ustawy, zeznaje nieprawd\u0119 lub zataja prawd\u0119, podlega karze pozbawienia wolno\u015bci do lat 3.<\/p>\n\n\n\n<p>Stypendium szkolne mo\u017ce by\u0107 udzielane w formie:<\/p>\n\n\n\n<p>1. ca\u0142kowitego lub cz\u0119\u015bciowego pokrycia koszt\u00f3w udzia\u0142u w zaj\u0119ciach edukacyjnych, w tym wyr\u00f3wnawczych, wykraczaj\u0105cych poza zaj\u0119cia realizowane w szkole w ramach planu nauczania, a tak\u017ce udzia\u0142u w zaj\u0119ciach edukacyjnych realizowanych poza szko\u0142\u0105,<\/p>\n\n\n\n<p>2. pomocy rzeczowej o charakterze edukacyjnym, w tym w szczeg\u00f3lno\u015bci zakupu podr\u0119cznik\u00f3w (katalog wydatk\u00f3w kwalifikowanych do stypendium szkolnego w uchwale).<\/p>\n\n\n\n<p>Rozliczenie stypendium szkolnego nast\u0119puje po uprzednim przed\u0142o\u017ceniu faktur lub rachunk\u00f3w.<\/p>\n\n\n\n<p>Decyzja dotycz\u0105ca stypendium szkolnego wydawana b\u0119dzie na podstawie dokumentacji:<\/p>\n\n\n\n<p>1. wniosku, na kt\u00f3rym okre\u015blona jest data wp\u0142ywu wniosku do Urz\u0119du Miasta Krasnystaw,<\/p>\n\n\n\n<p>2. za\u015bwiadczenia o dochodach (dotyczy miesi\u0105ca poprzedzaj\u0105cego miesi\u0105c z\u0142o\u017cenia wniosku)<\/p>\n\n\n\n<p>a) za\u015bwiadczenia od pracodawcy o dochodach netto;<\/p>\n\n\n\n<p>b) za\u015bwiadczenia z Powiatowego Urz\u0119du Pracy o pozostawaniu bez pracy (z prawem lub bez prawa do zasi\u0142ku);<\/p>\n\n\n\n<p>c) za\u015bwiadczenia lub decyzji z Miejskiego O\u015brodka Pomocy Spo\u0142ecznej w Krasnymstawie o otrzymanych \u015bwiadczeniach (np. zasi\u0142ek sta\u0142y, zasi\u0142ek okresowy, zasi\u0142ek rodzinny, zasi\u0142ek piel\u0119gnacyjny, zasi\u0142ek rehabilitacyjny, dodatek mieszkaniowy). Do dochodu nie wliczamy zasi\u0142k\u00f3w celowych (tj. jednorazowego pieni\u0119\u017cnego \u015bwiadczenia socjalnego, obiad\u00f3w) wyp\u0142acanych przez Miejski O\u015brodek Pomocy Spo\u0142ecznej w Krasnymstawie;<\/p>\n\n\n\n<p>d) za\u015bwiadczenia o wielko\u015bci posiadanych hektar\u00f3w przeliczeniowych;<\/p>\n\n\n\n<p>e) za\u015bwiadczenia komornika o nie\u015bci\u0105galno\u015bci aliment\u00f3w lub decyzja z MOPS \u2013 zaliczka alimentacyjna lub wyroki s\u0105dowe m\u00f3wi\u0105ce o wysoko\u015bci zas\u0105dzonych aliment\u00f3w;<\/p>\n\n\n\n<p>3. odcinek renty\/emerytury.<\/p>\n\n\n\n<p>Za doch\u00f3d uwa\u017ca si\u0119 sum\u0119 miesi\u0119cznych przychod\u00f3w z miesi\u0105ca poprzedzaj\u0105cego z\u0142o\u017cenie wniosku lub w przypadku utraty dochodu z miesi\u0105ca, w kt\u00f3rym wniosek zosta\u0142 z\u0142o\u017cony, bez wzgl\u0119du na tytu\u0142 i \u017ar\u00f3d\u0142o ich uzyskania, je\u017celi ustawa nie stanowi inaczej, pomniejszon\u0105 o:<\/p>\n\n\n\n<p>&#8211; miesi\u0119czne obci\u0105\u017cenie podatkiem dochodowym od os\u00f3b fizycznych<\/p>\n\n\n\n<p>&#8211; sk\u0142adki na ubezpieczenie zdrowotne okre\u015blone w przepisach o powszechnym ubezpieczeniu w Narodowym Funduszu Zdrowia oraz ubezpieczenia spo\u0142eczne okre\u015blone w odr\u0119bnych przepisach<\/p>\n\n\n\n<p>&#8211; kwot\u0119 aliment\u00f3w \u015bwiadczonych na rzecz innych os\u00f3b.<\/p>\n\n\n\n<p>Do dochodu nie wlicza si\u0119 jednorazowego pieni\u0119\u017cnego \u015bwiadczenia socjalnego oraz warto\u015bci \u015bwiadcze\u0144 w naturze.<\/p>\n\n\n\n<p>UWAGA!<\/p>\n\n\n\n<p>1. Wszystkich ubiegaj\u0105cych si\u0119 o stypendium szkolne prosi si\u0119 o sk\u0142adanie kompletnej dokumentacji.<\/p>\n\n\n\n<p>2. Przy sk\u0142adanych wnioskach wnioskodawcy przedstawiaj\u0105 informacje o wszystkich dochodach NETTO uzyskanych w miesi\u0105cu poprzedzaj\u0105cym z\u0142o\u017cenie wniosku.<\/p>\n\n\n\n<p>3. Wszystkie dokumenty powinny by\u0107 z\u0142o\u017cone w oryginale.<\/p>\n\n\n\n<p>4. Osoby prowadz\u0105ce dzia\u0142alno\u015b\u0107 gospodarcz\u0105 s\u0105 zobowi\u0105zane do przedstawienia informacji o dochodach uzyskanych w roku poprzedzaj\u0105cym rok z\u0142o\u017cenia wniosku np. w formie za\u015bwiadczenia z Urz\u0119du Skarbowego, a w przypadku dzia\u0142alno\u015bci gospodarczej opodatkowanej na podstawie przepis\u00f3w o zrycza\u0142towanych formach opodatkowania nale\u017cy przyj\u0105\u0107 kwot\u0119 zadeklarowan\u0105 przez wnioskodawc\u0119 na o\u015bwiadczeniu.<\/p>\n\n\n\n<p>Wnioski o przyznanie stypendium szkolnego b\u0119d\u0105 dost\u0119pne od 1 wrze\u015bnia br. w nast\u0119puj\u0105cych miejscach:<br \/>&#8211; na stronie internetowej Miejskiego O\u015brodka Pomocy Spo\u0142ecznej;<br \/>&#8211; w Miejskim O\u015brodku Pomocy Spo\u0142ecznej pok. Nr 2<br \/>Termin sk\u0142adania wniosk\u00f3w o przyznanie stypendium szkolnego dla uczni\u00f3w: do 15 wrze\u015bnia br., a przypadku s\u0142uchaczy kolegi\u00f3w nauczycielskich, nauczycielskich kolegi\u00f3w j\u0119zyk\u00f3w obcych i kolegi\u00f3w pracownik\u00f3w s\u0142u\u017cb spo\u0142ecznych do 15 pa\u017adziernika br. w Miejskim O\u015brodku Pomocy Spo\u0142ecznej przy ul. Marsza\u0142ka Pi\u0142sudskiego 9.<\/p>\n\n\n\n<p>Formy stypendium szkolnego<\/p>\n\n\n\n<p>1. Stypendium szkolne mo\u017ce by\u0107 przyznane w jednej lub kilku z nast\u0119puj\u0105cych form:<\/p>\n\n\n\n<p>1) ca\u0142kowitego lub cz\u0119\u015bciowego pokrycia koszt\u00f3w udzia\u0142u w zaj\u0119ciach edukacyjnych, w tym wyr\u00f3wnawczych, wykraczaj\u0105cych poza zaj\u0119cia realizowane w szkole w ramach planu nauczania, a tak\u017ce udzia\u0142u w zaj\u0119ciach edukacyjnych realizowanych poza szko\u0142\u0105 dotycz\u0105cych w szczeg\u00f3lno\u015bci:<\/p>\n\n\n\n<p>a) op\u0142at za udzia\u0142 uczni\u00f3w w zaj\u0119ciach nauki j\u0119zyk\u00f3w obcych, logopedycznych<\/p>\n\n\n\n<p>b) op\u0142at za udzia\u0142 w zaj\u0119ciach muzycznych,<\/p>\n\n\n\n<p>c) op\u0142at za udzia\u0142 w zaj\u0119ciach komputerowych,<\/p>\n\n\n\n<p>d) op\u0142at za udzia\u0142 w zaj\u0119ciach sportowych i innych zaj\u0119ciach edukacyjnych,<\/p>\n\n\n\n<p>e) op\u0142at za udzia\u0142 w wycieczkach szkolnych, wyjazdach (wyj\u015bciach) do kin, teatr\u00f3w i innych imprezach organizowanych przez szko\u0142\u0119,<\/p>\n\n\n\n<p>f) pokrycie abonamentu internetowego,<\/p>\n\n\n\n<p>g) zakup program\u00f3w komputerowych i innych pomocy edukacyjnych,<\/p>\n\n\n\n<p>h) zakup komputer\u00f3w, drukarek, papieru, i innych akcesori\u00f3w komputerowych,<\/p>\n\n\n\n<p>i) zakup przybor\u00f3w i pomocy szkolnych, tornistr\u00f3w,<\/p>\n\n\n\n<p>j) zakup stroju na zaj\u0119cia wychowania fizycznego, stroju apelowego oraz innego wyposa\u017cenia uczni\u00f3w wymaganego przez szko\u0142\u0119;<\/p>\n\n\n\n<p>2) pomocy rzeczowej o charakterze edukacyjnym, w tym w szczeg\u00f3lno\u015bci:<\/p>\n\n\n\n<p>a) zakup podr\u0119cznik\u00f3w, lektur szkolnych, encyklopedii, s\u0142ownik\u00f3w i innych ksi\u0105\u017cek niezb\u0119dnych do realizacji procesu edukacyjnego, zeszyt\u00f3w d\u0142ugopis\u00f3w, pi\u00f3rnik\u00f3w, plecak\u00f3w i innych przybor\u00f3w szkolnych;<\/p>\n\n\n\n<p>2. stypendium szkolne mo\u017ce by\u0107 udzielane uczniom szk\u00f3\u0142 ponadgimnazjalnych oraz s\u0142uchaczom kolegi\u00f3w nauczycielskich, nauczycielskich kolegi\u00f3w j\u0119zyk\u00f3w obcych i kolegi\u00f3w pracownik\u00f3w s\u0142u\u017cb spo\u0142ecznych w formie ca\u0142kowitego lub cz\u0119\u015bciowego pokrycia koszt\u00f3w zwi\u0105zanych z pobieraniem nauki poza miejscem zamieszkania, a w szczeg\u00f3lno\u015bci:<\/p>\n\n\n\n<p>1) op\u0142at za burs\u0119 i internat,<\/p>\n\n\n\n<p>2) op\u0142at za obiady,<\/p>\n\n\n\n<p>3) op\u0142at za przejazdy z miejsca zamieszkania do szko\u0142y i z powrotem.<\/p>\n\n\n\n<p>3. Stypendium szkolne mo\u017ce by\u0107 udzielane w formie \u015bwiadczenia pieni\u0119\u017cnego,<\/p>\n\n\n\n<p>je\u017celi organ przyznaj\u0105cy stypendium uzna, \u017ce udzielenie stypendium w formach ,o kt\u00f3rych mowa w ust. 2 nie jest mo\u017cliwe, natomiast w przypadku s\u0142uchaczy kolegi\u00f3w nauczycielskich, nauczycielskich j\u0119zyk\u00f3w obcych i kolegi\u00f3w pracownik\u00f3w s\u0142u\u017cb spo\u0142ecznych udzielanie stypendium w formach, o kt\u00f3rych mowa w ust. 1 i 2, nie jest celowe.<\/p>\n\n\n\n<p><a href=\"https:\/\/www.mopskrasnystaw.pl\/wp-content\/uploads\/2021\/09\/Wniosek-na-stypendium-szkolne.pdf\">Wniosek na stypendium szkolne<\/a><\/p>\n","protected":false},"excerpt":{"rendered":"<p>Zgodnie z &#8211; Rozdzia\u0142em 8a ustawy z dnia 7 wrze\u015bnia 1991 r. o systemie o\u015bwiaty (Dz.U. z 2019 r., poz. 1481) &#8211; Uchwa\u0142\u0105 Nr II\/10\/2006 Rady Miasta Krasnystaw z dnia 28 listopada 2006 r. w sprawie regulaminu udzielania pomocy materialnej o charakterze socjalnym dla uczni\u00f3w zamieszka\u0142ych na terenie Miasta Krasnystaw (Dz. Urz. Woj. Lubelskiego Nr [&hellip;]<\/p>\n","protected":false},"author":1,"featured_media":0,"parent":0,"menu_order":0,"comment_status":"closed","ping_status":"closed","template":"","meta":[],"yoast_head":"<!-- This site is optimized with the Yoast SEO plugin v19.0 - https:\/\/yoast.com\/wordpress\/plugins\/seo\/ -->\n<title>Stypendium szkolne - MOPS Krasnystaw<\/title>\n<meta name=\"robots\" content=\"index, follow, max-snippet:-1, max-image-preview:large, max-video-preview:-1\" \/>\n<link rel=\"canonical\" href=\"https:\/\/www.mopskrasnystaw.pl\/?page_id=2157\" \/>\n<meta property=\"og:locale\" content=\"pl_PL\" \/>\n<meta property=\"og:type\" content=\"article\" \/>\n<meta property=\"og:title\" content=\"Stypendium szkolne - MOPS Krasnystaw\" \/>\n<meta property=\"og:description\" content=\"Zgodnie z &#8211; Rozdzia\u0142em 8a ustawy z dnia 7 wrze\u015bnia 1991 r. o systemie o\u015bwiaty (Dz.U. z 2019 r., poz. 1481) &#8211; Uchwa\u0142\u0105 Nr II\/10\/2006 Rady Miasta Krasnystaw z dnia 28 listopada 2006 r. w sprawie regulaminu udzielania pomocy materialnej o charakterze socjalnym dla uczni\u00f3w zamieszka\u0142ych na terenie Miasta Krasnystaw (Dz. Urz. Woj. Lubelskiego Nr [&hellip;]\" \/>\n<meta property=\"og:url\" content=\"https:\/\/www.mopskrasnystaw.pl\/?page_id=2157\" \/>\n<meta property=\"og:site_name\" content=\"MOPS Krasnystaw\" \/>\n<meta name=\"twitter:card\" content=\"summary_large_image\" \/>\n<meta name=\"twitter:label1\" content=\"Szacowany czas czytania\" \/>\n\t<meta name=\"twitter:data1\" content=\"9 minut\" \/>\n<script type=\"application\/ld+json\" class=\"yoast-schema-graph\">{\"@context\":\"https:\/\/schema.org\",\"@graph\":[{\"@type\":\"WebSite\",\"@id\":\"https:\/\/www.mopskrasnystaw.pl\/#website\",\"url\":\"https:\/\/www.mopskrasnystaw.pl\/\",\"name\":\"MOPS Krasnystaw\",\"description\":\"\",\"potentialAction\":[{\"@type\":\"SearchAction\",\"target\":{\"@type\":\"EntryPoint\",\"urlTemplate\":\"https:\/\/www.mopskrasnystaw.pl\/?s={search_term_string}\"},\"query-input\":\"required name=search_term_string\"}],\"inLanguage\":\"pl-PL\"},{\"@type\":\"WebPage\",\"@id\":\"https:\/\/www.mopskrasnystaw.pl\/?page_id=2157#webpage\",\"url\":\"https:\/\/www.mopskrasnystaw.pl\/?page_id=2157\",\"name\":\"Stypendium szkolne - MOPS Krasnystaw\",\"isPartOf\":{\"@id\":\"https:\/\/www.mopskrasnystaw.pl\/#website\"},\"datePublished\":\"2021-03-03T13:21:16+00:00\",\"dateModified\":\"2021-03-03T13:21:16+00:00\",\"breadcrumb\":{\"@id\":\"https:\/\/www.mopskrasnystaw.pl\/?page_id=2157#breadcrumb\"},\"inLanguage\":\"pl-PL\",\"potentialAction\":[{\"@type\":\"ReadAction\",\"target\":[\"https:\/\/www.mopskrasnystaw.pl\/?page_id=2157\"]}]},{\"@type\":\"BreadcrumbList\",\"@id\":\"https:\/\/www.mopskrasnystaw.pl\/?page_id=2157#breadcrumb\",\"itemListElement\":[{\"@type\":\"ListItem\",\"position\":1,\"name\":\"Strona g\u0142\u00f3wna\",\"item\":\"https:\/\/www.mopskrasnystaw.pl\/\"},{\"@type\":\"ListItem\",\"position\":2,\"name\":\"Stypendium szkolne\"}]}]}<\/script>\n<!-- \/ Yoast SEO plugin. -->","yoast_head_json":{"title":"Stypendium szkolne - MOPS Krasnystaw","robots":{"index":"index","follow":"follow","max-snippet":"max-snippet:-1","max-image-preview":"max-image-preview:large","max-video-preview":"max-video-preview:-1"},"canonical":"https:\/\/www.mopskrasnystaw.pl\/?page_id=2157","og_locale":"pl_PL","og_type":"article","og_title":"Stypendium szkolne - MOPS Krasnystaw","og_description":"Zgodnie z &#8211; Rozdzia\u0142em 8a ustawy z dnia 7 wrze\u015bnia 1991 r. o systemie o\u015bwiaty (Dz.U. z 2019 r., poz. 1481) &#8211; Uchwa\u0142\u0105 Nr II\/10\/2006 Rady Miasta Krasnystaw z dnia 28 listopada 2006 r. w sprawie regulaminu udzielania pomocy materialnej o charakterze socjalnym dla uczni\u00f3w zamieszka\u0142ych na terenie Miasta Krasnystaw (Dz. Urz. Woj. Lubelskiego Nr [&hellip;]","og_url":"https:\/\/www.mopskrasnystaw.pl\/?page_id=2157","og_site_name":"MOPS Krasnystaw","twitter_card":"summary_large_image","twitter_misc":{"Szacowany czas czytania":"9 minut"},"schema":{"@context":"https:\/\/schema.org","@graph":[{"@type":"WebSite","@id":"https:\/\/www.mopskrasnystaw.pl\/#website","url":"https:\/\/www.mopskrasnystaw.pl\/","name":"MOPS Krasnystaw","description":"","potentialAction":[{"@type":"SearchAction","target":{"@type":"EntryPoint","urlTemplate":"https:\/\/www.mopskrasnystaw.pl\/?s={search_term_string}"},"query-input":"required name=search_term_string"}],"inLanguage":"pl-PL"},{"@type":"WebPage","@id":"https:\/\/www.mopskrasnystaw.pl\/?page_id=2157#webpage","url":"https:\/\/www.mopskrasnystaw.pl\/?page_id=2157","name":"Stypendium szkolne - MOPS Krasnystaw","isPartOf":{"@id":"https:\/\/www.mopskrasnystaw.pl\/#website"},"datePublished":"2021-03-03T13:21:16+00:00","dateModified":"2021-03-03T13:21:16+00:00","breadcrumb":{"@id":"https:\/\/www.mopskrasnystaw.pl\/?page_id=2157#breadcrumb"},"inLanguage":"pl-PL","potentialAction":[{"@type":"ReadAction","target":["https:\/\/www.mopskrasnystaw.pl\/?page_id=2157"]}]},{"@type":"BreadcrumbList","@id":"https:\/\/www.mopskrasnystaw.pl\/?page_id=2157#breadcrumb","itemListElement":[{"@type":"ListItem","position":1,"name":"Strona g\u0142\u00f3wna","item":"https:\/\/www.mopskrasnystaw.pl\/"},{"@type":"ListItem","position":2,"name":"Stypendium szkolne"}]}]}},"_links":{"self":[{"href":"https:\/\/www.mopskrasnystaw.pl\/index.php?rest_route=\/wp\/v2\/pages\/2157"}],"collection":[{"href":"https:\/\/www.mopskrasnystaw.pl\/index.php?rest_route=\/wp\/v2\/pages"}],"about":[{"href":"https:\/\/www.mopskrasnystaw.pl\/index.php?rest_route=\/wp\/v2\/types\/page"}],"author":[{"embeddable":true,"href":"https:\/\/www.mopskrasnystaw.pl\/index.php?rest_route=\/wp\/v2\/users\/1"}],"replies":[{"embeddable":true,"href":"https:\/\/www.mopskrasnystaw.pl\/index.php?rest_route=%2Fwp%2Fv2%2Fcomments&post=2157"}],"version-history":[{"count":0,"href":"https:\/\/www.mopskrasnystaw.pl\/index.php?rest_route=\/wp\/v2\/pages\/2157\/revisions"}],"wp:attachment":[{"href":"https:\/\/www.mopskrasnystaw.pl\/index.php?rest_route=%2Fwp%2Fv2%2Fmedia&parent=2157"}],"curies":[{"name":"wp","href":"https:\/\/api.w.org\/{rel}","templated":true}]}}