{"id":2151,"date":"2021-03-03T13:17:51","date_gmt":"2021-03-03T13:17:51","guid":{"rendered":"http:\/\/www.mopskrasnystaw.pl\/?page_id=2151"},"modified":"2022-07-05T09:22:46","modified_gmt":"2022-07-05T09:22:46","slug":"rodzina-500","status":"publish","type":"page","link":"https:\/\/www.mopskrasnystaw.pl\/?page_id=2151","title":{"rendered":"Rodzina 500+"},"content":{"rendered":"<div class=\"wp-block-image\">\n<figure class=\"alignleft\"><img loading=\"lazy\" width=\"212\" height=\"300\" src=\"http:\/\/www.mopskrasnystaw.pl\/wp-content\/uploads\/2021\/03\/capture_001_17062019_101251-212x300.jpg\" alt=\"\" class=\"wp-image-2152\" srcset=\"https:\/\/www.mopskrasnystaw.pl\/wp-content\/uploads\/2021\/03\/capture_001_17062019_101251-212x300.jpg 212w, https:\/\/www.mopskrasnystaw.pl\/wp-content\/uploads\/2021\/03\/capture_001_17062019_101251.jpg 624w\" sizes=\"(max-width: 212px) 100vw, 212px\" \/><\/figure><\/div>\n\n\n<p>Miejski O\u015brodek Pomocy Spo\u0142ecznej w Krasnymstawie informuje, \u017ce poni\u017csze zagadnienia reguluje ustawa z dnia 11 lutego 2016r (tekst jednolity; Dz.U. z 2019r. Poz. 2407 z p\u00f3\u017an.zm. ) o pomocy pa\u0144stwa w wychowywaniu dzieci, Rozporz\u0105dzenia Ministra Rodziny, Pracy i Polityki Spo\u0142ecznej z dnia 27 lipca 2017 r. w sprawie sposobu i trybu post\u0119powania w sprawach o \u015bwiadczenie wychowawcze oraz informacji jakie maj\u0105 by\u0107 zawarte we wniosku, za\u015bwiadczeniach i o\u015bwiadczeniach o ustalenie prawa do \u015bwiadczenia wychowawczego (Dz.U. z 2017 r. poz.1465).<\/p>\n\n\n\n<p><strong>Zgodnie z nowymi zasadami od 1 lipca 2019 roku program Rodzina 500+ obejmie wszystkie dzieci do 18 roku \u017cycia.<\/strong><\/p>\n\n\n\n<p><strong>Nowy okres \u015bwiadczeniowy 2021\/2022 w ramach programu \u201eRodzina 500+\u201d b\u0119dzie trwa\u0142 od 1 czerwca 2021 r. do 31 maja 2022 r.<\/strong><\/p>\n\n\n\n<p><strong>Wnioski w sprawie ustalenia prawa do \u015bwiadczenia wychowawczego na nowy okres zasi\u0142kowy 2021\/2022 b\u0119d\u0105 przyjmowane od dnia 1 kwietnia 2021 roku, a w przypadku wniosk\u00f3w sk\u0142adanych drog\u0105 elektroniczn\u0105 &#8211; od dnia 1 lutego 2021 roku.<\/strong><\/p>\n\n\n\n<p><strong>Gdzie i kiedy mo\u017cna z\u0142o\u017cy\u0107 wniosek.<\/strong><\/p>\n\n\n\n<p>Od&nbsp;<strong>1 lutego 2021<\/strong>&nbsp;przyjmowane s\u0105 wnioski 500+ drog\u0105 elektroniczn\u0105 poprzez:<\/p>\n\n\n\n<p>&#8211; Internet za po\u015brednictwem portalu Ministerstwa Rodziny empatia.mrpips.gov.pl,<br>&#8211; przez bankowo\u015b\u0107 elektroniczn\u0105<br>&#8211; Platform\u0119 Us\u0142ug Elektronicznych ZUS.<\/p>\n\n\n\n<p>Od&nbsp;<strong>1 kwietnia 2021<\/strong>&nbsp;tak\u017ce drog\u0105 tradycyjn\u0105 (papierow\u0105 ) czyli osobi\u015bcie w urz\u0119dzie lub za po\u015brednictwem poczty<\/p>\n\n\n\n<p>W przypadku gdy osoba ubiegaj\u0105ca si\u0119 o \u015bwiadczenie wychowawcze na kolejny okres z\u0142o\u017cy wniosek wraz z wymaganymi dokumentami do dnia&nbsp;<strong>30 kwietnia danego roku<\/strong>, ustalenie prawa do \u015bwiadczenia wychowawczego oraz wyp\u0142ata przys\u0142uguj\u0105cego \u015bwiadczenia nast\u0119puje&nbsp;<strong>do dnia 30 czerwca tego roku.<\/strong><\/p>\n\n\n\n<p>W przypadku gdy osoba ubiegaj\u0105ca si\u0119 o \u015bwiadczenie wychowawcze na kolejny okres z\u0142o\u017cy wniosek wraz z wymaganymi dokumentami w okresie&nbsp;<strong>od dnia 1 maja do dnia 31 maja danego roku<\/strong>, ustalenie prawa do \u015bwiadczenia wychowawczego oraz wyp\u0142ata przys\u0142uguj\u0105cego \u015bwiadczenia wychowawczego nast\u0119puje&nbsp;<strong>do dnia 31lipca tego roku<\/strong>.<\/p>\n\n\n\n<p>W przypadku gdy osoba ubiegaj\u0105ca si\u0119 o \u015bwiadczenie wychowawcze na kolejny okres z\u0142o\u017cy wniosek wraz z wymaganymi dokumentami w okresie&nbsp;<strong>od dnia 1 czerwca do dnia 30 czerwca danego roku<\/strong>, ustalenie prawa do \u015bwiadczenia wychowawczego oraz wyp\u0142ata przys\u0142uguj\u0105cego \u015bwiadczenia wychowawczego nast\u0119puje&nbsp;<strong>do dnia 31 sierpnia tego roku<\/strong>.<\/p>\n\n\n\n<p>W przypadku gdy osoba ubiegaj\u0105ca si\u0119 o \u015bwiadczenie wychowawcze na kolejny okres z\u0142o\u017cy wniosek wraz z wymaganymi dokumentami w okresie&nbsp;<strong>od dnia 1 lipca do dnia 31 lipca danego roku<\/strong>, ustalenie prawa do \u015bwiadczenia wychowawczego oraz wyp\u0142ata przys\u0142uguj\u0105cego \u015bwiadczenia wychowawczego nast\u0119puje&nbsp;<strong>do dnia 30 wrze\u015bnia tego roku.<\/strong><\/p>\n\n\n\n<p>W przypadku gdy osoba ubiegaj\u0105ca si\u0119 o \u015bwiadczenie wychowawcze na kolejny okres z\u0142o\u017cy wniosek wraz z wymaganymi dokumentami w okresie&nbsp;<strong>od dnia 1 sierpnia do dnia 31 sierpnia danego roku<\/strong>, ustalenie prawa do \u015bwiadczenia wychowawczego oraz wyp\u0142ata przys\u0142uguj\u0105cego \u015bwiadczenia wychowawczego nast\u0119puje&nbsp;<strong>do dnia 31 pa\u017adziernika tego roku.<\/strong><\/p>\n\n\n\n<p><br><a href=\"http:\/\/www.mpips.gov.pl\/wsparcie-dla-rodzin-z-dziecmi\/rodzina-500-plus\/prawo\/\" target=\"_blank\" rel=\"noopener noreferrer\">&#8222;Rodzina 500 plus&#8221;<\/a><\/p>\n\n\n\n<p><a href=\"http:\/\/www.mopskrasnystaw.pl\/index.php\/212-gdy-wnioskodawca-lub-czlonek-rodziny-przebywa-za-granica\">GDY WNIOSKODAWCA LUB CZ\u0141ONEK RODZINY PRZEBYWA ZA GRANIC\u0104<\/a><br><br><\/p>\n\n\n\n<p><a href=\"https:\/\/www.mopskrasnystaw.pl\/wp-content\/uploads\/2016\/11\/wniosek_500.pdf\">Wniosek.pdf<\/a><\/p>\n\n\n\n<p><a href=\"https:\/\/www.mopskrasnystaw.pl\/wp-content\/uploads\/2016\/11\/SW-1Z.pdf\">Za\u0142\u0105cznik.pdf<\/a><\/p>\n","protected":false},"excerpt":{"rendered":"<p>Miejski O\u015brodek Pomocy Spo\u0142ecznej w Krasnymstawie informuje, \u017ce poni\u017csze zagadnienia reguluje ustawa z dnia 11 lutego 2016r (tekst jednolity; Dz.U. z 2019r. Poz. 2407 z p\u00f3\u017an.zm. ) o pomocy pa\u0144stwa w wychowywaniu dzieci, Rozporz\u0105dzenia Ministra Rodziny, Pracy i Polityki Spo\u0142ecznej z dnia 27 lipca 2017 r. w sprawie sposobu i trybu post\u0119powania w sprawach o [&hellip;]<\/p>\n","protected":false},"author":1,"featured_media":2485,"parent":0,"menu_order":0,"comment_status":"closed","ping_status":"closed","template":"","meta":[],"yoast_head":"<!-- This site is optimized with the Yoast SEO plugin v19.0 - https:\/\/yoast.com\/wordpress\/plugins\/seo\/ -->\n<title>Rodzina 500+ - MOPS Krasnystaw<\/title>\n<meta name=\"robots\" content=\"index, follow, max-snippet:-1, max-image-preview:large, max-video-preview:-1\" \/>\n<link rel=\"canonical\" href=\"https:\/\/www.mopskrasnystaw.pl\/?page_id=2151\" \/>\n<meta property=\"og:locale\" content=\"pl_PL\" \/>\n<meta property=\"og:type\" content=\"article\" \/>\n<meta property=\"og:title\" content=\"Rodzina 500+ - MOPS Krasnystaw\" \/>\n<meta property=\"og:description\" content=\"Miejski O\u015brodek Pomocy Spo\u0142ecznej w Krasnymstawie informuje, \u017ce poni\u017csze zagadnienia reguluje ustawa z dnia 11 lutego 2016r (tekst jednolity; Dz.U. z 2019r. Poz. 2407 z p\u00f3\u017an.zm. ) o pomocy pa\u0144stwa w wychowywaniu dzieci, Rozporz\u0105dzenia Ministra Rodziny, Pracy i Polityki Spo\u0142ecznej z dnia 27 lipca 2017 r. w sprawie sposobu i trybu post\u0119powania w sprawach o [&hellip;]\" \/>\n<meta property=\"og:url\" content=\"https:\/\/www.mopskrasnystaw.pl\/?page_id=2151\" \/>\n<meta property=\"og:site_name\" content=\"MOPS Krasnystaw\" \/>\n<meta property=\"article:modified_time\" content=\"2022-07-05T09:22:46+00:00\" \/>\n<meta property=\"og:image\" content=\"https:\/\/www.mopskrasnystaw.pl\/wp-content\/uploads\/2017\/07\/logo_500.jpg\" \/>\n\t<meta property=\"og:image:width\" content=\"250\" \/>\n\t<meta property=\"og:image:height\" content=\"166\" \/>\n\t<meta property=\"og:image:type\" content=\"image\/jpeg\" \/>\n<meta name=\"twitter:card\" content=\"summary_large_image\" \/>\n<meta name=\"twitter:label1\" content=\"Szacowany czas czytania\" \/>\n\t<meta name=\"twitter:data1\" content=\"3 minuty\" \/>\n<script type=\"application\/ld+json\" class=\"yoast-schema-graph\">{\"@context\":\"https:\/\/schema.org\",\"@graph\":[{\"@type\":\"WebSite\",\"@id\":\"https:\/\/www.mopskrasnystaw.pl\/#website\",\"url\":\"https:\/\/www.mopskrasnystaw.pl\/\",\"name\":\"MOPS Krasnystaw\",\"description\":\"\",\"potentialAction\":[{\"@type\":\"SearchAction\",\"target\":{\"@type\":\"EntryPoint\",\"urlTemplate\":\"https:\/\/www.mopskrasnystaw.pl\/?s={search_term_string}\"},\"query-input\":\"required name=search_term_string\"}],\"inLanguage\":\"pl-PL\"},{\"@type\":\"ImageObject\",\"inLanguage\":\"pl-PL\",\"@id\":\"https:\/\/www.mopskrasnystaw.pl\/?page_id=2151#primaryimage\",\"url\":\"https:\/\/www.mopskrasnystaw.pl\/wp-content\/uploads\/2017\/07\/logo_500.jpg\",\"contentUrl\":\"https:\/\/www.mopskrasnystaw.pl\/wp-content\/uploads\/2017\/07\/logo_500.jpg\",\"width\":250,\"height\":166,\"caption\":\"logo 500\"},{\"@type\":\"WebPage\",\"@id\":\"https:\/\/www.mopskrasnystaw.pl\/?page_id=2151#webpage\",\"url\":\"https:\/\/www.mopskrasnystaw.pl\/?page_id=2151\",\"name\":\"Rodzina 500+ - MOPS Krasnystaw\",\"isPartOf\":{\"@id\":\"https:\/\/www.mopskrasnystaw.pl\/#website\"},\"primaryImageOfPage\":{\"@id\":\"https:\/\/www.mopskrasnystaw.pl\/?page_id=2151#primaryimage\"},\"datePublished\":\"2021-03-03T13:17:51+00:00\",\"dateModified\":\"2022-07-05T09:22:46+00:00\",\"breadcrumb\":{\"@id\":\"https:\/\/www.mopskrasnystaw.pl\/?page_id=2151#breadcrumb\"},\"inLanguage\":\"pl-PL\",\"potentialAction\":[{\"@type\":\"ReadAction\",\"target\":[\"https:\/\/www.mopskrasnystaw.pl\/?page_id=2151\"]}]},{\"@type\":\"BreadcrumbList\",\"@id\":\"https:\/\/www.mopskrasnystaw.pl\/?page_id=2151#breadcrumb\",\"itemListElement\":[{\"@type\":\"ListItem\",\"position\":1,\"name\":\"Strona g\u0142\u00f3wna\",\"item\":\"https:\/\/www.mopskrasnystaw.pl\/\"},{\"@type\":\"ListItem\",\"position\":2,\"name\":\"Rodzina 500+\"}]}]}<\/script>\n<!-- \/ Yoast SEO plugin. -->","yoast_head_json":{"title":"Rodzina 500+ - MOPS Krasnystaw","robots":{"index":"index","follow":"follow","max-snippet":"max-snippet:-1","max-image-preview":"max-image-preview:large","max-video-preview":"max-video-preview:-1"},"canonical":"https:\/\/www.mopskrasnystaw.pl\/?page_id=2151","og_locale":"pl_PL","og_type":"article","og_title":"Rodzina 500+ - MOPS Krasnystaw","og_description":"Miejski O\u015brodek Pomocy Spo\u0142ecznej w Krasnymstawie informuje, \u017ce poni\u017csze zagadnienia reguluje ustawa z dnia 11 lutego 2016r (tekst jednolity; Dz.U. z 2019r. Poz. 2407 z p\u00f3\u017an.zm. ) o pomocy pa\u0144stwa w wychowywaniu dzieci, Rozporz\u0105dzenia Ministra Rodziny, Pracy i Polityki Spo\u0142ecznej z dnia 27 lipca 2017 r. w sprawie sposobu i trybu post\u0119powania w sprawach o [&hellip;]","og_url":"https:\/\/www.mopskrasnystaw.pl\/?page_id=2151","og_site_name":"MOPS Krasnystaw","article_modified_time":"2022-07-05T09:22:46+00:00","og_image":[{"width":250,"height":166,"url":"https:\/\/www.mopskrasnystaw.pl\/wp-content\/uploads\/2017\/07\/logo_500.jpg","type":"image\/jpeg"}],"twitter_card":"summary_large_image","twitter_misc":{"Szacowany czas czytania":"3 minuty"},"schema":{"@context":"https:\/\/schema.org","@graph":[{"@type":"WebSite","@id":"https:\/\/www.mopskrasnystaw.pl\/#website","url":"https:\/\/www.mopskrasnystaw.pl\/","name":"MOPS Krasnystaw","description":"","potentialAction":[{"@type":"SearchAction","target":{"@type":"EntryPoint","urlTemplate":"https:\/\/www.mopskrasnystaw.pl\/?s={search_term_string}"},"query-input":"required name=search_term_string"}],"inLanguage":"pl-PL"},{"@type":"ImageObject","inLanguage":"pl-PL","@id":"https:\/\/www.mopskrasnystaw.pl\/?page_id=2151#primaryimage","url":"https:\/\/www.mopskrasnystaw.pl\/wp-content\/uploads\/2017\/07\/logo_500.jpg","contentUrl":"https:\/\/www.mopskrasnystaw.pl\/wp-content\/uploads\/2017\/07\/logo_500.jpg","width":250,"height":166,"caption":"logo 500"},{"@type":"WebPage","@id":"https:\/\/www.mopskrasnystaw.pl\/?page_id=2151#webpage","url":"https:\/\/www.mopskrasnystaw.pl\/?page_id=2151","name":"Rodzina 500+ - MOPS Krasnystaw","isPartOf":{"@id":"https:\/\/www.mopskrasnystaw.pl\/#website"},"primaryImageOfPage":{"@id":"https:\/\/www.mopskrasnystaw.pl\/?page_id=2151#primaryimage"},"datePublished":"2021-03-03T13:17:51+00:00","dateModified":"2022-07-05T09:22:46+00:00","breadcrumb":{"@id":"https:\/\/www.mopskrasnystaw.pl\/?page_id=2151#breadcrumb"},"inLanguage":"pl-PL","potentialAction":[{"@type":"ReadAction","target":["https:\/\/www.mopskrasnystaw.pl\/?page_id=2151"]}]},{"@type":"BreadcrumbList","@id":"https:\/\/www.mopskrasnystaw.pl\/?page_id=2151#breadcrumb","itemListElement":[{"@type":"ListItem","position":1,"name":"Strona g\u0142\u00f3wna","item":"https:\/\/www.mopskrasnystaw.pl\/"},{"@type":"ListItem","position":2,"name":"Rodzina 500+"}]}]}},"_links":{"self":[{"href":"https:\/\/www.mopskrasnystaw.pl\/index.php?rest_route=\/wp\/v2\/pages\/2151"}],"collection":[{"href":"https:\/\/www.mopskrasnystaw.pl\/index.php?rest_route=\/wp\/v2\/pages"}],"about":[{"href":"https:\/\/www.mopskrasnystaw.pl\/index.php?rest_route=\/wp\/v2\/types\/page"}],"author":[{"embeddable":true,"href":"https:\/\/www.mopskrasnystaw.pl\/index.php?rest_route=\/wp\/v2\/users\/1"}],"replies":[{"embeddable":true,"href":"https:\/\/www.mopskrasnystaw.pl\/index.php?rest_route=%2Fwp%2Fv2%2Fcomments&post=2151"}],"version-history":[{"count":1,"href":"https:\/\/www.mopskrasnystaw.pl\/index.php?rest_route=\/wp\/v2\/pages\/2151\/revisions"}],"predecessor-version":[{"id":4067,"href":"https:\/\/www.mopskrasnystaw.pl\/index.php?rest_route=\/wp\/v2\/pages\/2151\/revisions\/4067"}],"wp:featuredmedia":[{"embeddable":true,"href":"https:\/\/www.mopskrasnystaw.pl\/index.php?rest_route=\/wp\/v2\/media\/2485"}],"wp:attachment":[{"href":"https:\/\/www.mopskrasnystaw.pl\/index.php?rest_route=%2Fwp%2Fv2%2Fmedia&parent=2151"}],"curies":[{"name":"wp","href":"https:\/\/api.w.org\/{rel}","templated":true}]}}